{"id":7781,"date":"2022-03-21T17:15:05","date_gmt":"2022-03-21T21:15:05","guid":{"rendered":"https:\/\/maison4tiers.com\/?post_type=product&#038;p=7781"},"modified":"2024-07-20T07:26:01","modified_gmt":"2024-07-20T11:26:01","slug":"animal","status":"publish","type":"product","link":"https:\/\/maison4tiers.com\/maisonnette\/product\/animal\/","title":{"rendered":"ANIMAL"},"excerpt":{"rendered":"<h4><strong>MAINTENANT EN VID\u00c9O-SUR-DEMANDE ET EN DVD !<\/strong><\/h4>\n<p>Bella et Vipulan ont 16 ans, une g\u00e9n\u00e9ration persuad\u00e9e que leur avenir est menac\u00e9. Changement climatique, sixi\u00e8me extinction de masse des esp\u00e8ces\u2026 d\u2019ici cinquante ans, leur monde pourrait devenir inhabitable. Ils ont beau alerter mais rien ne change vraiment. Alors ils d\u00e9cident de remonter \u00e0 la source du probl\u00e8me : notre relation au monde vivant.<\/p>\n<blockquote><p><em>\u00ab <strong><span style=\"font-weight: 400;\">Ce film est une merveilleuse histoire, distrayante et instructive pour tous les publics. Il redonne m\u00eame un peu d\u2019espoir.<\/span><\/strong>\u00bb<br \/>\n<\/em>\u2605\u2605\u2605\u2605<strong>\u2013 <a href=\"https:\/\/www.lefigaro.fr\/cinema\/cinema-animal-un-periple-de-la-generation-greta-20211130\" target=\"_blank\" rel=\"noopener\">LE FIGARO<\/a><\/strong><\/p>\n<p><em>\u00ab <span style=\"font-weight: 400;\">Une lucidit\u00e9 contagieuse, avec des \u00e9lans politiques, des propos percutants, des s\u00e9quences \u00e9difiantes.<\/span>\u00bb<\/em><br \/>\n\u2605\u2605\u2605\u2605<strong> \u2013 <a href=\"https:\/\/www.lavoixdunord.fr\/1107146\/article\/2021-11-30\/sortie-cine-animal-generation-sans-concession\" target=\"_blank\" rel=\"noopener\">LA VOIX DU NORD<\/a><\/strong><\/p>\n<p><em><span style=\"font-weight: 400;\">\u00ab Animal, c\u2019est un petit manuel de lutte, remarquablement film\u00e9, pour sauver le climat et la biodiversit\u00e9. Et donc les humains.\u00bb<\/span><\/em><\/p>\n<p>\u2605\u2605\u2605\u2605<strong> \u2013 <a href=\"https:\/\/www.humanite.fr\/cinema-animal-de-cyril-dion-un-manuel-de-lutte-pour-sauver-le-climat-et-la-biodiversite-729195\" target=\"_blank\" rel=\"noopener\">L&rsquo;HUMANIT\u00c9<\/a><\/strong><\/p><\/blockquote>\n<p><strong><a href=\"https:\/\/maison4tiers.com\/categorie-produit\/film\/documentaire\/\" target=\"_blank\" rel=\"noopener\">Voir les autres documentaires\u00a0<\/a><\/strong><\/p>\n<p>*Disponible au Canada seulement<\/p>\n","protected":false},"featured_media":7788,"template":"","meta":{"_acf_changed":false,"_eb_attr":""},"product_brand":[],"product_cat":[78,118,45,122,121,136,131,142],"product_tag":[176,177,188,185,179,178,180,187,181,186,183,182,184],"class_list":{"0":"post-7781","1":"product","2":"type-product","3":"status-publish","4":"has-post-thumbnail","6":"product_cat-documentaire","7":"product_cat-environnement","8":"product_cat-film","9":"product_cat-reflexion","10":"product_cat-societe","11":"product_cat-dvd","12":"product_cat-touslesfilms","13":"product_cat-numerique","14":"product_tag-animal","15":"product_tag-combat","16":"product_tag-diversite","17":"product_tag-ecologie","18":"product_tag-environnement","19":"product_tag-jane-goodall","20":"product_tag-jeunesse","21":"product_tag-monde","22":"product_tag-planete","23":"product_tag-pollution","24":"product_tag-positif","25":"product_tag-positive","26":"product_tag-positivite","27":"pa_annee-171","29":"first","30":"instock","31":"taxable","32":"shipping-taxable","33":"purchasable","34":"product-type-variable","35":"has-default-attributes"},"acf":[],"yoast_head":"<!-- This site is optimized with the Yoast SEO plugin v27.0 - https:\/\/yoast.com\/product\/yoast-seo-wordpress\/ -->\n<title>ANIMAL - Maisonnette - documentaire - VOIR MAINTENANT !<\/title>\n<meta name=\"description\" content=\"Animal - Bella et Vipulan ont 16 ans, une g\u00e9n\u00e9ration persuad\u00e9e que leur avenir est menac\u00e9. Changement climatique, sixi\u00e8me extinction de masse des esp\u00e8ces.\" \/>\n<meta name=\"robots\" content=\"noindex, follow, max-snippet:-1, max-image-preview:large, max-video-preview:-1\" \/>\n<meta property=\"og:locale\" content=\"fr_FR\" \/>\n<meta property=\"og:type\" content=\"article\" \/>\n<meta property=\"og:title\" content=\"Animal\" \/>\n<meta property=\"og:description\" content=\"Animal - Bella et Vipulan ont 16 ans, une g\u00e9n\u00e9ration persuad\u00e9e que leur avenir est menac\u00e9. Changement climatique, sixi\u00e8me extinction de masse des esp\u00e8ces.\" \/>\n<meta property=\"og:url\" content=\"https:\/\/maison4tiers.com\/maisonnette\/product\/animal\/\" \/>\n<meta property=\"og:site_name\" content=\"Maisonnette\" \/>\n<meta property=\"article:modified_time\" content=\"2024-07-20T11:26:01+00:00\" \/>\n<meta property=\"og:image\" content=\"https:\/\/maison4tiers.com\/maisonnette\/wp-content\/uploads\/sites\/77\/2022\/03\/Animal_affiche_15avril-scaled.jpg\" \/>\n\t<meta property=\"og:image:width\" content=\"1772\" \/>\n\t<meta property=\"og:image:height\" content=\"2560\" \/>\n\t<meta property=\"og:image:type\" content=\"image\/jpeg\" \/>\n<meta name=\"twitter:card\" content=\"summary_large_image\" \/>\n<meta name=\"twitter:title\" content=\"Animal\" \/>\n<meta name=\"twitter:description\" content=\"Animal - Bella et Vipulan ont 16 ans, une g\u00e9n\u00e9ration persuad\u00e9e que leur avenir est menac\u00e9. Changement climatique, sixi\u00e8me extinction de masse des esp\u00e8ces.\" \/>\n<meta name=\"twitter:image\" content=\"https:\/\/maison4tiers.com\/maisonnette\/wp-content\/uploads\/sites\/77\/2022\/03\/Animal_affiche_15avril-scaled.jpg\" \/>\n<script type=\"application\/ld+json\" class=\"yoast-schema-graph\">{\"@context\":\"https:\/\/schema.org\",\"@graph\":[{\"@type\":\"WebPage\",\"@id\":\"https:\/\/maison4tiers.com\/maisonnette\/product\/animal\/\",\"url\":\"https:\/\/maison4tiers.com\/maisonnette\/product\/animal\/\",\"name\":\"ANIMAL - Maisonnette - documentaire - VOIR MAINTENANT !\",\"isPartOf\":{\"@id\":\"https:\/\/maison4tiers.com\/maisonnette\/#website\"},\"primaryImageOfPage\":{\"@id\":\"https:\/\/maison4tiers.com\/maisonnette\/product\/animal\/#primaryimage\"},\"image\":{\"@id\":\"https:\/\/maison4tiers.com\/maisonnette\/product\/animal\/#primaryimage\"},\"thumbnailUrl\":\"https:\/\/maison4tiers.com\/maisonnette\/wp-content\/uploads\/sites\/77\/2022\/03\/Animal_affiche_15avril-scaled.jpg\",\"datePublished\":\"2022-03-21T21:15:05+00:00\",\"dateModified\":\"2024-07-20T11:26:01+00:00\",\"description\":\"Animal - Bella et Vipulan ont 16 ans, une g\u00e9n\u00e9ration persuad\u00e9e que leur avenir est menac\u00e9. Changement climatique, sixi\u00e8me extinction de masse des esp\u00e8ces.\",\"breadcrumb\":{\"@id\":\"https:\/\/maison4tiers.com\/maisonnette\/product\/animal\/#breadcrumb\"},\"inLanguage\":\"fr-FR\",\"potentialAction\":[{\"@type\":\"ReadAction\",\"target\":[\"https:\/\/maison4tiers.com\/maisonnette\/product\/animal\/\"]}]},{\"@type\":\"ImageObject\",\"inLanguage\":\"fr-FR\",\"@id\":\"https:\/\/maison4tiers.com\/maisonnette\/product\/animal\/#primaryimage\",\"url\":\"https:\/\/maison4tiers.com\/maisonnette\/wp-content\/uploads\/sites\/77\/2022\/03\/Animal_affiche_15avril-scaled.jpg\",\"contentUrl\":\"https:\/\/maison4tiers.com\/maisonnette\/wp-content\/uploads\/sites\/77\/2022\/03\/Animal_affiche_15avril-scaled.jpg\",\"width\":1772,\"height\":2560,\"caption\":\"Animal\"},{\"@type\":\"BreadcrumbList\",\"@id\":\"https:\/\/maison4tiers.com\/maisonnette\/product\/animal\/#breadcrumb\",\"itemListElement\":[{\"@type\":\"ListItem\",\"position\":1,\"name\":\"Home\",\"item\":\"https:\/\/maison4tiers.com\/maisonnette\/\"},{\"@type\":\"ListItem\",\"position\":2,\"name\":\"Films\",\"item\":\"https:\/\/maison4tiers.com\/maisonnette\/?page_id=35\"},{\"@type\":\"ListItem\",\"position\":3,\"name\":\"ANIMAL\"}]},{\"@type\":\"WebSite\",\"@id\":\"https:\/\/maison4tiers.com\/maisonnette\/#website\",\"url\":\"https:\/\/maison4tiers.com\/maisonnette\/\",\"name\":\"Maisonnette\",\"description\":\"Distribution multiplateforme de films qu\u00e9b\u00e9cois et internationaux\",\"publisher\":{\"@id\":\"https:\/\/maison4tiers.com\/maisonnette\/#organization\"},\"potentialAction\":[{\"@type\":\"SearchAction\",\"target\":{\"@type\":\"EntryPoint\",\"urlTemplate\":\"https:\/\/maison4tiers.com\/maisonnette\/?s={search_term_string}\"},\"query-input\":{\"@type\":\"PropertyValueSpecification\",\"valueRequired\":true,\"valueName\":\"search_term_string\"}}],\"inLanguage\":\"fr-FR\"},{\"@type\":\"Organization\",\"@id\":\"https:\/\/maison4tiers.com\/maisonnette\/#organization\",\"name\":\"Maisonnette\",\"url\":\"https:\/\/maison4tiers.com\/maisonnette\/\",\"logo\":{\"@type\":\"ImageObject\",\"inLanguage\":\"fr-FR\",\"@id\":\"https:\/\/maison4tiers.com\/maisonnette\/#\/schema\/logo\/image\/\",\"url\":\"https:\/\/maison4tiers.com\/maisonnette\/wp-content\/uploads\/sites\/77\/2020\/11\/favicon-196.png\",\"contentUrl\":\"https:\/\/maison4tiers.com\/maisonnette\/wp-content\/uploads\/sites\/77\/2020\/11\/favicon-196.png\",\"width\":196,\"height\":196,\"caption\":\"Maisonnette\"},\"image\":{\"@id\":\"https:\/\/maison4tiers.com\/maisonnette\/#\/schema\/logo\/image\/\"}}]}<\/script>\n<!-- \/ Yoast SEO plugin. -->","yoast_head_json":{"title":"ANIMAL - Maisonnette - documentaire - VOIR MAINTENANT !","description":"Animal - Bella et Vipulan ont 16 ans, une g\u00e9n\u00e9ration persuad\u00e9e que leur avenir est menac\u00e9. Changement climatique, sixi\u00e8me extinction de masse des esp\u00e8ces.","robots":{"index":"noindex","follow":"follow","max-snippet":"max-snippet:-1","max-image-preview":"max-image-preview:large","max-video-preview":"max-video-preview:-1"},"og_locale":"fr_FR","og_type":"article","og_title":"Animal","og_description":"Animal - Bella et Vipulan ont 16 ans, une g\u00e9n\u00e9ration persuad\u00e9e que leur avenir est menac\u00e9. Changement climatique, sixi\u00e8me extinction de masse des esp\u00e8ces.","og_url":"https:\/\/maison4tiers.com\/maisonnette\/product\/animal\/","og_site_name":"Maisonnette","article_modified_time":"2024-07-20T11:26:01+00:00","og_image":[{"width":1772,"height":2560,"url":"https:\/\/maison4tiers.com\/maisonnette\/wp-content\/uploads\/sites\/77\/2022\/03\/Animal_affiche_15avril-scaled.jpg","type":"image\/jpeg"}],"twitter_card":"summary_large_image","twitter_title":"Animal","twitter_description":"Animal - Bella et Vipulan ont 16 ans, une g\u00e9n\u00e9ration persuad\u00e9e que leur avenir est menac\u00e9. Changement climatique, sixi\u00e8me extinction de masse des esp\u00e8ces.","twitter_image":"https:\/\/maison4tiers.com\/maisonnette\/wp-content\/uploads\/sites\/77\/2022\/03\/Animal_affiche_15avril-scaled.jpg","schema":{"@context":"https:\/\/schema.org","@graph":[{"@type":"WebPage","@id":"https:\/\/maison4tiers.com\/maisonnette\/product\/animal\/","url":"https:\/\/maison4tiers.com\/maisonnette\/product\/animal\/","name":"ANIMAL - Maisonnette - documentaire - VOIR MAINTENANT !","isPartOf":{"@id":"https:\/\/maison4tiers.com\/maisonnette\/#website"},"primaryImageOfPage":{"@id":"https:\/\/maison4tiers.com\/maisonnette\/product\/animal\/#primaryimage"},"image":{"@id":"https:\/\/maison4tiers.com\/maisonnette\/product\/animal\/#primaryimage"},"thumbnailUrl":"https:\/\/maison4tiers.com\/maisonnette\/wp-content\/uploads\/sites\/77\/2022\/03\/Animal_affiche_15avril-scaled.jpg","datePublished":"2022-03-21T21:15:05+00:00","dateModified":"2024-07-20T11:26:01+00:00","description":"Animal - Bella et Vipulan ont 16 ans, une g\u00e9n\u00e9ration persuad\u00e9e que leur avenir est menac\u00e9. Changement climatique, sixi\u00e8me extinction de masse des esp\u00e8ces.","breadcrumb":{"@id":"https:\/\/maison4tiers.com\/maisonnette\/product\/animal\/#breadcrumb"},"inLanguage":"fr-FR","potentialAction":[{"@type":"ReadAction","target":["https:\/\/maison4tiers.com\/maisonnette\/product\/animal\/"]}]},{"@type":"ImageObject","inLanguage":"fr-FR","@id":"https:\/\/maison4tiers.com\/maisonnette\/product\/animal\/#primaryimage","url":"https:\/\/maison4tiers.com\/maisonnette\/wp-content\/uploads\/sites\/77\/2022\/03\/Animal_affiche_15avril-scaled.jpg","contentUrl":"https:\/\/maison4tiers.com\/maisonnette\/wp-content\/uploads\/sites\/77\/2022\/03\/Animal_affiche_15avril-scaled.jpg","width":1772,"height":2560,"caption":"Animal"},{"@type":"BreadcrumbList","@id":"https:\/\/maison4tiers.com\/maisonnette\/product\/animal\/#breadcrumb","itemListElement":[{"@type":"ListItem","position":1,"name":"Home","item":"https:\/\/maison4tiers.com\/maisonnette\/"},{"@type":"ListItem","position":2,"name":"Films","item":"https:\/\/maison4tiers.com\/maisonnette\/?page_id=35"},{"@type":"ListItem","position":3,"name":"ANIMAL"}]},{"@type":"WebSite","@id":"https:\/\/maison4tiers.com\/maisonnette\/#website","url":"https:\/\/maison4tiers.com\/maisonnette\/","name":"Maisonnette","description":"Distribution multiplateforme de films qu\u00e9b\u00e9cois et internationaux","publisher":{"@id":"https:\/\/maison4tiers.com\/maisonnette\/#organization"},"potentialAction":[{"@type":"SearchAction","target":{"@type":"EntryPoint","urlTemplate":"https:\/\/maison4tiers.com\/maisonnette\/?s={search_term_string}"},"query-input":{"@type":"PropertyValueSpecification","valueRequired":true,"valueName":"search_term_string"}}],"inLanguage":"fr-FR"},{"@type":"Organization","@id":"https:\/\/maison4tiers.com\/maisonnette\/#organization","name":"Maisonnette","url":"https:\/\/maison4tiers.com\/maisonnette\/","logo":{"@type":"ImageObject","inLanguage":"fr-FR","@id":"https:\/\/maison4tiers.com\/maisonnette\/#\/schema\/logo\/image\/","url":"https:\/\/maison4tiers.com\/maisonnette\/wp-content\/uploads\/sites\/77\/2020\/11\/favicon-196.png","contentUrl":"https:\/\/maison4tiers.com\/maisonnette\/wp-content\/uploads\/sites\/77\/2020\/11\/favicon-196.png","width":196,"height":196,"caption":"Maisonnette"},"image":{"@id":"https:\/\/maison4tiers.com\/maisonnette\/#\/schema\/logo\/image\/"}}]}},"jetpack_sharing_enabled":true,"_links":{"self":[{"href":"https:\/\/maison4tiers.com\/maisonnette\/wp-json\/wp\/v2\/product\/7781","targetHints":{"allow":["GET"]}}],"collection":[{"href":"https:\/\/maison4tiers.com\/maisonnette\/wp-json\/wp\/v2\/product"}],"about":[{"href":"https:\/\/maison4tiers.com\/maisonnette\/wp-json\/wp\/v2\/types\/product"}],"wp:featuredmedia":[{"embeddable":true,"href":"https:\/\/maison4tiers.com\/maisonnette\/wp-json\/wp\/v2\/media\/7788"}],"wp:attachment":[{"href":"https:\/\/maison4tiers.com\/maisonnette\/wp-json\/wp\/v2\/media?parent=7781"}],"wp:term":[{"taxonomy":"product_brand","embeddable":true,"href":"https:\/\/maison4tiers.com\/maisonnette\/wp-json\/wp\/v2\/product_brand?post=7781"},{"taxonomy":"product_cat","embeddable":true,"href":"https:\/\/maison4tiers.com\/maisonnette\/wp-json\/wp\/v2\/product_cat?post=7781"},{"taxonomy":"product_tag","embeddable":true,"href":"https:\/\/maison4tiers.com\/maisonnette\/wp-json\/wp\/v2\/product_tag?post=7781"}],"curies":[{"name":"wp","href":"https:\/\/api.w.org\/{rel}","templated":true}]}}