{"id":5649,"date":"2021-03-03T17:42:16","date_gmt":"2021-03-03T21:42:16","guid":{"rendered":"https:\/\/maison4tiers.com\/?post_type=product&#038;p=5649"},"modified":"2023-08-09T08:03:27","modified_gmt":"2023-08-09T12:03:27","slug":"felix-et-le-tresor-de-morgaa","status":"publish","type":"product","link":"https:\/\/maison4tiers.com\/maisonnette\/product\/felix-et-le-tresor-de-morgaa\/","title":{"rendered":"F\u00e9lix et le tr\u00e9sor de Morg\u00e4a"},"excerpt":{"rendered":"<p>Convaincu que son p\u00e8re disparu en mer deux ans plus t\u00f4t est toujours vivant, F\u00e9lix, 12 ans, part \u00e0 sa recherche en compagnie du vieux Tom, un marin \u00e0 la retraite, Quack, le perroquet voleur \u00e0 la tire unijambiste et Ulysse, le chat qui se comporte comme un chien. Leur p\u00e9riple les conduit jusqu\u2019\u00e0 l\u2019Ile-de-la-Nuit-\u00c9ternelle, dans une cit\u00e9 souterraine o\u00f9 se cache une soci\u00e9t\u00e9 secr\u00e8te dirig\u00e9e par la m\u00e9galomane Morg\u00e4a, d\u00e9tentrice d\u2019un tr\u00e9sor.<\/p>\n<blockquote><p><em>\u00ab Une ambiance \u00e0 la fois rassurante et myst\u00e9rieuse, apaisante et \u00e9nergique.\u00bb<br \/>\n<\/em><strong>\u2013 <a href=\"https:\/\/www.journaldemontreal.com\/2021\/02\/27\/felix-et-le-tresor-de-morgaa-un-film-pour-toute-la-famille\" target=\"_blank\" rel=\"noopener\">LE JOURNAL DE MONTR\u00c9AL<\/a><\/strong><\/p><\/blockquote>\n<p><strong>Voici quelques activit\u00e9s pour enfants, parents et professeurs et des id\u00e9es-cadeaux qui pourrait vous int\u00e9resser :<\/strong><\/p>\n<ul>\n<li><span style=\"text-decoration: underline;\"><a href=\"https:\/\/maison4tiers.com\/wp-content\/uploads\/sites\/75\/2021\/03\/FelixTresorMorgaa_CahierActivites_Maison2021_compressed-copie.pdf\" target=\"_blank\" rel=\"noopener\">Cahier d&rsquo;activit\u00e9s pour enfants<\/a><\/span><\/li>\n<li><span style=\"text-decoration: underline;\"><a href=\"https:\/\/maison4tiers.com\/wp-content\/uploads\/sites\/75\/2021\/03\/FelixTresorMorgaa_Cahier-Pedagogique_Maison2021_compressed.pdf\" target=\"_blank\" rel=\"noopener\">Guide p\u00e9dagogique pour professeurs et parents<\/a><\/span><\/li>\n<li><span style=\"text-decoration: underline;\"><a href=\"https:\/\/www.boutique10ave.com\/collections\/all\" target=\"_blank\" rel=\"noopener\">Boutique en ligne : d\u00e9couvrez les tr\u00e9sors de F\u00e9lix<\/a><\/span><\/li>\n<\/ul>\n<p><a href=\"https:\/\/maison4tiers.com\/categorie-produit\/film\/animation\/\" target=\"_blank\" rel=\"noopener\"><span style=\"text-decoration: underline;\"><strong>Voir les autres films d&rsquo;animation<\/strong><\/span><\/a><\/p>\n<p>&nbsp;<\/p>\n<p class=\"p1\"><strong>*Disponible au Canada seulement<\/strong><\/p>\n","protected":false},"featured_media":7424,"template":"","meta":{"_acf_changed":false,"_eb_attr":""},"product_brand":[],"product_cat":[113,149,123,45,119,136,131,142],"product_tag":[388,380,391,222,328,387,386,385,394,393,389,390,189,392],"class_list":{"0":"post-5649","1":"product","2":"type-product","3":"status-publish","4":"has-post-thumbnail","6":"product_cat-animation","7":"product_cat-promotion","8":"product_cat-famille","9":"product_cat-film","10":"product_cat-quebecois","11":"product_cat-dvd","12":"product_cat-touslesfilms","13":"product_cat-numerique","14":"product_tag-animation","15":"product_tag-aventure","16":"product_tag-bateau","17":"product_tag-enfant","18":"product_tag-famille","19":"product_tag-felix","20":"product_tag-felix-et-le-tresor","21":"product_tag-felix-et-le-tresor-de-morgaa","22":"product_tag-gaspesie","23":"product_tag-marin","24":"product_tag-mer","25":"product_tag-ocean","26":"product_tag-quebec","27":"product_tag-tresor","29":"first","30":"instock","31":"taxable","32":"shipping-taxable","33":"purchasable","34":"product-type-variable"},"acf":[],"yoast_head":"<!-- This site is optimized with the Yoast SEO plugin v27.0 - https:\/\/yoast.com\/product\/yoast-seo-wordpress\/ -->\n<title>F\u00e9lix et le tr\u00e9sor de Morg\u00e4a - Film d&#039;animation qu\u00e9b\u00e9cois - Maisonnette -<\/title>\n<meta name=\"description\" content=\"Convaincu que son p\u00e8re disparu en mer deux ans plus t\u00f4t est toujours vivant, F\u00e9lix, 12 ans, part \u00e0 sa recherche en compagnie du vieux Tom.\" \/>\n<meta name=\"robots\" content=\"noindex, follow, max-snippet:-1, max-image-preview:large, max-video-preview:-1\" \/>\n<meta property=\"og:locale\" content=\"fr_FR\" \/>\n<meta property=\"og:type\" content=\"article\" \/>\n<meta property=\"og:title\" content=\"F\u00e9lix et le tr\u00e9sor de Morg\u00e4a\" \/>\n<meta property=\"og:description\" content=\"Convaincu que son p\u00e8re disparu en mer deux ans plus t\u00f4t est toujours vivant, F\u00e9lix, 12 ans, part \u00e0 sa recherche en compagnie du vieux Tom.\" \/>\n<meta property=\"og:url\" content=\"https:\/\/maison4tiers.com\/maisonnette\/product\/felix-et-le-tresor-de-morgaa\/\" \/>\n<meta property=\"og:site_name\" content=\"Maisonnette\" \/>\n<meta property=\"article:modified_time\" content=\"2023-08-09T12:03:27+00:00\" \/>\n<meta property=\"og:image\" content=\"https:\/\/maison4tiers.com\/maisonnette\/wp-content\/uploads\/sites\/77\/2021\/03\/36.jpg\" \/>\n\t<meta property=\"og:image:width\" content=\"800\" \/>\n\t<meta property=\"og:image:height\" content=\"1200\" \/>\n\t<meta property=\"og:image:type\" content=\"image\/jpeg\" \/>\n<meta name=\"twitter:card\" content=\"summary_large_image\" \/>\n<meta name=\"twitter:title\" content=\"F\u00e9lix et le tr\u00e9sor de Morg\u00e4a\" \/>\n<meta name=\"twitter:description\" content=\"Convaincu que son p\u00e8re disparu en mer deux ans plus t\u00f4t est toujours vivant, F\u00e9lix, 12 ans, part \u00e0 sa recherche en compagnie du vieux Tom.\" \/>\n<meta name=\"twitter:image\" content=\"https:\/\/maison4tiers.com\/maisonnette\/wp-content\/uploads\/sites\/77\/2021\/03\/36.jpg\" \/>\n<script type=\"application\/ld+json\" class=\"yoast-schema-graph\">{\"@context\":\"https:\/\/schema.org\",\"@graph\":[{\"@type\":\"WebPage\",\"@id\":\"https:\/\/maison4tiers.com\/maisonnette\/product\/felix-et-le-tresor-de-morgaa\/\",\"url\":\"https:\/\/maison4tiers.com\/maisonnette\/product\/felix-et-le-tresor-de-morgaa\/\",\"name\":\"F\u00e9lix et le tr\u00e9sor de Morg\u00e4a - Film d'animation qu\u00e9b\u00e9cois - Maisonnette -\",\"isPartOf\":{\"@id\":\"https:\/\/maison4tiers.com\/maisonnette\/#website\"},\"primaryImageOfPage\":{\"@id\":\"https:\/\/maison4tiers.com\/maisonnette\/product\/felix-et-le-tresor-de-morgaa\/#primaryimage\"},\"image\":{\"@id\":\"https:\/\/maison4tiers.com\/maisonnette\/product\/felix-et-le-tresor-de-morgaa\/#primaryimage\"},\"thumbnailUrl\":\"https:\/\/maison4tiers.com\/maisonnette\/wp-content\/uploads\/sites\/77\/2021\/03\/36.jpg\",\"datePublished\":\"2021-03-03T21:42:16+00:00\",\"dateModified\":\"2023-08-09T12:03:27+00:00\",\"description\":\"Convaincu que son p\u00e8re disparu en mer deux ans plus t\u00f4t est toujours vivant, F\u00e9lix, 12 ans, part \u00e0 sa recherche en compagnie du vieux Tom.\",\"breadcrumb\":{\"@id\":\"https:\/\/maison4tiers.com\/maisonnette\/product\/felix-et-le-tresor-de-morgaa\/#breadcrumb\"},\"inLanguage\":\"fr-FR\",\"potentialAction\":[{\"@type\":\"ReadAction\",\"target\":[\"https:\/\/maison4tiers.com\/maisonnette\/product\/felix-et-le-tresor-de-morgaa\/\"]}]},{\"@type\":\"ImageObject\",\"inLanguage\":\"fr-FR\",\"@id\":\"https:\/\/maison4tiers.com\/maisonnette\/product\/felix-et-le-tresor-de-morgaa\/#primaryimage\",\"url\":\"https:\/\/maison4tiers.com\/maisonnette\/wp-content\/uploads\/sites\/77\/2021\/03\/36.jpg\",\"contentUrl\":\"https:\/\/maison4tiers.com\/maisonnette\/wp-content\/uploads\/sites\/77\/2021\/03\/36.jpg\",\"width\":800,\"height\":1200,\"caption\":\"F\u00e9lix et le tr\u00e9sor de Morg\u00e4a\"},{\"@type\":\"BreadcrumbList\",\"@id\":\"https:\/\/maison4tiers.com\/maisonnette\/product\/felix-et-le-tresor-de-morgaa\/#breadcrumb\",\"itemListElement\":[{\"@type\":\"ListItem\",\"position\":1,\"name\":\"Home\",\"item\":\"https:\/\/maison4tiers.com\/maisonnette\/\"},{\"@type\":\"ListItem\",\"position\":2,\"name\":\"Films\",\"item\":\"https:\/\/maison4tiers.com\/maisonnette\/?page_id=35\"},{\"@type\":\"ListItem\",\"position\":3,\"name\":\"F\u00e9lix et le tr\u00e9sor de Morg\u00e4a\"}]},{\"@type\":\"WebSite\",\"@id\":\"https:\/\/maison4tiers.com\/maisonnette\/#website\",\"url\":\"https:\/\/maison4tiers.com\/maisonnette\/\",\"name\":\"Maisonnette\",\"description\":\"Distribution multiplateforme de films qu\u00e9b\u00e9cois et internationaux\",\"publisher\":{\"@id\":\"https:\/\/maison4tiers.com\/maisonnette\/#organization\"},\"potentialAction\":[{\"@type\":\"SearchAction\",\"target\":{\"@type\":\"EntryPoint\",\"urlTemplate\":\"https:\/\/maison4tiers.com\/maisonnette\/?s={search_term_string}\"},\"query-input\":{\"@type\":\"PropertyValueSpecification\",\"valueRequired\":true,\"valueName\":\"search_term_string\"}}],\"inLanguage\":\"fr-FR\"},{\"@type\":\"Organization\",\"@id\":\"https:\/\/maison4tiers.com\/maisonnette\/#organization\",\"name\":\"Maisonnette\",\"url\":\"https:\/\/maison4tiers.com\/maisonnette\/\",\"logo\":{\"@type\":\"ImageObject\",\"inLanguage\":\"fr-FR\",\"@id\":\"https:\/\/maison4tiers.com\/maisonnette\/#\/schema\/logo\/image\/\",\"url\":\"https:\/\/maison4tiers.com\/maisonnette\/wp-content\/uploads\/sites\/77\/2020\/11\/favicon-196.png\",\"contentUrl\":\"https:\/\/maison4tiers.com\/maisonnette\/wp-content\/uploads\/sites\/77\/2020\/11\/favicon-196.png\",\"width\":196,\"height\":196,\"caption\":\"Maisonnette\"},\"image\":{\"@id\":\"https:\/\/maison4tiers.com\/maisonnette\/#\/schema\/logo\/image\/\"}}]}<\/script>\n<!-- \/ Yoast SEO plugin. -->","yoast_head_json":{"title":"F\u00e9lix et le tr\u00e9sor de Morg\u00e4a - Film d'animation qu\u00e9b\u00e9cois - Maisonnette -","description":"Convaincu que son p\u00e8re disparu en mer deux ans plus t\u00f4t est toujours vivant, F\u00e9lix, 12 ans, part \u00e0 sa recherche en compagnie du vieux Tom.","robots":{"index":"noindex","follow":"follow","max-snippet":"max-snippet:-1","max-image-preview":"max-image-preview:large","max-video-preview":"max-video-preview:-1"},"og_locale":"fr_FR","og_type":"article","og_title":"F\u00e9lix et le tr\u00e9sor de Morg\u00e4a","og_description":"Convaincu que son p\u00e8re disparu en mer deux ans plus t\u00f4t est toujours vivant, F\u00e9lix, 12 ans, part \u00e0 sa recherche en compagnie du vieux Tom.","og_url":"https:\/\/maison4tiers.com\/maisonnette\/product\/felix-et-le-tresor-de-morgaa\/","og_site_name":"Maisonnette","article_modified_time":"2023-08-09T12:03:27+00:00","og_image":[{"width":800,"height":1200,"url":"https:\/\/maison4tiers.com\/maisonnette\/wp-content\/uploads\/sites\/77\/2021\/03\/36.jpg","type":"image\/jpeg"}],"twitter_card":"summary_large_image","twitter_title":"F\u00e9lix et le tr\u00e9sor de Morg\u00e4a","twitter_description":"Convaincu que son p\u00e8re disparu en mer deux ans plus t\u00f4t est toujours vivant, F\u00e9lix, 12 ans, part \u00e0 sa recherche en compagnie du vieux Tom.","twitter_image":"https:\/\/maison4tiers.com\/maisonnette\/wp-content\/uploads\/sites\/77\/2021\/03\/36.jpg","schema":{"@context":"https:\/\/schema.org","@graph":[{"@type":"WebPage","@id":"https:\/\/maison4tiers.com\/maisonnette\/product\/felix-et-le-tresor-de-morgaa\/","url":"https:\/\/maison4tiers.com\/maisonnette\/product\/felix-et-le-tresor-de-morgaa\/","name":"F\u00e9lix et le tr\u00e9sor de Morg\u00e4a - Film d'animation qu\u00e9b\u00e9cois - Maisonnette -","isPartOf":{"@id":"https:\/\/maison4tiers.com\/maisonnette\/#website"},"primaryImageOfPage":{"@id":"https:\/\/maison4tiers.com\/maisonnette\/product\/felix-et-le-tresor-de-morgaa\/#primaryimage"},"image":{"@id":"https:\/\/maison4tiers.com\/maisonnette\/product\/felix-et-le-tresor-de-morgaa\/#primaryimage"},"thumbnailUrl":"https:\/\/maison4tiers.com\/maisonnette\/wp-content\/uploads\/sites\/77\/2021\/03\/36.jpg","datePublished":"2021-03-03T21:42:16+00:00","dateModified":"2023-08-09T12:03:27+00:00","description":"Convaincu que son p\u00e8re disparu en mer deux ans plus t\u00f4t est toujours vivant, F\u00e9lix, 12 ans, part \u00e0 sa recherche en compagnie du vieux Tom.","breadcrumb":{"@id":"https:\/\/maison4tiers.com\/maisonnette\/product\/felix-et-le-tresor-de-morgaa\/#breadcrumb"},"inLanguage":"fr-FR","potentialAction":[{"@type":"ReadAction","target":["https:\/\/maison4tiers.com\/maisonnette\/product\/felix-et-le-tresor-de-morgaa\/"]}]},{"@type":"ImageObject","inLanguage":"fr-FR","@id":"https:\/\/maison4tiers.com\/maisonnette\/product\/felix-et-le-tresor-de-morgaa\/#primaryimage","url":"https:\/\/maison4tiers.com\/maisonnette\/wp-content\/uploads\/sites\/77\/2021\/03\/36.jpg","contentUrl":"https:\/\/maison4tiers.com\/maisonnette\/wp-content\/uploads\/sites\/77\/2021\/03\/36.jpg","width":800,"height":1200,"caption":"F\u00e9lix et le tr\u00e9sor de Morg\u00e4a"},{"@type":"BreadcrumbList","@id":"https:\/\/maison4tiers.com\/maisonnette\/product\/felix-et-le-tresor-de-morgaa\/#breadcrumb","itemListElement":[{"@type":"ListItem","position":1,"name":"Home","item":"https:\/\/maison4tiers.com\/maisonnette\/"},{"@type":"ListItem","position":2,"name":"Films","item":"https:\/\/maison4tiers.com\/maisonnette\/?page_id=35"},{"@type":"ListItem","position":3,"name":"F\u00e9lix et le tr\u00e9sor de Morg\u00e4a"}]},{"@type":"WebSite","@id":"https:\/\/maison4tiers.com\/maisonnette\/#website","url":"https:\/\/maison4tiers.com\/maisonnette\/","name":"Maisonnette","description":"Distribution multiplateforme de films qu\u00e9b\u00e9cois et internationaux","publisher":{"@id":"https:\/\/maison4tiers.com\/maisonnette\/#organization"},"potentialAction":[{"@type":"SearchAction","target":{"@type":"EntryPoint","urlTemplate":"https:\/\/maison4tiers.com\/maisonnette\/?s={search_term_string}"},"query-input":{"@type":"PropertyValueSpecification","valueRequired":true,"valueName":"search_term_string"}}],"inLanguage":"fr-FR"},{"@type":"Organization","@id":"https:\/\/maison4tiers.com\/maisonnette\/#organization","name":"Maisonnette","url":"https:\/\/maison4tiers.com\/maisonnette\/","logo":{"@type":"ImageObject","inLanguage":"fr-FR","@id":"https:\/\/maison4tiers.com\/maisonnette\/#\/schema\/logo\/image\/","url":"https:\/\/maison4tiers.com\/maisonnette\/wp-content\/uploads\/sites\/77\/2020\/11\/favicon-196.png","contentUrl":"https:\/\/maison4tiers.com\/maisonnette\/wp-content\/uploads\/sites\/77\/2020\/11\/favicon-196.png","width":196,"height":196,"caption":"Maisonnette"},"image":{"@id":"https:\/\/maison4tiers.com\/maisonnette\/#\/schema\/logo\/image\/"}}]}},"jetpack_sharing_enabled":true,"_links":{"self":[{"href":"https:\/\/maison4tiers.com\/maisonnette\/wp-json\/wp\/v2\/product\/5649","targetHints":{"allow":["GET"]}}],"collection":[{"href":"https:\/\/maison4tiers.com\/maisonnette\/wp-json\/wp\/v2\/product"}],"about":[{"href":"https:\/\/maison4tiers.com\/maisonnette\/wp-json\/wp\/v2\/types\/product"}],"wp:featuredmedia":[{"embeddable":true,"href":"https:\/\/maison4tiers.com\/maisonnette\/wp-json\/wp\/v2\/media\/7424"}],"wp:attachment":[{"href":"https:\/\/maison4tiers.com\/maisonnette\/wp-json\/wp\/v2\/media?parent=5649"}],"wp:term":[{"taxonomy":"product_brand","embeddable":true,"href":"https:\/\/maison4tiers.com\/maisonnette\/wp-json\/wp\/v2\/product_brand?post=5649"},{"taxonomy":"product_cat","embeddable":true,"href":"https:\/\/maison4tiers.com\/maisonnette\/wp-json\/wp\/v2\/product_cat?post=5649"},{"taxonomy":"product_tag","embeddable":true,"href":"https:\/\/maison4tiers.com\/maisonnette\/wp-json\/wp\/v2\/product_tag?post=5649"}],"curies":[{"name":"wp","href":"https:\/\/api.w.org\/{rel}","templated":true}]}}