{"id":4538,"date":"2019-01-06T00:00:38","date_gmt":"2019-01-06T04:00:38","guid":{"rendered":"https:\/\/maison4tiers.com\/?post_type=product&#038;p=4538"},"modified":"2023-03-19T19:03:18","modified_gmt":"2023-03-19T23:03:18","slug":"la-langue-est-donc-une-histoire-damour","status":"publish","type":"product","link":"https:\/\/maison4tiers.com\/maisonnette\/product\/la-langue-est-donc-une-histoire-damour\/","title":{"rendered":"La Langue est donc une histoire d&rsquo;amour"},"excerpt":{"rendered":"<p>Une classe pas comme les autres, celle de madame Loiseau, qui transmet le fran\u00e7ais \u00e0 des arrivants adultes, certains illettr\u00e9s. Avides d\u2019\u00e9tudier, d\u2019apprendre, de trouver du travail, et d\u2019\u00e9lever leur famille paisiblement, leurs histoires de douleur et d\u2019espoir convergent dans la classe de cette enseignante-orchestre qui incarne humanit\u00e9, altruisme et d\u00e9vouement.<\/p>\n<p>Prix du meilleur documentaire au FICFA<\/p>\n<blockquote><p><em>\u00ab Noble et n\u00e9cessaire. Un long m\u00e9trage documentaire d\u2019une grande noblesse. Le r\u00e9alisateur Andres Livov l\u2019a tourn\u00e9 avec beaucoup d\u2019humanit\u00e9 \u00bb<\/em><\/p>\n<p><strong>\u2013 <a href=\"https:\/\/www.lapresse.ca\/cinema\/critiques\/2019-10-11\/la-langue-est-donc-une-histoire-d-amour-noble-necessaire-et-soporifique\" target=\"_blank\" rel=\"noopener\">LA PRESSE<\/a><\/strong><\/p><\/blockquote>\n<p><a href=\"https:\/\/maison4tiers.com\/categorie-produit\/film\/documentaire\/\" target=\"_blank\" rel=\"noopener\"><strong><span style=\"text-decoration: underline;\">Voir les autres documentaires<\/span><\/strong><\/a><\/p>\n<p>&nbsp;<\/p>\n<p><strong>*Film disponible au Canada seulement<\/strong><\/p>\n","protected":false},"featured_media":7458,"template":"","meta":{"_acf_changed":false,"_eb_attr":""},"product_brand":[],"product_cat":[78,45,119,121,136,131,142],"product_tag":[],"class_list":{"0":"post-4538","1":"product","2":"type-product","3":"status-publish","4":"has-post-thumbnail","6":"product_cat-documentaire","7":"product_cat-film","8":"product_cat-quebecois","9":"product_cat-societe","10":"product_cat-dvd","11":"product_cat-touslesfilms","12":"product_cat-numerique","13":"product_shipping_class-livraison","15":"first","16":"instock","17":"taxable","18":"shipping-taxable","19":"purchasable","20":"product-type-variable","21":"has-default-attributes"},"acf":[],"yoast_head":"<!-- This site is optimized with the Yoast SEO plugin v27.0 - https:\/\/yoast.com\/product\/yoast-seo-wordpress\/ -->\n<title>La Langue est donc une histoire d&#039;amour - Documentaire - Maisonnette -<\/title>\n<meta name=\"description\" content=\"Une classe pas comme les autres, celle de madame Loiseau, qui transmet la langue fran\u00e7aise \u00e0 des arrivants adultes, certains illettr\u00e9s.\" \/>\n<meta name=\"robots\" content=\"noindex, follow, max-snippet:-1, max-image-preview:large, max-video-preview:-1\" \/>\n<meta property=\"og:locale\" content=\"fr_FR\" \/>\n<meta property=\"og:type\" content=\"article\" \/>\n<meta property=\"og:title\" content=\"La Langue est donc une histoire d&#039;amour\" \/>\n<meta property=\"og:description\" content=\"Une classe pas comme les autres, celle de madame Loiseau, qui transmet la langue fran\u00e7aise \u00e0 des arrivants adultes, certains illettr\u00e9s.\" \/>\n<meta property=\"og:url\" content=\"https:\/\/maison4tiers.com\/maisonnette\/product\/la-langue-est-donc-une-histoire-damour\/\" \/>\n<meta property=\"og:site_name\" content=\"Maisonnette\" \/>\n<meta property=\"article:modified_time\" content=\"2023-03-19T23:03:18+00:00\" \/>\n<meta property=\"og:image\" content=\"https:\/\/maison4tiers.com\/maisonnette\/wp-content\/uploads\/sites\/77\/2019\/01\/28.jpg\" \/>\n\t<meta property=\"og:image:width\" content=\"800\" \/>\n\t<meta property=\"og:image:height\" content=\"1200\" \/>\n\t<meta property=\"og:image:type\" content=\"image\/jpeg\" \/>\n<meta name=\"twitter:card\" content=\"summary_large_image\" \/>\n<meta name=\"twitter:title\" content=\"La Langue est donc une histoire d&#039;amour\" \/>\n<meta name=\"twitter:description\" content=\"Une classe pas comme les autres, celle de madame Loiseau, qui transmet la langue fran\u00e7aise \u00e0 des arrivants adultes, certains illettr\u00e9s.\" \/>\n<meta name=\"twitter:image\" content=\"https:\/\/maison4tiers.com\/maisonnette\/wp-content\/uploads\/sites\/77\/2019\/01\/28.jpg\" \/>\n<script type=\"application\/ld+json\" class=\"yoast-schema-graph\">{\"@context\":\"https:\/\/schema.org\",\"@graph\":[{\"@type\":\"WebPage\",\"@id\":\"https:\/\/maison4tiers.com\/maisonnette\/product\/la-langue-est-donc-une-histoire-damour\/\",\"url\":\"https:\/\/maison4tiers.com\/maisonnette\/product\/la-langue-est-donc-une-histoire-damour\/\",\"name\":\"La Langue est donc une histoire d'amour - Documentaire - Maisonnette -\",\"isPartOf\":{\"@id\":\"https:\/\/maison4tiers.com\/maisonnette\/#website\"},\"primaryImageOfPage\":{\"@id\":\"https:\/\/maison4tiers.com\/maisonnette\/product\/la-langue-est-donc-une-histoire-damour\/#primaryimage\"},\"image\":{\"@id\":\"https:\/\/maison4tiers.com\/maisonnette\/product\/la-langue-est-donc-une-histoire-damour\/#primaryimage\"},\"thumbnailUrl\":\"https:\/\/maison4tiers.com\/maisonnette\/wp-content\/uploads\/sites\/77\/2019\/01\/28.jpg\",\"datePublished\":\"2019-01-06T04:00:38+00:00\",\"dateModified\":\"2023-03-19T23:03:18+00:00\",\"description\":\"Une classe pas comme les autres, celle de madame Loiseau, qui transmet la langue fran\u00e7aise \u00e0 des arrivants adultes, certains illettr\u00e9s.\",\"breadcrumb\":{\"@id\":\"https:\/\/maison4tiers.com\/maisonnette\/product\/la-langue-est-donc-une-histoire-damour\/#breadcrumb\"},\"inLanguage\":\"fr-FR\",\"potentialAction\":[{\"@type\":\"ReadAction\",\"target\":[\"https:\/\/maison4tiers.com\/maisonnette\/product\/la-langue-est-donc-une-histoire-damour\/\"]}]},{\"@type\":\"ImageObject\",\"inLanguage\":\"fr-FR\",\"@id\":\"https:\/\/maison4tiers.com\/maisonnette\/product\/la-langue-est-donc-une-histoire-damour\/#primaryimage\",\"url\":\"https:\/\/maison4tiers.com\/maisonnette\/wp-content\/uploads\/sites\/77\/2019\/01\/28.jpg\",\"contentUrl\":\"https:\/\/maison4tiers.com\/maisonnette\/wp-content\/uploads\/sites\/77\/2019\/01\/28.jpg\",\"width\":800,\"height\":1200,\"caption\":\"La langue est donc une histoire d'amour\"},{\"@type\":\"BreadcrumbList\",\"@id\":\"https:\/\/maison4tiers.com\/maisonnette\/product\/la-langue-est-donc-une-histoire-damour\/#breadcrumb\",\"itemListElement\":[{\"@type\":\"ListItem\",\"position\":1,\"name\":\"Home\",\"item\":\"https:\/\/maison4tiers.com\/maisonnette\/\"},{\"@type\":\"ListItem\",\"position\":2,\"name\":\"Films\",\"item\":\"https:\/\/maison4tiers.com\/maisonnette\/?page_id=35\"},{\"@type\":\"ListItem\",\"position\":3,\"name\":\"La Langue est donc une histoire d&#8217;amour\"}]},{\"@type\":\"WebSite\",\"@id\":\"https:\/\/maison4tiers.com\/maisonnette\/#website\",\"url\":\"https:\/\/maison4tiers.com\/maisonnette\/\",\"name\":\"Maisonnette\",\"description\":\"Distribution multiplateforme de films qu\u00e9b\u00e9cois et internationaux\",\"publisher\":{\"@id\":\"https:\/\/maison4tiers.com\/maisonnette\/#organization\"},\"potentialAction\":[{\"@type\":\"SearchAction\",\"target\":{\"@type\":\"EntryPoint\",\"urlTemplate\":\"https:\/\/maison4tiers.com\/maisonnette\/?s={search_term_string}\"},\"query-input\":{\"@type\":\"PropertyValueSpecification\",\"valueRequired\":true,\"valueName\":\"search_term_string\"}}],\"inLanguage\":\"fr-FR\"},{\"@type\":\"Organization\",\"@id\":\"https:\/\/maison4tiers.com\/maisonnette\/#organization\",\"name\":\"Maisonnette\",\"url\":\"https:\/\/maison4tiers.com\/maisonnette\/\",\"logo\":{\"@type\":\"ImageObject\",\"inLanguage\":\"fr-FR\",\"@id\":\"https:\/\/maison4tiers.com\/maisonnette\/#\/schema\/logo\/image\/\",\"url\":\"https:\/\/maison4tiers.com\/maisonnette\/wp-content\/uploads\/sites\/77\/2020\/11\/favicon-196.png\",\"contentUrl\":\"https:\/\/maison4tiers.com\/maisonnette\/wp-content\/uploads\/sites\/77\/2020\/11\/favicon-196.png\",\"width\":196,\"height\":196,\"caption\":\"Maisonnette\"},\"image\":{\"@id\":\"https:\/\/maison4tiers.com\/maisonnette\/#\/schema\/logo\/image\/\"}}]}<\/script>\n<!-- \/ Yoast SEO plugin. -->","yoast_head_json":{"title":"La Langue est donc une histoire d'amour - Documentaire - Maisonnette -","description":"Une classe pas comme les autres, celle de madame Loiseau, qui transmet la langue fran\u00e7aise \u00e0 des arrivants adultes, certains illettr\u00e9s.","robots":{"index":"noindex","follow":"follow","max-snippet":"max-snippet:-1","max-image-preview":"max-image-preview:large","max-video-preview":"max-video-preview:-1"},"og_locale":"fr_FR","og_type":"article","og_title":"La Langue est donc une histoire d'amour","og_description":"Une classe pas comme les autres, celle de madame Loiseau, qui transmet la langue fran\u00e7aise \u00e0 des arrivants adultes, certains illettr\u00e9s.","og_url":"https:\/\/maison4tiers.com\/maisonnette\/product\/la-langue-est-donc-une-histoire-damour\/","og_site_name":"Maisonnette","article_modified_time":"2023-03-19T23:03:18+00:00","og_image":[{"width":800,"height":1200,"url":"https:\/\/maison4tiers.com\/maisonnette\/wp-content\/uploads\/sites\/77\/2019\/01\/28.jpg","type":"image\/jpeg"}],"twitter_card":"summary_large_image","twitter_title":"La Langue est donc une histoire d'amour","twitter_description":"Une classe pas comme les autres, celle de madame Loiseau, qui transmet la langue fran\u00e7aise \u00e0 des arrivants adultes, certains illettr\u00e9s.","twitter_image":"https:\/\/maison4tiers.com\/maisonnette\/wp-content\/uploads\/sites\/77\/2019\/01\/28.jpg","schema":{"@context":"https:\/\/schema.org","@graph":[{"@type":"WebPage","@id":"https:\/\/maison4tiers.com\/maisonnette\/product\/la-langue-est-donc-une-histoire-damour\/","url":"https:\/\/maison4tiers.com\/maisonnette\/product\/la-langue-est-donc-une-histoire-damour\/","name":"La Langue est donc une histoire d'amour - Documentaire - Maisonnette -","isPartOf":{"@id":"https:\/\/maison4tiers.com\/maisonnette\/#website"},"primaryImageOfPage":{"@id":"https:\/\/maison4tiers.com\/maisonnette\/product\/la-langue-est-donc-une-histoire-damour\/#primaryimage"},"image":{"@id":"https:\/\/maison4tiers.com\/maisonnette\/product\/la-langue-est-donc-une-histoire-damour\/#primaryimage"},"thumbnailUrl":"https:\/\/maison4tiers.com\/maisonnette\/wp-content\/uploads\/sites\/77\/2019\/01\/28.jpg","datePublished":"2019-01-06T04:00:38+00:00","dateModified":"2023-03-19T23:03:18+00:00","description":"Une classe pas comme les autres, celle de madame Loiseau, qui transmet la langue fran\u00e7aise \u00e0 des arrivants adultes, certains illettr\u00e9s.","breadcrumb":{"@id":"https:\/\/maison4tiers.com\/maisonnette\/product\/la-langue-est-donc-une-histoire-damour\/#breadcrumb"},"inLanguage":"fr-FR","potentialAction":[{"@type":"ReadAction","target":["https:\/\/maison4tiers.com\/maisonnette\/product\/la-langue-est-donc-une-histoire-damour\/"]}]},{"@type":"ImageObject","inLanguage":"fr-FR","@id":"https:\/\/maison4tiers.com\/maisonnette\/product\/la-langue-est-donc-une-histoire-damour\/#primaryimage","url":"https:\/\/maison4tiers.com\/maisonnette\/wp-content\/uploads\/sites\/77\/2019\/01\/28.jpg","contentUrl":"https:\/\/maison4tiers.com\/maisonnette\/wp-content\/uploads\/sites\/77\/2019\/01\/28.jpg","width":800,"height":1200,"caption":"La langue est donc une histoire d'amour"},{"@type":"BreadcrumbList","@id":"https:\/\/maison4tiers.com\/maisonnette\/product\/la-langue-est-donc-une-histoire-damour\/#breadcrumb","itemListElement":[{"@type":"ListItem","position":1,"name":"Home","item":"https:\/\/maison4tiers.com\/maisonnette\/"},{"@type":"ListItem","position":2,"name":"Films","item":"https:\/\/maison4tiers.com\/maisonnette\/?page_id=35"},{"@type":"ListItem","position":3,"name":"La Langue est donc une histoire d&#8217;amour"}]},{"@type":"WebSite","@id":"https:\/\/maison4tiers.com\/maisonnette\/#website","url":"https:\/\/maison4tiers.com\/maisonnette\/","name":"Maisonnette","description":"Distribution multiplateforme de films qu\u00e9b\u00e9cois et internationaux","publisher":{"@id":"https:\/\/maison4tiers.com\/maisonnette\/#organization"},"potentialAction":[{"@type":"SearchAction","target":{"@type":"EntryPoint","urlTemplate":"https:\/\/maison4tiers.com\/maisonnette\/?s={search_term_string}"},"query-input":{"@type":"PropertyValueSpecification","valueRequired":true,"valueName":"search_term_string"}}],"inLanguage":"fr-FR"},{"@type":"Organization","@id":"https:\/\/maison4tiers.com\/maisonnette\/#organization","name":"Maisonnette","url":"https:\/\/maison4tiers.com\/maisonnette\/","logo":{"@type":"ImageObject","inLanguage":"fr-FR","@id":"https:\/\/maison4tiers.com\/maisonnette\/#\/schema\/logo\/image\/","url":"https:\/\/maison4tiers.com\/maisonnette\/wp-content\/uploads\/sites\/77\/2020\/11\/favicon-196.png","contentUrl":"https:\/\/maison4tiers.com\/maisonnette\/wp-content\/uploads\/sites\/77\/2020\/11\/favicon-196.png","width":196,"height":196,"caption":"Maisonnette"},"image":{"@id":"https:\/\/maison4tiers.com\/maisonnette\/#\/schema\/logo\/image\/"}}]}},"jetpack_sharing_enabled":true,"_links":{"self":[{"href":"https:\/\/maison4tiers.com\/maisonnette\/wp-json\/wp\/v2\/product\/4538","targetHints":{"allow":["GET"]}}],"collection":[{"href":"https:\/\/maison4tiers.com\/maisonnette\/wp-json\/wp\/v2\/product"}],"about":[{"href":"https:\/\/maison4tiers.com\/maisonnette\/wp-json\/wp\/v2\/types\/product"}],"wp:featuredmedia":[{"embeddable":true,"href":"https:\/\/maison4tiers.com\/maisonnette\/wp-json\/wp\/v2\/media\/7458"}],"wp:attachment":[{"href":"https:\/\/maison4tiers.com\/maisonnette\/wp-json\/wp\/v2\/media?parent=4538"}],"wp:term":[{"taxonomy":"product_brand","embeddable":true,"href":"https:\/\/maison4tiers.com\/maisonnette\/wp-json\/wp\/v2\/product_brand?post=4538"},{"taxonomy":"product_cat","embeddable":true,"href":"https:\/\/maison4tiers.com\/maisonnette\/wp-json\/wp\/v2\/product_cat?post=4538"},{"taxonomy":"product_tag","embeddable":true,"href":"https:\/\/maison4tiers.com\/maisonnette\/wp-json\/wp\/v2\/product_tag?post=4538"}],"curies":[{"name":"wp","href":"https:\/\/api.w.org\/{rel}","templated":true}]}}