{"id":4480,"date":"2019-01-06T00:00:26","date_gmt":"2019-01-06T04:00:26","guid":{"rendered":"https:\/\/maison4tiers.com\/?post_type=product&#038;p=4480"},"modified":"2024-03-09T16:16:26","modified_gmt":"2024-03-09T20:16:26","slug":"cest-ca-le-paradis","status":"publish","type":"product","link":"https:\/\/maison4tiers.com\/maisonnette\/product\/cest-ca-le-paradis\/","title":{"rendered":"C&rsquo;est \u00e7a le paradis?"},"excerpt":{"rendered":"<p>Elia Suleiman fuit la Palestine \u00e0 la recherche d\u2019une nouvelle terre d\u2019accueil, avant de r\u00e9aliser que son pays d\u2019origine le suit toujours comme une ombre. La promesse d\u2019une vie nouvelle se transforme vite en com\u00e9die de l\u2019absurde. Aussi loin qu\u2019il voyage, de Paris \u00e0 New York, quelque chose lui rappelle sa patrie.<\/p>\n<p>Un conte burlesque explorant l\u2019identit\u00e9, la nationalit\u00e9 et l\u2019appartenance, dans lequel Elia Suleiman pose une question fondamentale : o\u00f9 peut-on se sentir \u00ab chez soi \u00bb<\/p>\n<blockquote><p><em>\u00ab Une brillante fable burlesque \u00bb<\/em><br \/>\n<strong>\u2013 <a href=\"https:\/\/www.lapresse.ca\/cinema\/critiques\/2020-06-12\/c-est-ca-le-paradis-une-brillante-fable-burlesque\" target=\"_blank\" rel=\"noopener\">LA PRESSE<\/a><\/strong><\/p>\n<p>&nbsp;<\/p>\n<p><em>\u00ab\u00a0Un bon moment de bonheur cin\u00e9matographique qui raconte les d\u00e9boires d\u2019un r\u00e9alisateur en qu\u00eate d\u2019argent pour son film intitul\u00e9\u2026 It Must Be Heaven ! \u00bb<br \/>\n<\/em><em><strong>\u2013<\/strong><\/em><strong>\u00a0<a href=\"https:\/\/www.lesoleil.com\/arts\/cinema\/cest-ca-le-paradis-voyage-en-absurdistan--07d01c6c929ab9cd9ec7b774089f572a\" target=\"_blank\" rel=\"noopener\">LE SOLEIL<\/a><\/strong><\/p><\/blockquote>\n<p><span style=\"text-decoration: underline;\"><strong><a href=\"https:\/\/maison4tiers.com\/categorie-produit\/film\/comedie\/\" target=\"_blank\" rel=\"noopener\">Voir les autres com\u00e9dies<\/a>\u00a0<\/strong><\/span><\/p>\n<p>&nbsp;<\/p>\n<p><strong>*Film disponible au Canada seulement<\/strong><\/p>\n","protected":false},"featured_media":7462,"template":"","meta":{"_acf_changed":false,"_eb_attr":""},"product_brand":[],"product_cat":[107,120,45,119,122,121,138,136,131,142],"product_tag":[752,751,204,759,756,755,282,757,754,758,753,523,368],"class_list":{"0":"post-4480","1":"product","2":"type-product","3":"status-publish","4":"has-post-thumbnail","6":"product_cat-comedie","7":"product_cat-fiction","8":"product_cat-film","9":"product_cat-quebecois","10":"product_cat-reflexion","11":"product_cat-societe","12":"product_cat-bluray","13":"product_cat-dvd","14":"product_cat-touslesfilms","15":"product_cat-numerique","16":"product_tag-cest-ca","17":"product_tag-cest-ca-le-paradis","18":"product_tag-comedie","19":"product_tag-comedie-sentimentale","20":"product_tag-elia-suleiman","21":"product_tag-heaven","22":"product_tag-immigration","23":"product_tag-israel","24":"product_tag-it-must-be-heaven","25":"product_tag-palestine","26":"product_tag-paradis","27":"product_tag-refugie","28":"product_tag-voyage","30":"first","31":"instock","32":"taxable","33":"shipping-taxable","34":"purchasable","35":"product-type-variable","36":"has-default-attributes"},"acf":[],"yoast_head":"<!-- This site is optimized with the Yoast SEO plugin v27.0 - https:\/\/yoast.com\/product\/yoast-seo-wordpress\/ -->\n<title>C&#039;est \u00e7a le paradis? - Com\u00e9die - Maisonnette - \u00c9coutez maintenant<\/title>\n<meta name=\"description\" content=\"C&#039;est \u00e7a le paradis? Elia Suleiman fuit la Palestine \u00e0 la recherche d\u2019une nouvelle vie, avant de r\u00e9aliser que son pays d\u2019origine le suit toujours.\" \/>\n<meta name=\"robots\" content=\"noindex, follow, max-snippet:-1, max-image-preview:large, max-video-preview:-1\" \/>\n<meta property=\"og:locale\" content=\"fr_FR\" \/>\n<meta property=\"og:type\" content=\"article\" \/>\n<meta property=\"og:title\" content=\"C&#039;est \u00e7a le paradis?\" \/>\n<meta property=\"og:description\" content=\"C&#039;est \u00e7a le paradis? Elia Suleiman fuit la Palestine \u00e0 la recherche d\u2019une nouvelle vie, avant de r\u00e9aliser que son pays d\u2019origine le suit toujours.\" \/>\n<meta property=\"og:url\" content=\"https:\/\/maison4tiers.com\/maisonnette\/product\/cest-ca-le-paradis\/\" \/>\n<meta property=\"og:site_name\" content=\"Maisonnette\" \/>\n<meta property=\"article:modified_time\" content=\"2024-03-09T20:16:26+00:00\" \/>\n<meta property=\"og:image\" content=\"https:\/\/maison4tiers.com\/maisonnette\/wp-content\/uploads\/sites\/77\/2019\/01\/41.jpg\" \/>\n\t<meta property=\"og:image:width\" content=\"800\" \/>\n\t<meta property=\"og:image:height\" content=\"1200\" \/>\n\t<meta property=\"og:image:type\" content=\"image\/jpeg\" \/>\n<meta name=\"twitter:card\" content=\"summary_large_image\" \/>\n<meta name=\"twitter:title\" content=\"C&#039;est \u00e7a le paradis?\" \/>\n<meta name=\"twitter:description\" content=\"C&#039;est \u00e7a le paradis? Elia Suleiman fuit la Palestine \u00e0 la recherche d\u2019une nouvelle vie, avant de r\u00e9aliser que son pays d\u2019origine le suit toujours.\" \/>\n<meta name=\"twitter:image\" content=\"https:\/\/maison4tiers.com\/maisonnette\/wp-content\/uploads\/sites\/77\/2019\/01\/41.jpg\" \/>\n<script type=\"application\/ld+json\" class=\"yoast-schema-graph\">{\"@context\":\"https:\/\/schema.org\",\"@graph\":[{\"@type\":\"WebPage\",\"@id\":\"https:\/\/maison4tiers.com\/maisonnette\/product\/cest-ca-le-paradis\/\",\"url\":\"https:\/\/maison4tiers.com\/maisonnette\/product\/cest-ca-le-paradis\/\",\"name\":\"C'est \u00e7a le paradis? - Com\u00e9die - Maisonnette - \u00c9coutez maintenant\",\"isPartOf\":{\"@id\":\"https:\/\/maison4tiers.com\/maisonnette\/#website\"},\"primaryImageOfPage\":{\"@id\":\"https:\/\/maison4tiers.com\/maisonnette\/product\/cest-ca-le-paradis\/#primaryimage\"},\"image\":{\"@id\":\"https:\/\/maison4tiers.com\/maisonnette\/product\/cest-ca-le-paradis\/#primaryimage\"},\"thumbnailUrl\":\"https:\/\/maison4tiers.com\/maisonnette\/wp-content\/uploads\/sites\/77\/2019\/01\/41.jpg\",\"datePublished\":\"2019-01-06T04:00:26+00:00\",\"dateModified\":\"2024-03-09T20:16:26+00:00\",\"description\":\"C'est \u00e7a le paradis? Elia Suleiman fuit la Palestine \u00e0 la recherche d\u2019une nouvelle vie, avant de r\u00e9aliser que son pays d\u2019origine le suit toujours.\",\"breadcrumb\":{\"@id\":\"https:\/\/maison4tiers.com\/maisonnette\/product\/cest-ca-le-paradis\/#breadcrumb\"},\"inLanguage\":\"fr-FR\",\"potentialAction\":[{\"@type\":\"ReadAction\",\"target\":[\"https:\/\/maison4tiers.com\/maisonnette\/product\/cest-ca-le-paradis\/\"]}]},{\"@type\":\"ImageObject\",\"inLanguage\":\"fr-FR\",\"@id\":\"https:\/\/maison4tiers.com\/maisonnette\/product\/cest-ca-le-paradis\/#primaryimage\",\"url\":\"https:\/\/maison4tiers.com\/maisonnette\/wp-content\/uploads\/sites\/77\/2019\/01\/41.jpg\",\"contentUrl\":\"https:\/\/maison4tiers.com\/maisonnette\/wp-content\/uploads\/sites\/77\/2019\/01\/41.jpg\",\"width\":800,\"height\":1200,\"caption\":\"C'est \u00e7a le paradis?\"},{\"@type\":\"BreadcrumbList\",\"@id\":\"https:\/\/maison4tiers.com\/maisonnette\/product\/cest-ca-le-paradis\/#breadcrumb\",\"itemListElement\":[{\"@type\":\"ListItem\",\"position\":1,\"name\":\"Home\",\"item\":\"https:\/\/maison4tiers.com\/maisonnette\/\"},{\"@type\":\"ListItem\",\"position\":2,\"name\":\"Films\",\"item\":\"https:\/\/maison4tiers.com\/maisonnette\/?page_id=35\"},{\"@type\":\"ListItem\",\"position\":3,\"name\":\"C&#8217;est \u00e7a le paradis?\"}]},{\"@type\":\"WebSite\",\"@id\":\"https:\/\/maison4tiers.com\/maisonnette\/#website\",\"url\":\"https:\/\/maison4tiers.com\/maisonnette\/\",\"name\":\"Maisonnette\",\"description\":\"Distribution multiplateforme de films qu\u00e9b\u00e9cois et internationaux\",\"publisher\":{\"@id\":\"https:\/\/maison4tiers.com\/maisonnette\/#organization\"},\"potentialAction\":[{\"@type\":\"SearchAction\",\"target\":{\"@type\":\"EntryPoint\",\"urlTemplate\":\"https:\/\/maison4tiers.com\/maisonnette\/?s={search_term_string}\"},\"query-input\":{\"@type\":\"PropertyValueSpecification\",\"valueRequired\":true,\"valueName\":\"search_term_string\"}}],\"inLanguage\":\"fr-FR\"},{\"@type\":\"Organization\",\"@id\":\"https:\/\/maison4tiers.com\/maisonnette\/#organization\",\"name\":\"Maisonnette\",\"url\":\"https:\/\/maison4tiers.com\/maisonnette\/\",\"logo\":{\"@type\":\"ImageObject\",\"inLanguage\":\"fr-FR\",\"@id\":\"https:\/\/maison4tiers.com\/maisonnette\/#\/schema\/logo\/image\/\",\"url\":\"https:\/\/maison4tiers.com\/maisonnette\/wp-content\/uploads\/sites\/77\/2020\/11\/favicon-196.png\",\"contentUrl\":\"https:\/\/maison4tiers.com\/maisonnette\/wp-content\/uploads\/sites\/77\/2020\/11\/favicon-196.png\",\"width\":196,\"height\":196,\"caption\":\"Maisonnette\"},\"image\":{\"@id\":\"https:\/\/maison4tiers.com\/maisonnette\/#\/schema\/logo\/image\/\"}}]}<\/script>\n<!-- \/ Yoast SEO plugin. -->","yoast_head_json":{"title":"C'est \u00e7a le paradis? - Com\u00e9die - Maisonnette - \u00c9coutez maintenant","description":"C'est \u00e7a le paradis? Elia Suleiman fuit la Palestine \u00e0 la recherche d\u2019une nouvelle vie, avant de r\u00e9aliser que son pays d\u2019origine le suit toujours.","robots":{"index":"noindex","follow":"follow","max-snippet":"max-snippet:-1","max-image-preview":"max-image-preview:large","max-video-preview":"max-video-preview:-1"},"og_locale":"fr_FR","og_type":"article","og_title":"C'est \u00e7a le paradis?","og_description":"C'est \u00e7a le paradis? Elia Suleiman fuit la Palestine \u00e0 la recherche d\u2019une nouvelle vie, avant de r\u00e9aliser que son pays d\u2019origine le suit toujours.","og_url":"https:\/\/maison4tiers.com\/maisonnette\/product\/cest-ca-le-paradis\/","og_site_name":"Maisonnette","article_modified_time":"2024-03-09T20:16:26+00:00","og_image":[{"width":800,"height":1200,"url":"https:\/\/maison4tiers.com\/maisonnette\/wp-content\/uploads\/sites\/77\/2019\/01\/41.jpg","type":"image\/jpeg"}],"twitter_card":"summary_large_image","twitter_title":"C'est \u00e7a le paradis?","twitter_description":"C'est \u00e7a le paradis? Elia Suleiman fuit la Palestine \u00e0 la recherche d\u2019une nouvelle vie, avant de r\u00e9aliser que son pays d\u2019origine le suit toujours.","twitter_image":"https:\/\/maison4tiers.com\/maisonnette\/wp-content\/uploads\/sites\/77\/2019\/01\/41.jpg","schema":{"@context":"https:\/\/schema.org","@graph":[{"@type":"WebPage","@id":"https:\/\/maison4tiers.com\/maisonnette\/product\/cest-ca-le-paradis\/","url":"https:\/\/maison4tiers.com\/maisonnette\/product\/cest-ca-le-paradis\/","name":"C'est \u00e7a le paradis? - Com\u00e9die - Maisonnette - \u00c9coutez maintenant","isPartOf":{"@id":"https:\/\/maison4tiers.com\/maisonnette\/#website"},"primaryImageOfPage":{"@id":"https:\/\/maison4tiers.com\/maisonnette\/product\/cest-ca-le-paradis\/#primaryimage"},"image":{"@id":"https:\/\/maison4tiers.com\/maisonnette\/product\/cest-ca-le-paradis\/#primaryimage"},"thumbnailUrl":"https:\/\/maison4tiers.com\/maisonnette\/wp-content\/uploads\/sites\/77\/2019\/01\/41.jpg","datePublished":"2019-01-06T04:00:26+00:00","dateModified":"2024-03-09T20:16:26+00:00","description":"C'est \u00e7a le paradis? Elia Suleiman fuit la Palestine \u00e0 la recherche d\u2019une nouvelle vie, avant de r\u00e9aliser que son pays d\u2019origine le suit toujours.","breadcrumb":{"@id":"https:\/\/maison4tiers.com\/maisonnette\/product\/cest-ca-le-paradis\/#breadcrumb"},"inLanguage":"fr-FR","potentialAction":[{"@type":"ReadAction","target":["https:\/\/maison4tiers.com\/maisonnette\/product\/cest-ca-le-paradis\/"]}]},{"@type":"ImageObject","inLanguage":"fr-FR","@id":"https:\/\/maison4tiers.com\/maisonnette\/product\/cest-ca-le-paradis\/#primaryimage","url":"https:\/\/maison4tiers.com\/maisonnette\/wp-content\/uploads\/sites\/77\/2019\/01\/41.jpg","contentUrl":"https:\/\/maison4tiers.com\/maisonnette\/wp-content\/uploads\/sites\/77\/2019\/01\/41.jpg","width":800,"height":1200,"caption":"C'est \u00e7a le paradis?"},{"@type":"BreadcrumbList","@id":"https:\/\/maison4tiers.com\/maisonnette\/product\/cest-ca-le-paradis\/#breadcrumb","itemListElement":[{"@type":"ListItem","position":1,"name":"Home","item":"https:\/\/maison4tiers.com\/maisonnette\/"},{"@type":"ListItem","position":2,"name":"Films","item":"https:\/\/maison4tiers.com\/maisonnette\/?page_id=35"},{"@type":"ListItem","position":3,"name":"C&#8217;est \u00e7a le paradis?"}]},{"@type":"WebSite","@id":"https:\/\/maison4tiers.com\/maisonnette\/#website","url":"https:\/\/maison4tiers.com\/maisonnette\/","name":"Maisonnette","description":"Distribution multiplateforme de films qu\u00e9b\u00e9cois et internationaux","publisher":{"@id":"https:\/\/maison4tiers.com\/maisonnette\/#organization"},"potentialAction":[{"@type":"SearchAction","target":{"@type":"EntryPoint","urlTemplate":"https:\/\/maison4tiers.com\/maisonnette\/?s={search_term_string}"},"query-input":{"@type":"PropertyValueSpecification","valueRequired":true,"valueName":"search_term_string"}}],"inLanguage":"fr-FR"},{"@type":"Organization","@id":"https:\/\/maison4tiers.com\/maisonnette\/#organization","name":"Maisonnette","url":"https:\/\/maison4tiers.com\/maisonnette\/","logo":{"@type":"ImageObject","inLanguage":"fr-FR","@id":"https:\/\/maison4tiers.com\/maisonnette\/#\/schema\/logo\/image\/","url":"https:\/\/maison4tiers.com\/maisonnette\/wp-content\/uploads\/sites\/77\/2020\/11\/favicon-196.png","contentUrl":"https:\/\/maison4tiers.com\/maisonnette\/wp-content\/uploads\/sites\/77\/2020\/11\/favicon-196.png","width":196,"height":196,"caption":"Maisonnette"},"image":{"@id":"https:\/\/maison4tiers.com\/maisonnette\/#\/schema\/logo\/image\/"}}]}},"jetpack_sharing_enabled":true,"_links":{"self":[{"href":"https:\/\/maison4tiers.com\/maisonnette\/wp-json\/wp\/v2\/product\/4480","targetHints":{"allow":["GET"]}}],"collection":[{"href":"https:\/\/maison4tiers.com\/maisonnette\/wp-json\/wp\/v2\/product"}],"about":[{"href":"https:\/\/maison4tiers.com\/maisonnette\/wp-json\/wp\/v2\/types\/product"}],"wp:featuredmedia":[{"embeddable":true,"href":"https:\/\/maison4tiers.com\/maisonnette\/wp-json\/wp\/v2\/media\/7462"}],"wp:attachment":[{"href":"https:\/\/maison4tiers.com\/maisonnette\/wp-json\/wp\/v2\/media?parent=4480"}],"wp:term":[{"taxonomy":"product_brand","embeddable":true,"href":"https:\/\/maison4tiers.com\/maisonnette\/wp-json\/wp\/v2\/product_brand?post=4480"},{"taxonomy":"product_cat","embeddable":true,"href":"https:\/\/maison4tiers.com\/maisonnette\/wp-json\/wp\/v2\/product_cat?post=4480"},{"taxonomy":"product_tag","embeddable":true,"href":"https:\/\/maison4tiers.com\/maisonnette\/wp-json\/wp\/v2\/product_tag?post=4480"}],"curies":[{"name":"wp","href":"https:\/\/api.w.org\/{rel}","templated":true}]}}