{"id":4471,"date":"2017-01-06T00:00:46","date_gmt":"2017-01-06T04:00:46","guid":{"rendered":"https:\/\/maison4tiers.com\/?post_type=product&#038;p=4471"},"modified":"2023-05-23T15:49:36","modified_gmt":"2023-05-23T19:49:36","slug":"galere-au-bresil","status":"publish","type":"product","link":"https:\/\/maison4tiers.com\/maisonnette\/product\/galere-au-bresil\/","title":{"rendered":"Gal\u00e8re au Br\u00e9sil"},"excerpt":{"rendered":"<p>La folle aventure de trois copines invite\u0301es au mariage de leur meilleure amie au Bre\u0301sil. A\u0300 peine arrive\u0301es a\u0300 Rio, elles tuent accidentellement un jeune homme trop insistant. De\u0300s lors, tout s\u2019emballe\u2026!<\/p>\n<blockquote><p><em>\u00ab Le film a le me\u0301rite de de\u0301tonner dans le tout-venant de la come\u0301die populaire franc\u0327aise, qui ressasse des formules use\u0301es. \u00bb<br \/>\n<\/em><strong>\u2013\u00a0<a href=\"https:\/\/www.premiere.fr\/Cinema\/News-Cinema\/Going-to-Brazil--en-plein-dans-le-Mille\" target=\"_blank\" rel=\"noopener\">PREMIE\u0300RE<\/a><\/strong><\/p><\/blockquote>\n<p><span style=\"text-decoration: underline;\"><strong><a href=\"https:\/\/maison4tiers.com\/categorie-produit\/film\/comedie\/\" target=\"_blank\" rel=\"noopener\">Voir les autres com\u00e9dies<\/a><\/strong><\/span><\/p>\n<p>&nbsp;<\/p>\n<p><strong>*Disponible au Canada seulement<\/strong><\/p>\n","protected":false},"featured_media":4243,"template":"","meta":{"_acf_changed":false,"_eb_attr":""},"product_brand":[],"product_cat":[107,120,45,131,142],"product_tag":[379,383,204,285,791,789,790,788,792,793,794,372,680,368],"class_list":{"0":"post-4471","1":"product","2":"type-product","3":"status-publish","4":"has-post-thumbnail","6":"product_cat-comedie","7":"product_cat-fiction","8":"product_cat-film","9":"product_cat-touslesfilms","10":"product_cat-numerique","11":"product_tag-action","12":"product_tag-bresil","13":"product_tag-comedie","14":"product_tag-crime","15":"product_tag-crime-organise","16":"product_tag-fille","17":"product_tag-filles","18":"product_tag-galere-au-bresil","19":"product_tag-gang","20":"product_tag-gangs","21":"product_tag-hangover","22":"product_tag-jungle","23":"product_tag-mariage","24":"product_tag-voyage","25":"product_shipping_class-livraison","27":"first","28":"instock","29":"taxable","30":"shipping-taxable","31":"purchasable","32":"product-type-variable","33":"has-default-attributes"},"acf":[],"yoast_head":"<!-- This site is optimized with the Yoast SEO plugin v27.0 - https:\/\/yoast.com\/product\/yoast-seo-wordpress\/ -->\n<title>Gal\u00e8re au Br\u00e9sil - Com\u00e9die - Maisonnette - \u00c9coutez maintenant<\/title>\n<meta name=\"description\" content=\"Gal\u00e8re au br\u00e9sil. La folle aventure de trois copines invite\u0301es au mariage de leur meilleure amie au Bre\u0301sil.\" \/>\n<meta name=\"robots\" content=\"noindex, follow, max-snippet:-1, max-image-preview:large, max-video-preview:-1\" \/>\n<meta property=\"og:locale\" content=\"fr_FR\" \/>\n<meta property=\"og:type\" content=\"article\" \/>\n<meta property=\"og:title\" content=\"Gal\u00e8re au Br\u00e9sil\" \/>\n<meta property=\"og:description\" content=\"Gal\u00e8re au br\u00e9sil. La folle aventure de trois copines invite\u0301es au mariage de leur meilleure amie au Bre\u0301sil.\" \/>\n<meta property=\"og:url\" content=\"https:\/\/maison4tiers.com\/maisonnette\/product\/galere-au-bresil\/\" \/>\n<meta property=\"og:site_name\" content=\"Maisonnette\" \/>\n<meta property=\"article:modified_time\" content=\"2023-05-23T19:49:36+00:00\" \/>\n<meta property=\"og:image\" content=\"https:\/\/maison4tiers.com\/maisonnette\/wp-content\/uploads\/sites\/77\/2021\/02\/GalereBresil_affiche_BOUTIQUE_720x1080.jpg\" \/>\n\t<meta property=\"og:image:width\" content=\"720\" \/>\n\t<meta property=\"og:image:height\" content=\"1080\" \/>\n\t<meta property=\"og:image:type\" content=\"image\/jpeg\" \/>\n<meta name=\"twitter:card\" content=\"summary_large_image\" \/>\n<meta name=\"twitter:title\" content=\"Gal\u00e8re au Br\u00e9sil\" \/>\n<meta name=\"twitter:description\" content=\"Gal\u00e8re au br\u00e9sil. La folle aventure de trois copines invite\u0301es au mariage de leur meilleure amie au Bre\u0301sil.\" \/>\n<meta name=\"twitter:image\" content=\"https:\/\/maison4tiers.com\/maisonnette\/wp-content\/uploads\/sites\/77\/2021\/02\/GalereBresil_affiche_BOUTIQUE_720x1080.jpg\" \/>\n<script type=\"application\/ld+json\" class=\"yoast-schema-graph\">{\"@context\":\"https:\/\/schema.org\",\"@graph\":[{\"@type\":\"WebPage\",\"@id\":\"https:\/\/maison4tiers.com\/maisonnette\/product\/galere-au-bresil\/\",\"url\":\"https:\/\/maison4tiers.com\/maisonnette\/product\/galere-au-bresil\/\",\"name\":\"Gal\u00e8re au Br\u00e9sil - Com\u00e9die - Maisonnette - \u00c9coutez maintenant\",\"isPartOf\":{\"@id\":\"https:\/\/maison4tiers.com\/maisonnette\/#website\"},\"primaryImageOfPage\":{\"@id\":\"https:\/\/maison4tiers.com\/maisonnette\/product\/galere-au-bresil\/#primaryimage\"},\"image\":{\"@id\":\"https:\/\/maison4tiers.com\/maisonnette\/product\/galere-au-bresil\/#primaryimage\"},\"thumbnailUrl\":\"https:\/\/maison4tiers.com\/maisonnette\/wp-content\/uploads\/sites\/77\/2021\/02\/GalereBresil_affiche_BOUTIQUE_720x1080.jpg\",\"datePublished\":\"2017-01-06T04:00:46+00:00\",\"dateModified\":\"2023-05-23T19:49:36+00:00\",\"description\":\"Gal\u00e8re au br\u00e9sil. La folle aventure de trois copines invite\u0301es au mariage de leur meilleure amie au Bre\u0301sil.\",\"breadcrumb\":{\"@id\":\"https:\/\/maison4tiers.com\/maisonnette\/product\/galere-au-bresil\/#breadcrumb\"},\"inLanguage\":\"fr-FR\",\"potentialAction\":[{\"@type\":\"ReadAction\",\"target\":[\"https:\/\/maison4tiers.com\/maisonnette\/product\/galere-au-bresil\/\"]}]},{\"@type\":\"ImageObject\",\"inLanguage\":\"fr-FR\",\"@id\":\"https:\/\/maison4tiers.com\/maisonnette\/product\/galere-au-bresil\/#primaryimage\",\"url\":\"https:\/\/maison4tiers.com\/maisonnette\/wp-content\/uploads\/sites\/77\/2021\/02\/GalereBresil_affiche_BOUTIQUE_720x1080.jpg\",\"contentUrl\":\"https:\/\/maison4tiers.com\/maisonnette\/wp-content\/uploads\/sites\/77\/2021\/02\/GalereBresil_affiche_BOUTIQUE_720x1080.jpg\",\"width\":720,\"height\":1080,\"caption\":\"Gal\u00e8re au Br\u00e9sil\"},{\"@type\":\"BreadcrumbList\",\"@id\":\"https:\/\/maison4tiers.com\/maisonnette\/product\/galere-au-bresil\/#breadcrumb\",\"itemListElement\":[{\"@type\":\"ListItem\",\"position\":1,\"name\":\"Home\",\"item\":\"https:\/\/maison4tiers.com\/maisonnette\/\"},{\"@type\":\"ListItem\",\"position\":2,\"name\":\"Films\",\"item\":\"https:\/\/maison4tiers.com\/maisonnette\/?page_id=35\"},{\"@type\":\"ListItem\",\"position\":3,\"name\":\"Gal\u00e8re au Br\u00e9sil\"}]},{\"@type\":\"WebSite\",\"@id\":\"https:\/\/maison4tiers.com\/maisonnette\/#website\",\"url\":\"https:\/\/maison4tiers.com\/maisonnette\/\",\"name\":\"Maisonnette\",\"description\":\"Distribution multiplateforme de films qu\u00e9b\u00e9cois et internationaux\",\"publisher\":{\"@id\":\"https:\/\/maison4tiers.com\/maisonnette\/#organization\"},\"potentialAction\":[{\"@type\":\"SearchAction\",\"target\":{\"@type\":\"EntryPoint\",\"urlTemplate\":\"https:\/\/maison4tiers.com\/maisonnette\/?s={search_term_string}\"},\"query-input\":{\"@type\":\"PropertyValueSpecification\",\"valueRequired\":true,\"valueName\":\"search_term_string\"}}],\"inLanguage\":\"fr-FR\"},{\"@type\":\"Organization\",\"@id\":\"https:\/\/maison4tiers.com\/maisonnette\/#organization\",\"name\":\"Maisonnette\",\"url\":\"https:\/\/maison4tiers.com\/maisonnette\/\",\"logo\":{\"@type\":\"ImageObject\",\"inLanguage\":\"fr-FR\",\"@id\":\"https:\/\/maison4tiers.com\/maisonnette\/#\/schema\/logo\/image\/\",\"url\":\"https:\/\/maison4tiers.com\/maisonnette\/wp-content\/uploads\/sites\/77\/2020\/11\/favicon-196.png\",\"contentUrl\":\"https:\/\/maison4tiers.com\/maisonnette\/wp-content\/uploads\/sites\/77\/2020\/11\/favicon-196.png\",\"width\":196,\"height\":196,\"caption\":\"Maisonnette\"},\"image\":{\"@id\":\"https:\/\/maison4tiers.com\/maisonnette\/#\/schema\/logo\/image\/\"}}]}<\/script>\n<!-- \/ Yoast SEO plugin. -->","yoast_head_json":{"title":"Gal\u00e8re au Br\u00e9sil - Com\u00e9die - Maisonnette - \u00c9coutez maintenant","description":"Gal\u00e8re au br\u00e9sil. La folle aventure de trois copines invite\u0301es au mariage de leur meilleure amie au Bre\u0301sil.","robots":{"index":"noindex","follow":"follow","max-snippet":"max-snippet:-1","max-image-preview":"max-image-preview:large","max-video-preview":"max-video-preview:-1"},"og_locale":"fr_FR","og_type":"article","og_title":"Gal\u00e8re au Br\u00e9sil","og_description":"Gal\u00e8re au br\u00e9sil. La folle aventure de trois copines invite\u0301es au mariage de leur meilleure amie au Bre\u0301sil.","og_url":"https:\/\/maison4tiers.com\/maisonnette\/product\/galere-au-bresil\/","og_site_name":"Maisonnette","article_modified_time":"2023-05-23T19:49:36+00:00","og_image":[{"width":720,"height":1080,"url":"https:\/\/maison4tiers.com\/maisonnette\/wp-content\/uploads\/sites\/77\/2021\/02\/GalereBresil_affiche_BOUTIQUE_720x1080.jpg","type":"image\/jpeg"}],"twitter_card":"summary_large_image","twitter_title":"Gal\u00e8re au Br\u00e9sil","twitter_description":"Gal\u00e8re au br\u00e9sil. La folle aventure de trois copines invite\u0301es au mariage de leur meilleure amie au Bre\u0301sil.","twitter_image":"https:\/\/maison4tiers.com\/maisonnette\/wp-content\/uploads\/sites\/77\/2021\/02\/GalereBresil_affiche_BOUTIQUE_720x1080.jpg","schema":{"@context":"https:\/\/schema.org","@graph":[{"@type":"WebPage","@id":"https:\/\/maison4tiers.com\/maisonnette\/product\/galere-au-bresil\/","url":"https:\/\/maison4tiers.com\/maisonnette\/product\/galere-au-bresil\/","name":"Gal\u00e8re au Br\u00e9sil - Com\u00e9die - Maisonnette - \u00c9coutez maintenant","isPartOf":{"@id":"https:\/\/maison4tiers.com\/maisonnette\/#website"},"primaryImageOfPage":{"@id":"https:\/\/maison4tiers.com\/maisonnette\/product\/galere-au-bresil\/#primaryimage"},"image":{"@id":"https:\/\/maison4tiers.com\/maisonnette\/product\/galere-au-bresil\/#primaryimage"},"thumbnailUrl":"https:\/\/maison4tiers.com\/maisonnette\/wp-content\/uploads\/sites\/77\/2021\/02\/GalereBresil_affiche_BOUTIQUE_720x1080.jpg","datePublished":"2017-01-06T04:00:46+00:00","dateModified":"2023-05-23T19:49:36+00:00","description":"Gal\u00e8re au br\u00e9sil. La folle aventure de trois copines invite\u0301es au mariage de leur meilleure amie au Bre\u0301sil.","breadcrumb":{"@id":"https:\/\/maison4tiers.com\/maisonnette\/product\/galere-au-bresil\/#breadcrumb"},"inLanguage":"fr-FR","potentialAction":[{"@type":"ReadAction","target":["https:\/\/maison4tiers.com\/maisonnette\/product\/galere-au-bresil\/"]}]},{"@type":"ImageObject","inLanguage":"fr-FR","@id":"https:\/\/maison4tiers.com\/maisonnette\/product\/galere-au-bresil\/#primaryimage","url":"https:\/\/maison4tiers.com\/maisonnette\/wp-content\/uploads\/sites\/77\/2021\/02\/GalereBresil_affiche_BOUTIQUE_720x1080.jpg","contentUrl":"https:\/\/maison4tiers.com\/maisonnette\/wp-content\/uploads\/sites\/77\/2021\/02\/GalereBresil_affiche_BOUTIQUE_720x1080.jpg","width":720,"height":1080,"caption":"Gal\u00e8re au Br\u00e9sil"},{"@type":"BreadcrumbList","@id":"https:\/\/maison4tiers.com\/maisonnette\/product\/galere-au-bresil\/#breadcrumb","itemListElement":[{"@type":"ListItem","position":1,"name":"Home","item":"https:\/\/maison4tiers.com\/maisonnette\/"},{"@type":"ListItem","position":2,"name":"Films","item":"https:\/\/maison4tiers.com\/maisonnette\/?page_id=35"},{"@type":"ListItem","position":3,"name":"Gal\u00e8re au Br\u00e9sil"}]},{"@type":"WebSite","@id":"https:\/\/maison4tiers.com\/maisonnette\/#website","url":"https:\/\/maison4tiers.com\/maisonnette\/","name":"Maisonnette","description":"Distribution multiplateforme de films qu\u00e9b\u00e9cois et internationaux","publisher":{"@id":"https:\/\/maison4tiers.com\/maisonnette\/#organization"},"potentialAction":[{"@type":"SearchAction","target":{"@type":"EntryPoint","urlTemplate":"https:\/\/maison4tiers.com\/maisonnette\/?s={search_term_string}"},"query-input":{"@type":"PropertyValueSpecification","valueRequired":true,"valueName":"search_term_string"}}],"inLanguage":"fr-FR"},{"@type":"Organization","@id":"https:\/\/maison4tiers.com\/maisonnette\/#organization","name":"Maisonnette","url":"https:\/\/maison4tiers.com\/maisonnette\/","logo":{"@type":"ImageObject","inLanguage":"fr-FR","@id":"https:\/\/maison4tiers.com\/maisonnette\/#\/schema\/logo\/image\/","url":"https:\/\/maison4tiers.com\/maisonnette\/wp-content\/uploads\/sites\/77\/2020\/11\/favicon-196.png","contentUrl":"https:\/\/maison4tiers.com\/maisonnette\/wp-content\/uploads\/sites\/77\/2020\/11\/favicon-196.png","width":196,"height":196,"caption":"Maisonnette"},"image":{"@id":"https:\/\/maison4tiers.com\/maisonnette\/#\/schema\/logo\/image\/"}}]}},"jetpack_sharing_enabled":true,"_links":{"self":[{"href":"https:\/\/maison4tiers.com\/maisonnette\/wp-json\/wp\/v2\/product\/4471","targetHints":{"allow":["GET"]}}],"collection":[{"href":"https:\/\/maison4tiers.com\/maisonnette\/wp-json\/wp\/v2\/product"}],"about":[{"href":"https:\/\/maison4tiers.com\/maisonnette\/wp-json\/wp\/v2\/types\/product"}],"wp:featuredmedia":[{"embeddable":true,"href":"https:\/\/maison4tiers.com\/maisonnette\/wp-json\/wp\/v2\/media\/4243"}],"wp:attachment":[{"href":"https:\/\/maison4tiers.com\/maisonnette\/wp-json\/wp\/v2\/media?parent=4471"}],"wp:term":[{"taxonomy":"product_brand","embeddable":true,"href":"https:\/\/maison4tiers.com\/maisonnette\/wp-json\/wp\/v2\/product_brand?post=4471"},{"taxonomy":"product_cat","embeddable":true,"href":"https:\/\/maison4tiers.com\/maisonnette\/wp-json\/wp\/v2\/product_cat?post=4471"},{"taxonomy":"product_tag","embeddable":true,"href":"https:\/\/maison4tiers.com\/maisonnette\/wp-json\/wp\/v2\/product_tag?post=4471"}],"curies":[{"name":"wp","href":"https:\/\/api.w.org\/{rel}","templated":true}]}}