{"id":4463,"date":"2017-01-06T00:00:53","date_gmt":"2017-01-06T04:00:53","guid":{"rendered":"https:\/\/maison4tiers.com\/?post_type=product&#038;p=4463"},"modified":"2022-01-12T14:59:17","modified_gmt":"2022-01-12T18:59:17","slug":"gabriel-et-la-montage","status":"publish","type":"product","link":"https:\/\/maison4tiers.com\/maisonnette\/product\/gabriel-et-la-montage\/","title":{"rendered":"Gabriel et la montagne"},"excerpt":{"rendered":"<p>Avant d\u2019int\u00e9grer une prestigieuse universit\u00e9 am\u00e9ricaine, Gabriel Buchmann d\u00e9cide de partir un an faire le tour du monde. Apr\u00e8s dix mois de voyage et d\u2019immersion au c\u0153ur de nombreux pays, son id\u00e9alisme en bandouli\u00e8re, il rejoint le Kenya, bien d\u00e9cid\u00e9 \u00e0 d\u00e9couvrir le continent africain. Jusqu\u2019\u00e0 gravir le Mont Mulanje au Malawi, sa derni\u00e8re destination.<\/p>\n<p>Gabriel et la montagne du cin\u00e9aste br\u00e9silien Fellipe Barbosa a \u00e9t\u00e9 prim\u00e9 deux fois \u00e0 la Semaine de la critique \u00e0 Cannes (Prix Fondation GAN \u00e0 la diffusion et Prix de la R\u00e9v\u00e9lation France 4).<\/p>\n<blockquote><p>\u00ab <em>Un magnifique carnet de voyage, celui d\u2019un \u00eatre complexe, passionn\u00e9, irritable, impatient. \u00bb<br \/>\n\u2605\u2605\u2605\u2605 <strong>\u2013 <\/strong><\/em><a href=\"https:\/\/www.ledevoir.com\/culture\/cinema\/509726\/carnet-de-voyage-d-un-pauvrologiste\" target=\"_blank\" rel=\"noopener\"><strong>LE DEVOIR<\/strong><\/a><\/p>\n<p>&nbsp;<\/p>\n<p>\u00ab <em>Un habile m\u00e9lange de documentaire et de fiction. \u00bb<br \/>\n<strong>\u2013 <\/strong><\/em><a href=\"https:\/\/www.lesoleil.com\/arts\/cinema\/gabriel-et-la-montagne-la-mort-comme-destination--f6e7612022f18c14ed8c6391814af792\" target=\"_blank\" rel=\"noopener\"><strong>LE SOLEIL<\/strong><\/a><em><br \/>\n<\/em><\/p><\/blockquote>\n<p><a href=\"https:\/\/maison4tiers.com\/categorie-produit\/film\/documentaire\/\" target=\"_blank\" rel=\"noopener\"><span style=\"text-decoration: underline;\"><strong>Voir les autres documentaires<\/strong><\/span><\/a><\/p>\n<p>&nbsp;<\/p>\n<p><strong>*Disponible au Canada seulement<\/strong><\/p>\n","protected":false},"featured_media":4239,"template":"","meta":{"_acf_changed":false,"_eb_attr":""},"product_brand":[],"product_cat":[115,78,105,45,122,121,131,142],"product_tag":[],"class_list":{"0":"post-4463","1":"product","2":"type-product","3":"status-publish","4":"has-post-thumbnail","6":"product_cat-docufiction","7":"product_cat-documentaire","8":"product_cat-drame","9":"product_cat-film","10":"product_cat-reflexion","11":"product_cat-societe","12":"product_cat-touslesfilms","13":"product_cat-numerique","14":"product_shipping_class-livraison","16":"first","17":"instock","18":"taxable","19":"shipping-taxable","20":"purchasable","21":"product-type-variable","22":"has-default-attributes"},"acf":[],"yoast_head":"<!-- This site is optimized with the Yoast SEO plugin v27.0 - https:\/\/yoast.com\/product\/yoast-seo-wordpress\/ -->\n<title>Gabriel et la montagne - Documentaire - Maisonnette - \u00c9coutez maintenant<\/title>\n<meta name=\"description\" content=\"Gabriel et la montagne. Avant d\u2019int\u00e9grer une prestigieuse universit\u00e9 am\u00e9ricaine, Gabriel Buchmann d\u00e9cide de partir un an faire le tour du monde.\" \/>\n<meta name=\"robots\" content=\"noindex, follow, max-snippet:-1, max-image-preview:large, max-video-preview:-1\" \/>\n<meta property=\"og:locale\" content=\"fr_FR\" \/>\n<meta property=\"og:type\" content=\"article\" \/>\n<meta property=\"og:title\" content=\"Gabriel et la montagne\" \/>\n<meta property=\"og:description\" content=\"Gabriel et la montagne. Avant d\u2019int\u00e9grer une prestigieuse universit\u00e9 am\u00e9ricaine, Gabriel Buchmann d\u00e9cide de partir un an faire le tour du monde.\" \/>\n<meta property=\"og:url\" content=\"https:\/\/maison4tiers.com\/maisonnette\/product\/gabriel-et-la-montage\/\" \/>\n<meta property=\"og:site_name\" content=\"Maisonnette\" \/>\n<meta property=\"article:modified_time\" content=\"2022-01-12T18:59:17+00:00\" \/>\n<meta property=\"og:image\" content=\"https:\/\/maison4tiers.com\/maisonnette\/wp-content\/uploads\/sites\/77\/2021\/02\/Gabriel_affiche_BOUTIQUE_720x1080.jpg\" \/>\n\t<meta property=\"og:image:width\" content=\"720\" \/>\n\t<meta property=\"og:image:height\" content=\"1080\" \/>\n\t<meta property=\"og:image:type\" content=\"image\/jpeg\" \/>\n<meta name=\"twitter:card\" content=\"summary_large_image\" \/>\n<meta name=\"twitter:title\" content=\"Gabriel et la montagne\" \/>\n<meta name=\"twitter:description\" content=\"Gabriel et la montagne. Avant d\u2019int\u00e9grer une prestigieuse universit\u00e9 am\u00e9ricaine, Gabriel Buchmann d\u00e9cide de partir un an faire le tour du monde.\" \/>\n<meta name=\"twitter:image\" content=\"https:\/\/maison4tiers.com\/maisonnette\/wp-content\/uploads\/sites\/77\/2021\/02\/Gabriel_affiche_BOUTIQUE_720x1080.jpg\" \/>\n<script type=\"application\/ld+json\" class=\"yoast-schema-graph\">{\"@context\":\"https:\/\/schema.org\",\"@graph\":[{\"@type\":\"WebPage\",\"@id\":\"https:\/\/maison4tiers.com\/maisonnette\/product\/gabriel-et-la-montage\/\",\"url\":\"https:\/\/maison4tiers.com\/maisonnette\/product\/gabriel-et-la-montage\/\",\"name\":\"Gabriel et la montagne - Documentaire - Maisonnette - \u00c9coutez maintenant\",\"isPartOf\":{\"@id\":\"https:\/\/maison4tiers.com\/maisonnette\/#website\"},\"primaryImageOfPage\":{\"@id\":\"https:\/\/maison4tiers.com\/maisonnette\/product\/gabriel-et-la-montage\/#primaryimage\"},\"image\":{\"@id\":\"https:\/\/maison4tiers.com\/maisonnette\/product\/gabriel-et-la-montage\/#primaryimage\"},\"thumbnailUrl\":\"https:\/\/maison4tiers.com\/maisonnette\/wp-content\/uploads\/sites\/77\/2021\/02\/Gabriel_affiche_BOUTIQUE_720x1080.jpg\",\"datePublished\":\"2017-01-06T04:00:53+00:00\",\"dateModified\":\"2022-01-12T18:59:17+00:00\",\"description\":\"Gabriel et la montagne. Avant d\u2019int\u00e9grer une prestigieuse universit\u00e9 am\u00e9ricaine, Gabriel Buchmann d\u00e9cide de partir un an faire le tour du monde.\",\"breadcrumb\":{\"@id\":\"https:\/\/maison4tiers.com\/maisonnette\/product\/gabriel-et-la-montage\/#breadcrumb\"},\"inLanguage\":\"fr-FR\",\"potentialAction\":[{\"@type\":\"ReadAction\",\"target\":[\"https:\/\/maison4tiers.com\/maisonnette\/product\/gabriel-et-la-montage\/\"]}]},{\"@type\":\"ImageObject\",\"inLanguage\":\"fr-FR\",\"@id\":\"https:\/\/maison4tiers.com\/maisonnette\/product\/gabriel-et-la-montage\/#primaryimage\",\"url\":\"https:\/\/maison4tiers.com\/maisonnette\/wp-content\/uploads\/sites\/77\/2021\/02\/Gabriel_affiche_BOUTIQUE_720x1080.jpg\",\"contentUrl\":\"https:\/\/maison4tiers.com\/maisonnette\/wp-content\/uploads\/sites\/77\/2021\/02\/Gabriel_affiche_BOUTIQUE_720x1080.jpg\",\"width\":720,\"height\":1080,\"caption\":\"Gabriel et la montagne\"},{\"@type\":\"BreadcrumbList\",\"@id\":\"https:\/\/maison4tiers.com\/maisonnette\/product\/gabriel-et-la-montage\/#breadcrumb\",\"itemListElement\":[{\"@type\":\"ListItem\",\"position\":1,\"name\":\"Home\",\"item\":\"https:\/\/maison4tiers.com\/maisonnette\/\"},{\"@type\":\"ListItem\",\"position\":2,\"name\":\"Films\",\"item\":\"https:\/\/maison4tiers.com\/maisonnette\/?page_id=35\"},{\"@type\":\"ListItem\",\"position\":3,\"name\":\"Gabriel et la montagne\"}]},{\"@type\":\"WebSite\",\"@id\":\"https:\/\/maison4tiers.com\/maisonnette\/#website\",\"url\":\"https:\/\/maison4tiers.com\/maisonnette\/\",\"name\":\"Maisonnette\",\"description\":\"Distribution multiplateforme de films qu\u00e9b\u00e9cois et internationaux\",\"publisher\":{\"@id\":\"https:\/\/maison4tiers.com\/maisonnette\/#organization\"},\"potentialAction\":[{\"@type\":\"SearchAction\",\"target\":{\"@type\":\"EntryPoint\",\"urlTemplate\":\"https:\/\/maison4tiers.com\/maisonnette\/?s={search_term_string}\"},\"query-input\":{\"@type\":\"PropertyValueSpecification\",\"valueRequired\":true,\"valueName\":\"search_term_string\"}}],\"inLanguage\":\"fr-FR\"},{\"@type\":\"Organization\",\"@id\":\"https:\/\/maison4tiers.com\/maisonnette\/#organization\",\"name\":\"Maisonnette\",\"url\":\"https:\/\/maison4tiers.com\/maisonnette\/\",\"logo\":{\"@type\":\"ImageObject\",\"inLanguage\":\"fr-FR\",\"@id\":\"https:\/\/maison4tiers.com\/maisonnette\/#\/schema\/logo\/image\/\",\"url\":\"https:\/\/maison4tiers.com\/maisonnette\/wp-content\/uploads\/sites\/77\/2020\/11\/favicon-196.png\",\"contentUrl\":\"https:\/\/maison4tiers.com\/maisonnette\/wp-content\/uploads\/sites\/77\/2020\/11\/favicon-196.png\",\"width\":196,\"height\":196,\"caption\":\"Maisonnette\"},\"image\":{\"@id\":\"https:\/\/maison4tiers.com\/maisonnette\/#\/schema\/logo\/image\/\"}}]}<\/script>\n<!-- \/ Yoast SEO plugin. -->","yoast_head_json":{"title":"Gabriel et la montagne - Documentaire - Maisonnette - \u00c9coutez maintenant","description":"Gabriel et la montagne. Avant d\u2019int\u00e9grer une prestigieuse universit\u00e9 am\u00e9ricaine, Gabriel Buchmann d\u00e9cide de partir un an faire le tour du monde.","robots":{"index":"noindex","follow":"follow","max-snippet":"max-snippet:-1","max-image-preview":"max-image-preview:large","max-video-preview":"max-video-preview:-1"},"og_locale":"fr_FR","og_type":"article","og_title":"Gabriel et la montagne","og_description":"Gabriel et la montagne. Avant d\u2019int\u00e9grer une prestigieuse universit\u00e9 am\u00e9ricaine, Gabriel Buchmann d\u00e9cide de partir un an faire le tour du monde.","og_url":"https:\/\/maison4tiers.com\/maisonnette\/product\/gabriel-et-la-montage\/","og_site_name":"Maisonnette","article_modified_time":"2022-01-12T18:59:17+00:00","og_image":[{"width":720,"height":1080,"url":"https:\/\/maison4tiers.com\/maisonnette\/wp-content\/uploads\/sites\/77\/2021\/02\/Gabriel_affiche_BOUTIQUE_720x1080.jpg","type":"image\/jpeg"}],"twitter_card":"summary_large_image","twitter_title":"Gabriel et la montagne","twitter_description":"Gabriel et la montagne. Avant d\u2019int\u00e9grer une prestigieuse universit\u00e9 am\u00e9ricaine, Gabriel Buchmann d\u00e9cide de partir un an faire le tour du monde.","twitter_image":"https:\/\/maison4tiers.com\/maisonnette\/wp-content\/uploads\/sites\/77\/2021\/02\/Gabriel_affiche_BOUTIQUE_720x1080.jpg","schema":{"@context":"https:\/\/schema.org","@graph":[{"@type":"WebPage","@id":"https:\/\/maison4tiers.com\/maisonnette\/product\/gabriel-et-la-montage\/","url":"https:\/\/maison4tiers.com\/maisonnette\/product\/gabriel-et-la-montage\/","name":"Gabriel et la montagne - Documentaire - Maisonnette - \u00c9coutez maintenant","isPartOf":{"@id":"https:\/\/maison4tiers.com\/maisonnette\/#website"},"primaryImageOfPage":{"@id":"https:\/\/maison4tiers.com\/maisonnette\/product\/gabriel-et-la-montage\/#primaryimage"},"image":{"@id":"https:\/\/maison4tiers.com\/maisonnette\/product\/gabriel-et-la-montage\/#primaryimage"},"thumbnailUrl":"https:\/\/maison4tiers.com\/maisonnette\/wp-content\/uploads\/sites\/77\/2021\/02\/Gabriel_affiche_BOUTIQUE_720x1080.jpg","datePublished":"2017-01-06T04:00:53+00:00","dateModified":"2022-01-12T18:59:17+00:00","description":"Gabriel et la montagne. Avant d\u2019int\u00e9grer une prestigieuse universit\u00e9 am\u00e9ricaine, Gabriel Buchmann d\u00e9cide de partir un an faire le tour du monde.","breadcrumb":{"@id":"https:\/\/maison4tiers.com\/maisonnette\/product\/gabriel-et-la-montage\/#breadcrumb"},"inLanguage":"fr-FR","potentialAction":[{"@type":"ReadAction","target":["https:\/\/maison4tiers.com\/maisonnette\/product\/gabriel-et-la-montage\/"]}]},{"@type":"ImageObject","inLanguage":"fr-FR","@id":"https:\/\/maison4tiers.com\/maisonnette\/product\/gabriel-et-la-montage\/#primaryimage","url":"https:\/\/maison4tiers.com\/maisonnette\/wp-content\/uploads\/sites\/77\/2021\/02\/Gabriel_affiche_BOUTIQUE_720x1080.jpg","contentUrl":"https:\/\/maison4tiers.com\/maisonnette\/wp-content\/uploads\/sites\/77\/2021\/02\/Gabriel_affiche_BOUTIQUE_720x1080.jpg","width":720,"height":1080,"caption":"Gabriel et la montagne"},{"@type":"BreadcrumbList","@id":"https:\/\/maison4tiers.com\/maisonnette\/product\/gabriel-et-la-montage\/#breadcrumb","itemListElement":[{"@type":"ListItem","position":1,"name":"Home","item":"https:\/\/maison4tiers.com\/maisonnette\/"},{"@type":"ListItem","position":2,"name":"Films","item":"https:\/\/maison4tiers.com\/maisonnette\/?page_id=35"},{"@type":"ListItem","position":3,"name":"Gabriel et la montagne"}]},{"@type":"WebSite","@id":"https:\/\/maison4tiers.com\/maisonnette\/#website","url":"https:\/\/maison4tiers.com\/maisonnette\/","name":"Maisonnette","description":"Distribution multiplateforme de films qu\u00e9b\u00e9cois et internationaux","publisher":{"@id":"https:\/\/maison4tiers.com\/maisonnette\/#organization"},"potentialAction":[{"@type":"SearchAction","target":{"@type":"EntryPoint","urlTemplate":"https:\/\/maison4tiers.com\/maisonnette\/?s={search_term_string}"},"query-input":{"@type":"PropertyValueSpecification","valueRequired":true,"valueName":"search_term_string"}}],"inLanguage":"fr-FR"},{"@type":"Organization","@id":"https:\/\/maison4tiers.com\/maisonnette\/#organization","name":"Maisonnette","url":"https:\/\/maison4tiers.com\/maisonnette\/","logo":{"@type":"ImageObject","inLanguage":"fr-FR","@id":"https:\/\/maison4tiers.com\/maisonnette\/#\/schema\/logo\/image\/","url":"https:\/\/maison4tiers.com\/maisonnette\/wp-content\/uploads\/sites\/77\/2020\/11\/favicon-196.png","contentUrl":"https:\/\/maison4tiers.com\/maisonnette\/wp-content\/uploads\/sites\/77\/2020\/11\/favicon-196.png","width":196,"height":196,"caption":"Maisonnette"},"image":{"@id":"https:\/\/maison4tiers.com\/maisonnette\/#\/schema\/logo\/image\/"}}]}},"jetpack_sharing_enabled":true,"_links":{"self":[{"href":"https:\/\/maison4tiers.com\/maisonnette\/wp-json\/wp\/v2\/product\/4463","targetHints":{"allow":["GET"]}}],"collection":[{"href":"https:\/\/maison4tiers.com\/maisonnette\/wp-json\/wp\/v2\/product"}],"about":[{"href":"https:\/\/maison4tiers.com\/maisonnette\/wp-json\/wp\/v2\/types\/product"}],"wp:featuredmedia":[{"embeddable":true,"href":"https:\/\/maison4tiers.com\/maisonnette\/wp-json\/wp\/v2\/media\/4239"}],"wp:attachment":[{"href":"https:\/\/maison4tiers.com\/maisonnette\/wp-json\/wp\/v2\/media?parent=4463"}],"wp:term":[{"taxonomy":"product_brand","embeddable":true,"href":"https:\/\/maison4tiers.com\/maisonnette\/wp-json\/wp\/v2\/product_brand?post=4463"},{"taxonomy":"product_cat","embeddable":true,"href":"https:\/\/maison4tiers.com\/maisonnette\/wp-json\/wp\/v2\/product_cat?post=4463"},{"taxonomy":"product_tag","embeddable":true,"href":"https:\/\/maison4tiers.com\/maisonnette\/wp-json\/wp\/v2\/product_tag?post=4463"}],"curies":[{"name":"wp","href":"https:\/\/api.w.org\/{rel}","templated":true}]}}