{"id":22194,"date":"2024-04-29T15:59:06","date_gmt":"2024-04-29T19:59:06","guid":{"rendered":"https:\/\/maison4tiers.com\/?post_type=product&#038;p=22194"},"modified":"2024-09-24T10:40:47","modified_gmt":"2024-09-24T14:40:47","slug":"lafontedesglaces","status":"publish","type":"product","link":"https:\/\/maison4tiers.com\/maisonnette\/product\/lafontedesglaces\/","title":{"rendered":"LA FONTE DES GLACES"},"excerpt":{"rendered":"<h4><strong>MAINTENANT DISPONIBLE EN DVD ET VID\u00c9O SUR DEMANDE !\u00a0<\/strong><\/h4>\n<p>Louise Denoncourt, une agente de lib\u00e9ration conditionnelle, op\u00e8re une aile exp\u00e9rimentale de r\u00e9habilitation pour meurtriers. Un nouveau d\u00e9tenu qu\u2019elle doit prendre \u00e0 sa charge est soup\u00e7onn\u00e9 d\u2019avoir tu\u00e9 sa m\u00e8re. Rong\u00e9e par le doute, Louise s\u2019engage dans une mission qui rapidement la d\u00e9passe. Jusqu\u2019o\u00f9 ira-t-elle pour pr\u00e9venir toute r\u00e9cidive?<\/p>\n<blockquote><p><em>\u00ab <\/em>L&rsquo;ensemble est d\u00e9fendu avec fougue et conviction par le duo form\u00e9 de Christine Beaulieu et du trop rare Lothaire Bluteau. <em>\u00bb<\/em><\/p>\n<p><a href=\"https:\/\/www.cinoche.com\/films\/la-fonte-des-glaces\/critiques\/apres-l-hiver-le-printemps\" target=\"_blank\" rel=\"noopener\"><strong>\u00a0\u2013 CINOCHE\u00a0<\/strong><\/a><\/p>\n<p><em>\u00ab <\/em>Du c\u00f4t\u00e9 de la r\u00e9alisation, Fran\u00e7ois P\u00e9loquin d\u00e9ploie des tr\u00e9sors d&rsquo;imagination afin de maintenir dynamisme et mouvement. <em>\u00bb<\/em><\/p>\n<p><a href=\"https:\/\/www.ledevoir.com\/culture\/cinema\/809494\/fonte-glaces-eau-noire-eau-trouble\" target=\"_blank\" rel=\"noopener\"><strong>\u00a0\u2013 LE DEVOIR\u00a0<\/strong><\/a><\/p>\n<p>\u00ab&#8230;l&rsquo;hyper-talentueuse Christine Beaulieu insuffle d&rsquo;infinies nuances de d\u00e9termination puis de doute, d&rsquo;imperturbabilit\u00e9 puis de vuln\u00e9rabilit\u00e9. <em>\u00bb<\/em><br \/>\n<a href=\"https:\/\/www.ledevoir.com\/culture\/cinema\/809494\/fonte-glaces-eau-noire-eau-trouble\" target=\"_blank\" rel=\"noopener\"><strong>\u00a0\u2013 LE DEVOIR\u00a0<\/strong><\/a><\/p>\n<p>\u00ab Lothaire Bluteau est brillant, il a cr\u00e9\u00e9 un personnage que je n&rsquo;ai jamais vu ailleurs. <em>\u00bb<\/em><\/p>\n<p><strong>\u00a0\u2013RADIO-CANADA\u00a0<\/strong><\/p><\/blockquote>\n<p><a href=\"https:\/\/maison4tiers.com\/categorie-produit\/film\/drame\/\" target=\"_blank\" rel=\"noopener\"><span style=\"text-decoration: underline;\">Voir les autres films dramatique\u00a0<\/span><\/a><\/p>\n<p>*Disponible au Canada seulement<\/p>\n","protected":false},"featured_media":22205,"template":"","meta":{"_acf_changed":false,"_eb_attr":""},"product_brand":[],"product_cat":[105,120,45,119,122,121,131,142],"product_tag":[1099,992,276,324,1106,1102,1101,866,1104,1100,1103,1105,253],"class_list":{"0":"post-22194","1":"product","2":"type-product","3":"status-publish","4":"has-post-thumbnail","6":"product_cat-drame","7":"product_cat-fiction","8":"product_cat-film","9":"product_cat-quebecois","10":"product_cat-reflexion","11":"product_cat-societe","12":"product_cat-touslesfilms","13":"product_cat-numerique","14":"product_tag-christine-beaulieu","15":"product_tag-cinema-quebecois","16":"product_tag-drame","17":"product_tag-enquete","18":"product_tag-films-dici","19":"product_tag-fonte","20":"product_tag-glace","21":"product_tag-hiver","22":"product_tag-justice-reparatrice","23":"product_tag-lothaire-bluteau","24":"product_tag-milieu-carceral","25":"product_tag-rehabilitation","26":"product_tag-thriller","28":"first","29":"instock","30":"taxable","31":"shipping-taxable","32":"purchasable","33":"product-type-variable","34":"has-default-attributes"},"acf":[],"yoast_head":"<!-- This site is optimized with the Yoast SEO plugin v27.0 - https:\/\/yoast.com\/product\/yoast-seo-wordpress\/ -->\n<title>LA FONTE DES GLACES - Maisonnette - Un film de Fran\u00e7ois P\u00e9loquin - \u00c0 voir !<\/title>\n<meta name=\"description\" content=\"La fonte des glaces - Louise Denoncourt, une agente de lib\u00e9ration conditionnelle, op\u00e8re une aile exp\u00e9rimentale de r\u00e9habilitation pour meurtriers.\" \/>\n<meta name=\"robots\" content=\"noindex, follow, max-snippet:-1, max-image-preview:large, max-video-preview:-1\" \/>\n<meta property=\"og:locale\" content=\"fr_FR\" \/>\n<meta property=\"og:type\" content=\"article\" \/>\n<meta property=\"og:title\" content=\"La fonte des glaces\" \/>\n<meta property=\"og:description\" content=\"La fonte des glaces - Louise Denoncourt, une agente de lib\u00e9ration conditionnelle, op\u00e8re une aile exp\u00e9rimentale de r\u00e9habilitation pour meurtriers.\" \/>\n<meta property=\"og:url\" content=\"https:\/\/maison4tiers.com\/maisonnette\/product\/lafontedesglaces\/\" \/>\n<meta property=\"og:site_name\" content=\"Maisonnette\" \/>\n<meta property=\"article:modified_time\" content=\"2024-09-24T14:40:47+00:00\" \/>\n<meta property=\"og:image\" content=\"https:\/\/maison4tiers.com\/maisonnette\/wp-content\/uploads\/sites\/77\/2024\/04\/FonteGlaces_WEB_affiche_LR-scaled.jpg\" \/>\n\t<meta property=\"og:image:width\" content=\"1772\" \/>\n\t<meta property=\"og:image:height\" content=\"2560\" \/>\n\t<meta property=\"og:image:type\" content=\"image\/jpeg\" \/>\n<meta name=\"twitter:card\" content=\"summary_large_image\" \/>\n<meta name=\"twitter:title\" content=\"La fonte des glaces\" \/>\n<meta name=\"twitter:description\" content=\"La fonte des glaces - Louise Denoncourt, une agente de lib\u00e9ration conditionnelle, op\u00e8re une aile exp\u00e9rimentale de r\u00e9habilitation pour meurtriers.\" \/>\n<meta name=\"twitter:image\" content=\"https:\/\/maison4tiers.com\/maisonnette\/wp-content\/uploads\/sites\/77\/2024\/04\/FonteGlaces_WEB_affiche_LR-scaled.jpg\" \/>\n<meta name=\"twitter:label1\" content=\"Dur\u00e9e de lecture estim\u00e9e\" \/>\n\t<meta name=\"twitter:data1\" content=\"1 minute\" \/>\n<script type=\"application\/ld+json\" class=\"yoast-schema-graph\">{\"@context\":\"https:\/\/schema.org\",\"@graph\":[{\"@type\":\"WebPage\",\"@id\":\"https:\/\/maison4tiers.com\/maisonnette\/product\/lafontedesglaces\/\",\"url\":\"https:\/\/maison4tiers.com\/maisonnette\/product\/lafontedesglaces\/\",\"name\":\"LA FONTE DES GLACES - Maisonnette - Un film de Fran\u00e7ois P\u00e9loquin - \u00c0 voir !\",\"isPartOf\":{\"@id\":\"https:\/\/maison4tiers.com\/maisonnette\/#website\"},\"primaryImageOfPage\":{\"@id\":\"https:\/\/maison4tiers.com\/maisonnette\/product\/lafontedesglaces\/#primaryimage\"},\"image\":{\"@id\":\"https:\/\/maison4tiers.com\/maisonnette\/product\/lafontedesglaces\/#primaryimage\"},\"thumbnailUrl\":\"https:\/\/maison4tiers.com\/maisonnette\/wp-content\/uploads\/sites\/77\/2024\/04\/FonteGlaces_WEB_affiche_LR-scaled.jpg\",\"datePublished\":\"2024-04-29T19:59:06+00:00\",\"dateModified\":\"2024-09-24T14:40:47+00:00\",\"description\":\"La fonte des glaces - Louise Denoncourt, une agente de lib\u00e9ration conditionnelle, op\u00e8re une aile exp\u00e9rimentale de r\u00e9habilitation pour meurtriers.\",\"breadcrumb\":{\"@id\":\"https:\/\/maison4tiers.com\/maisonnette\/product\/lafontedesglaces\/#breadcrumb\"},\"inLanguage\":\"fr-FR\",\"potentialAction\":[{\"@type\":\"ReadAction\",\"target\":[\"https:\/\/maison4tiers.com\/maisonnette\/product\/lafontedesglaces\/\"]}]},{\"@type\":\"ImageObject\",\"inLanguage\":\"fr-FR\",\"@id\":\"https:\/\/maison4tiers.com\/maisonnette\/product\/lafontedesglaces\/#primaryimage\",\"url\":\"https:\/\/maison4tiers.com\/maisonnette\/wp-content\/uploads\/sites\/77\/2024\/04\/FonteGlaces_WEB_affiche_LR-scaled.jpg\",\"contentUrl\":\"https:\/\/maison4tiers.com\/maisonnette\/wp-content\/uploads\/sites\/77\/2024\/04\/FonteGlaces_WEB_affiche_LR-scaled.jpg\",\"width\":1772,\"height\":2560},{\"@type\":\"BreadcrumbList\",\"@id\":\"https:\/\/maison4tiers.com\/maisonnette\/product\/lafontedesglaces\/#breadcrumb\",\"itemListElement\":[{\"@type\":\"ListItem\",\"position\":1,\"name\":\"Home\",\"item\":\"https:\/\/maison4tiers.com\/maisonnette\/\"},{\"@type\":\"ListItem\",\"position\":2,\"name\":\"Films\",\"item\":\"https:\/\/maison4tiers.com\/maisonnette\/?page_id=35\"},{\"@type\":\"ListItem\",\"position\":3,\"name\":\"LA FONTE DES GLACES\"}]},{\"@type\":\"WebSite\",\"@id\":\"https:\/\/maison4tiers.com\/maisonnette\/#website\",\"url\":\"https:\/\/maison4tiers.com\/maisonnette\/\",\"name\":\"Maisonnette\",\"description\":\"Distribution multiplateforme de films qu\u00e9b\u00e9cois et internationaux\",\"publisher\":{\"@id\":\"https:\/\/maison4tiers.com\/maisonnette\/#organization\"},\"potentialAction\":[{\"@type\":\"SearchAction\",\"target\":{\"@type\":\"EntryPoint\",\"urlTemplate\":\"https:\/\/maison4tiers.com\/maisonnette\/?s={search_term_string}\"},\"query-input\":{\"@type\":\"PropertyValueSpecification\",\"valueRequired\":true,\"valueName\":\"search_term_string\"}}],\"inLanguage\":\"fr-FR\"},{\"@type\":\"Organization\",\"@id\":\"https:\/\/maison4tiers.com\/maisonnette\/#organization\",\"name\":\"Maisonnette\",\"url\":\"https:\/\/maison4tiers.com\/maisonnette\/\",\"logo\":{\"@type\":\"ImageObject\",\"inLanguage\":\"fr-FR\",\"@id\":\"https:\/\/maison4tiers.com\/maisonnette\/#\/schema\/logo\/image\/\",\"url\":\"https:\/\/maison4tiers.com\/maisonnette\/wp-content\/uploads\/sites\/77\/2020\/11\/favicon-196.png\",\"contentUrl\":\"https:\/\/maison4tiers.com\/maisonnette\/wp-content\/uploads\/sites\/77\/2020\/11\/favicon-196.png\",\"width\":196,\"height\":196,\"caption\":\"Maisonnette\"},\"image\":{\"@id\":\"https:\/\/maison4tiers.com\/maisonnette\/#\/schema\/logo\/image\/\"}}]}<\/script>\n<!-- \/ Yoast SEO plugin. -->","yoast_head_json":{"title":"LA FONTE DES GLACES - Maisonnette - Un film de Fran\u00e7ois P\u00e9loquin - \u00c0 voir !","description":"La fonte des glaces - Louise Denoncourt, une agente de lib\u00e9ration conditionnelle, op\u00e8re une aile exp\u00e9rimentale de r\u00e9habilitation pour meurtriers.","robots":{"index":"noindex","follow":"follow","max-snippet":"max-snippet:-1","max-image-preview":"max-image-preview:large","max-video-preview":"max-video-preview:-1"},"og_locale":"fr_FR","og_type":"article","og_title":"La fonte des glaces","og_description":"La fonte des glaces - Louise Denoncourt, une agente de lib\u00e9ration conditionnelle, op\u00e8re une aile exp\u00e9rimentale de r\u00e9habilitation pour meurtriers.","og_url":"https:\/\/maison4tiers.com\/maisonnette\/product\/lafontedesglaces\/","og_site_name":"Maisonnette","article_modified_time":"2024-09-24T14:40:47+00:00","og_image":[{"width":1772,"height":2560,"url":"https:\/\/maison4tiers.com\/maisonnette\/wp-content\/uploads\/sites\/77\/2024\/04\/FonteGlaces_WEB_affiche_LR-scaled.jpg","type":"image\/jpeg"}],"twitter_card":"summary_large_image","twitter_title":"La fonte des glaces","twitter_description":"La fonte des glaces - Louise Denoncourt, une agente de lib\u00e9ration conditionnelle, op\u00e8re une aile exp\u00e9rimentale de r\u00e9habilitation pour meurtriers.","twitter_image":"https:\/\/maison4tiers.com\/maisonnette\/wp-content\/uploads\/sites\/77\/2024\/04\/FonteGlaces_WEB_affiche_LR-scaled.jpg","twitter_misc":{"Dur\u00e9e de lecture estim\u00e9e":"1 minute"},"schema":{"@context":"https:\/\/schema.org","@graph":[{"@type":"WebPage","@id":"https:\/\/maison4tiers.com\/maisonnette\/product\/lafontedesglaces\/","url":"https:\/\/maison4tiers.com\/maisonnette\/product\/lafontedesglaces\/","name":"LA FONTE DES GLACES - Maisonnette - Un film de Fran\u00e7ois P\u00e9loquin - \u00c0 voir !","isPartOf":{"@id":"https:\/\/maison4tiers.com\/maisonnette\/#website"},"primaryImageOfPage":{"@id":"https:\/\/maison4tiers.com\/maisonnette\/product\/lafontedesglaces\/#primaryimage"},"image":{"@id":"https:\/\/maison4tiers.com\/maisonnette\/product\/lafontedesglaces\/#primaryimage"},"thumbnailUrl":"https:\/\/maison4tiers.com\/maisonnette\/wp-content\/uploads\/sites\/77\/2024\/04\/FonteGlaces_WEB_affiche_LR-scaled.jpg","datePublished":"2024-04-29T19:59:06+00:00","dateModified":"2024-09-24T14:40:47+00:00","description":"La fonte des glaces - Louise Denoncourt, une agente de lib\u00e9ration conditionnelle, op\u00e8re une aile exp\u00e9rimentale de r\u00e9habilitation pour meurtriers.","breadcrumb":{"@id":"https:\/\/maison4tiers.com\/maisonnette\/product\/lafontedesglaces\/#breadcrumb"},"inLanguage":"fr-FR","potentialAction":[{"@type":"ReadAction","target":["https:\/\/maison4tiers.com\/maisonnette\/product\/lafontedesglaces\/"]}]},{"@type":"ImageObject","inLanguage":"fr-FR","@id":"https:\/\/maison4tiers.com\/maisonnette\/product\/lafontedesglaces\/#primaryimage","url":"https:\/\/maison4tiers.com\/maisonnette\/wp-content\/uploads\/sites\/77\/2024\/04\/FonteGlaces_WEB_affiche_LR-scaled.jpg","contentUrl":"https:\/\/maison4tiers.com\/maisonnette\/wp-content\/uploads\/sites\/77\/2024\/04\/FonteGlaces_WEB_affiche_LR-scaled.jpg","width":1772,"height":2560},{"@type":"BreadcrumbList","@id":"https:\/\/maison4tiers.com\/maisonnette\/product\/lafontedesglaces\/#breadcrumb","itemListElement":[{"@type":"ListItem","position":1,"name":"Home","item":"https:\/\/maison4tiers.com\/maisonnette\/"},{"@type":"ListItem","position":2,"name":"Films","item":"https:\/\/maison4tiers.com\/maisonnette\/?page_id=35"},{"@type":"ListItem","position":3,"name":"LA FONTE DES GLACES"}]},{"@type":"WebSite","@id":"https:\/\/maison4tiers.com\/maisonnette\/#website","url":"https:\/\/maison4tiers.com\/maisonnette\/","name":"Maisonnette","description":"Distribution multiplateforme de films qu\u00e9b\u00e9cois et internationaux","publisher":{"@id":"https:\/\/maison4tiers.com\/maisonnette\/#organization"},"potentialAction":[{"@type":"SearchAction","target":{"@type":"EntryPoint","urlTemplate":"https:\/\/maison4tiers.com\/maisonnette\/?s={search_term_string}"},"query-input":{"@type":"PropertyValueSpecification","valueRequired":true,"valueName":"search_term_string"}}],"inLanguage":"fr-FR"},{"@type":"Organization","@id":"https:\/\/maison4tiers.com\/maisonnette\/#organization","name":"Maisonnette","url":"https:\/\/maison4tiers.com\/maisonnette\/","logo":{"@type":"ImageObject","inLanguage":"fr-FR","@id":"https:\/\/maison4tiers.com\/maisonnette\/#\/schema\/logo\/image\/","url":"https:\/\/maison4tiers.com\/maisonnette\/wp-content\/uploads\/sites\/77\/2020\/11\/favicon-196.png","contentUrl":"https:\/\/maison4tiers.com\/maisonnette\/wp-content\/uploads\/sites\/77\/2020\/11\/favicon-196.png","width":196,"height":196,"caption":"Maisonnette"},"image":{"@id":"https:\/\/maison4tiers.com\/maisonnette\/#\/schema\/logo\/image\/"}}]}},"jetpack_sharing_enabled":true,"_links":{"self":[{"href":"https:\/\/maison4tiers.com\/maisonnette\/wp-json\/wp\/v2\/product\/22194","targetHints":{"allow":["GET"]}}],"collection":[{"href":"https:\/\/maison4tiers.com\/maisonnette\/wp-json\/wp\/v2\/product"}],"about":[{"href":"https:\/\/maison4tiers.com\/maisonnette\/wp-json\/wp\/v2\/types\/product"}],"wp:featuredmedia":[{"embeddable":true,"href":"https:\/\/maison4tiers.com\/maisonnette\/wp-json\/wp\/v2\/media\/22205"}],"wp:attachment":[{"href":"https:\/\/maison4tiers.com\/maisonnette\/wp-json\/wp\/v2\/media?parent=22194"}],"wp:term":[{"taxonomy":"product_brand","embeddable":true,"href":"https:\/\/maison4tiers.com\/maisonnette\/wp-json\/wp\/v2\/product_brand?post=22194"},{"taxonomy":"product_cat","embeddable":true,"href":"https:\/\/maison4tiers.com\/maisonnette\/wp-json\/wp\/v2\/product_cat?post=22194"},{"taxonomy":"product_tag","embeddable":true,"href":"https:\/\/maison4tiers.com\/maisonnette\/wp-json\/wp\/v2\/product_tag?post=22194"}],"curies":[{"name":"wp","href":"https:\/\/api.w.org\/{rel}","templated":true}]}}