{"id":13105,"date":"2023-03-23T11:39:52","date_gmt":"2023-03-23T15:39:52","guid":{"rendered":"https:\/\/maison4tiers.com\/?page_id=13105"},"modified":"2024-04-04T09:37:28","modified_gmt":"2024-04-04T13:37:28","slug":"emplois","status":"publish","type":"page","link":"https:\/\/maison4tiers.com\/maisonnette\/emplois\/","title":{"rendered":"Emplois"},"content":{"rendered":"\t\t<div data-elementor-type=\"wp-page\" data-elementor-id=\"13105\" class=\"elementor elementor-13105\" data-elementor-post-type=\"page\">\n\t\t\t\t\t\t<section data-particle_enable=\"false\" data-particle-mobile-disabled=\"false\" class=\"elementor-section elementor-top-section elementor-element elementor-element-0c57e39 elementor-section-boxed elementor-section-height-default elementor-section-height-default qodef-elementor-content-no\" data-id=\"0c57e39\" data-element_type=\"section\" data-e-type=\"section\">\n\t\t\t\t\t\t<div class=\"elementor-container elementor-column-gap-default\">\n\t\t\t\t\t<div class=\"elementor-column elementor-col-100 elementor-top-column elementor-element elementor-element-bae4312\" data-id=\"bae4312\" data-element_type=\"column\" data-e-type=\"column\">\n\t\t\t<div class=\"elementor-widget-wrap elementor-element-populated\">\n\t\t\t\t\t\t<div class=\"elementor-element elementor-element-8d18c47 elementor-widget elementor-widget-eael-lightbox\" data-id=\"8d18c47\" data-element_type=\"widget\" data-e-type=\"widget\" data-widget_type=\"eael-lightbox.default\">\n\t\t\t\t<div class=\"elementor-widget-container\">\n\t\t\t\t\t\n\n\t\t<div data-lightbox-type=\"lightbox_type_content\" data-lightbox-type-url=\"\" data-lightbox-trigger-pageload=\"1\" class=\"eael-lightbox-wrapper\" data-trigger=\"eael_lightbox_trigger_button\" data-lightbox-id=\"lightbox_69d4f2696523d\" data-type=\"inline\" data-src=\"#eael-lightbox-window-69d4f2696523d\" data-popup-layout=\"eael-lightbox-popup-standard\" data-main-class=\"eael-lightbox-modal-popup-8d18c47\" data-close_button=\"yes\" data-esc_exit=\"yes\" data-click_exit=\"yes\" data-effect=\"animated \" data-trigger-element=\".eael-modal-popup-link-69d4f2696523d\">\n\t\t\t<div class=\"eael-lightbox-btn\">\n\t\t\t\t<span id=\"btn-eael-lightbox-69d4f2696523d\" class=\"eael-modal-popup-button eael-modal-popup-link eael-modal-popup-link-69d4f2696523d elementor-button elementor-size-md\" tabindex=\"0\">Open Popup<\/span>\t\t\t<\/div><!-- close .eael-lightbox-btn -->\n\t\t<\/div>\n\n\t\t<div class=\"eael-lightbox-popup-window eael-lightbox-popup-window-8d18c47 lightbox_type_content\" id=\"eael-lightbox-window-69d4f2696523d\">\n\t\t\t<div class=\"eael-lightbox-container\">\n\t\t\t\t\t\t\t\t\t<div class=\"eael-lightbox-header\">\n\t\t\t\t\t\t<h2 class=\"eael-lightbox-title\">Merci!<\/h2>\t\t\t\t\t<\/div>\n\t\t\t\t<div class=\"eael-lightbox-content\"><p>Nous avons bien re\u00e7u votre participation, voici d&rsquo;autres promotions qui pourraient vous int\u00e9resser.<\/p><\/div>\t\t\t<\/div>\n\t\t<\/div>\n\t\t\t\t<\/div>\n\t\t\t\t<\/div>\n\t\t\t\t\t<\/div>\n\t\t<\/div>\n\t\t\t\t\t<\/div>\n\t\t<\/section>\n\t\t\t\t<section data-particle_enable=\"false\" data-particle-mobile-disabled=\"false\" class=\"elementor-section elementor-top-section elementor-element elementor-element-6c2c7a9 elementor-section-boxed elementor-section-height-default elementor-section-height-default qodef-elementor-content-no\" data-id=\"6c2c7a9\" data-element_type=\"section\" data-e-type=\"section\">\n\t\t\t\t\t\t<div class=\"elementor-container elementor-column-gap-default\">\n\t\t\t\t\t<div class=\"elementor-column elementor-col-100 elementor-top-column elementor-element elementor-element-76837c5\" data-id=\"76837c5\" data-element_type=\"column\" data-e-type=\"column\">\n\t\t\t<div class=\"elementor-widget-wrap elementor-element-populated\">\n\t\t\t\t\t\t<div class=\"elementor-element elementor-element-63b86cc elementor-widget elementor-widget-pelicula_core_section_title\" data-id=\"63b86cc\" data-element_type=\"widget\" data-e-type=\"widget\" data-widget_type=\"pelicula_core_section_title.default\">\n\t\t\t\t<div class=\"elementor-widget-container\">\n\t\t\t\t\t<div class=\"qodef-shortcode qodef-m qodef-section-title qodef-alignment--left\" data-holder-options=\"{&quot;line-breaks&quot;:&quot;&quot;}\">\n\t\t<h6 class=\"qodef-m-tagline\" >\n\t\tMaisonnette est une compagnie de distribution 100% qu\u00e9b\u00e9coise qui offre du cin\u00e9ma qu\u00e9b\u00e9cois et international de qualit\u00e9. \t<\/h6>\n\t    \t<h2 class=\"qodef-m-title\" >\n\t\t\tD\u00c9COUVREZ NOS OFFRES D'EMPLOI\t<\/h2>\n    \t\t<p class=\"qodef-m-text\" >En tant qu&#039;entreprise en pleine croissance, nous sommes toujours \u00e0 la recherche de nouveaux talents pour rejoindre notre \u00e9quipe. Nous offrons un environnement de travail stimulant et collaboratif, o\u00f9 les employ\u00e9s ont la possibilit\u00e9 de contribuer \u00e0 la mission de l&#039;entreprise et de d\u00e9velopper leurs comp\u00e9tences professionnelles. Si vous \u00eates passionn\u00e9 de cin\u00e9ma et \u00eates \u00e0 la recherche d&#039;un emploi stimulant dans l&#039;industrie, n&#039;h\u00e9sitez pas \u00e0 consulter nos offres et \u00e0 postuler d\u00e8s maintenant !<\/p>\n<\/div>\t\t\t\t<\/div>\n\t\t\t\t<\/div>\n\t\t\t\t<div class=\"elementor-element elementor-element-02f78d5 elementor-widget elementor-widget-eael-logo-carousel\" data-id=\"02f78d5\" data-element_type=\"widget\" data-e-type=\"widget\" data-settings=\"{&quot;items&quot;:{&quot;unit&quot;:&quot;px&quot;,&quot;size&quot;:3,&quot;sizes&quot;:[]},&quot;items_tablet&quot;:{&quot;unit&quot;:&quot;px&quot;,&quot;size&quot;:2,&quot;sizes&quot;:[]},&quot;items_mobile&quot;:{&quot;unit&quot;:&quot;px&quot;,&quot;size&quot;:1,&quot;sizes&quot;:[]}}\" data-widget_type=\"eael-logo-carousel.default\">\n\t\t\t\t<div class=\"elementor-widget-container\">\n\t\t\t\t\t        <div class=\"swiper-container-wrap eael-logo-carousel-wrap swiper-container-wrap-dots-outside\">\n            <div class=\"swiper swiper-8 eael-logo-carousel swiper-container-02f78d5\" data-pagination=\".swiper-pagination-02f78d5\" data-arrow-next=\".swiper-button-next-02f78d5\" data-arrow-prev=\".swiper-button-prev-02f78d5\" data-items-mobile=\"1\" data-items-tablet=\"2\" data-items=\"3\" data-margin=\"10\" data-effect=\"slide\" data-speed=\"197\" data-autoplay=\"999999\" data-arrows=\"1\">\n                <div class=\"swiper-wrapper\">\n\t\t\t\t\t                            <div class=\"swiper-slide\">\n                                <div class=\"eael-lc-logo-wrap\">\n\t\t\t\t\t\t\t\t\t                                    <div id=\"eael-lc-logo-2f44aa4\" class=\"eael-lc-logo\">\n\t\t\t\t\t\t\t\t\t\t<a href=\"https:\/\/maison4tiers.com\/wp-content\/uploads\/sites\/75\/2023\/03\/Poste-Agent-promo-1.pdf\" target=\"_blank\"><img decoding=\"async\" class=\"eael-lc-img-src\" src=\"https:\/\/maison4tiers.com\/wp-content\/uploads\/sites\/75\/2023\/04\/1-1.png\" alt=\"\"><\/a>                                    <\/div>\n\t\t\t\t\t\t\t\t\t                                <\/div>\n                            <\/div>\n\t\t\t\t\t\t                <\/div>\n            <\/div>\n\t\t\t            <!-- Add Pagination -->\n            <div class=\"swiper-pagination swiper-pagination-02f78d5\"><\/div>\n\t\t\t\t\t            <!-- Add Arrows -->\n            <div class=\"swiper-button-next swiper-button-next-02f78d5\">\n\t\t\t\t<i class=\"fas fa-arrow-alt-circle-right\"><\/i>            <\/div>\n            <div class=\"swiper-button-prev swiper-button-prev-02f78d5\">\n\t\t\t\t<i class=\"fas fa-arrow-alt-circle-left\"><\/i>            <\/div>\n\t\t        <\/div>\n\t\t\t\t\t\t<\/div>\n\t\t\t\t<\/div>\n\t\t\t\t\t<\/div>\n\t\t<\/div>\n\t\t\t\t\t<\/div>\n\t\t<\/section>\n\t\t\t\t<\/div>\n\t\t","protected":false},"excerpt":{"rendered":"<p>Open Popup Merci! Nous avons bien re\u00e7u votre participation, voici d&rsquo;autres promotions qui pourraient vous int\u00e9resser. Maisonnette est une compagnie de distribution 100% qu\u00e9b\u00e9coise qui offre du cin\u00e9ma qu\u00e9b\u00e9cois et international de qualit\u00e9. D\u00c9COUVREZ NOS OFFRES D&rsquo;EMPLOI En tant qu&#039;entreprise en pleine croissance, nous sommes toujours \u00e0 la recherche de nouveaux talents pour rejoindre notre [&hellip;]<\/p>\n","protected":false},"author":11,"featured_media":13368,"parent":0,"menu_order":0,"comment_status":"closed","ping_status":"closed","template":"page-full-width.php","meta":{"_acf_changed":false,"_eb_attr":"","footnotes":""},"class_list":["post-13105","page","type-page","status-publish","has-post-thumbnail","hentry"],"acf":[],"yoast_head":"<!-- This site is optimized with the Yoast SEO plugin v27.0 - https:\/\/yoast.com\/product\/yoast-seo-wordpress\/ -->\n<title>Maisonnette - Emplois<\/title>\n<meta name=\"description\" content=\"Maisonnette est une compagnie de distribution 100% qu\u00e9b\u00e9coise qui offre du cin\u00e9ma qu\u00e9b\u00e9cois et international de qualit\u00e9.\" \/>\n<meta name=\"robots\" content=\"noindex, follow, max-snippet:-1, max-image-preview:large, max-video-preview:-1\" \/>\n<meta property=\"og:locale\" content=\"fr_FR\" \/>\n<meta property=\"og:type\" content=\"article\" \/>\n<meta property=\"og:title\" content=\"Emplois\" \/>\n<meta property=\"og:description\" content=\"Maisonnette est une compagnie de distribution 100% qu\u00e9b\u00e9coise qui offre du cin\u00e9ma qu\u00e9b\u00e9cois et international de qualit\u00e9.\" \/>\n<meta property=\"og:url\" content=\"https:\/\/maison4tiers.com\/maisonnette\/emplois\/\" \/>\n<meta property=\"og:site_name\" content=\"Maisonnette\" \/>\n<meta property=\"article:modified_time\" content=\"2024-04-04T13:37:28+00:00\" \/>\n<meta property=\"og:image\" content=\"https:\/\/maison4tiers.com\/maisonnette\/wp-content\/uploads\/sites\/77\/2023\/04\/VISUEL-CONCOURS-CARRE-1.jpg\" \/>\n\t<meta property=\"og:image:width\" content=\"1080\" \/>\n\t<meta property=\"og:image:height\" content=\"1080\" \/>\n\t<meta property=\"og:image:type\" content=\"image\/jpeg\" \/>\n<meta name=\"twitter:card\" content=\"summary_large_image\" \/>\n<meta name=\"twitter:title\" content=\"Emplois\" \/>\n<meta name=\"twitter:description\" content=\"Maisonnette est une compagnie de distribution 100% qu\u00e9b\u00e9coise qui offre du cin\u00e9ma qu\u00e9b\u00e9cois et international de qualit\u00e9.\" \/>\n<meta name=\"twitter:image\" content=\"https:\/\/maison4tiers.com\/maisonnette\/wp-content\/uploads\/sites\/77\/2023\/04\/VISUEL-CONCOURS-CARRE-1.jpg\" \/>\n<meta name=\"twitter:label1\" content=\"Dur\u00e9e de lecture estim\u00e9e\" \/>\n\t<meta name=\"twitter:data1\" content=\"1 minute\" \/>\n<script type=\"application\/ld+json\" class=\"yoast-schema-graph\">{\"@context\":\"https:\/\/schema.org\",\"@graph\":[{\"@type\":\"WebPage\",\"@id\":\"https:\/\/maison4tiers.com\/maisonnette\/emplois\/\",\"url\":\"https:\/\/maison4tiers.com\/maisonnette\/emplois\/\",\"name\":\"Maisonnette - Emplois\",\"isPartOf\":{\"@id\":\"https:\/\/maison4tiers.com\/maisonnette\/#website\"},\"primaryImageOfPage\":{\"@id\":\"https:\/\/maison4tiers.com\/maisonnette\/emplois\/#primaryimage\"},\"image\":{\"@id\":\"https:\/\/maison4tiers.com\/maisonnette\/emplois\/#primaryimage\"},\"thumbnailUrl\":\"https:\/\/maison4tiers.com\/maisonnette\/wp-content\/uploads\/sites\/77\/2023\/04\/VISUEL-CONCOURS-CARRE-1.jpg\",\"datePublished\":\"2023-03-23T15:39:52+00:00\",\"dateModified\":\"2024-04-04T13:37:28+00:00\",\"description\":\"Maisonnette est une compagnie de distribution 100% qu\u00e9b\u00e9coise qui offre du cin\u00e9ma qu\u00e9b\u00e9cois et international de qualit\u00e9.\",\"breadcrumb\":{\"@id\":\"https:\/\/maison4tiers.com\/maisonnette\/emplois\/#breadcrumb\"},\"inLanguage\":\"fr-FR\",\"potentialAction\":[{\"@type\":\"ReadAction\",\"target\":[\"https:\/\/maison4tiers.com\/maisonnette\/emplois\/\"]}]},{\"@type\":\"ImageObject\",\"inLanguage\":\"fr-FR\",\"@id\":\"https:\/\/maison4tiers.com\/maisonnette\/emplois\/#primaryimage\",\"url\":\"https:\/\/maison4tiers.com\/maisonnette\/wp-content\/uploads\/sites\/77\/2023\/04\/VISUEL-CONCOURS-CARRE-1.jpg\",\"contentUrl\":\"https:\/\/maison4tiers.com\/maisonnette\/wp-content\/uploads\/sites\/77\/2023\/04\/VISUEL-CONCOURS-CARRE-1.jpg\",\"width\":1080,\"height\":1080},{\"@type\":\"BreadcrumbList\",\"@id\":\"https:\/\/maison4tiers.com\/maisonnette\/emplois\/#breadcrumb\",\"itemListElement\":[{\"@type\":\"ListItem\",\"position\":1,\"name\":\"Home\",\"item\":\"https:\/\/maison4tiers.com\/maisonnette\/\"},{\"@type\":\"ListItem\",\"position\":2,\"name\":\"Emplois\"}]},{\"@type\":\"WebSite\",\"@id\":\"https:\/\/maison4tiers.com\/maisonnette\/#website\",\"url\":\"https:\/\/maison4tiers.com\/maisonnette\/\",\"name\":\"Maisonnette\",\"description\":\"Distribution multiplateforme de films qu\u00e9b\u00e9cois et internationaux\",\"publisher\":{\"@id\":\"https:\/\/maison4tiers.com\/maisonnette\/#organization\"},\"potentialAction\":[{\"@type\":\"SearchAction\",\"target\":{\"@type\":\"EntryPoint\",\"urlTemplate\":\"https:\/\/maison4tiers.com\/maisonnette\/?s={search_term_string}\"},\"query-input\":{\"@type\":\"PropertyValueSpecification\",\"valueRequired\":true,\"valueName\":\"search_term_string\"}}],\"inLanguage\":\"fr-FR\"},{\"@type\":\"Organization\",\"@id\":\"https:\/\/maison4tiers.com\/maisonnette\/#organization\",\"name\":\"Maisonnette\",\"url\":\"https:\/\/maison4tiers.com\/maisonnette\/\",\"logo\":{\"@type\":\"ImageObject\",\"inLanguage\":\"fr-FR\",\"@id\":\"https:\/\/maison4tiers.com\/maisonnette\/#\/schema\/logo\/image\/\",\"url\":\"https:\/\/maison4tiers.com\/maisonnette\/wp-content\/uploads\/sites\/77\/2020\/11\/favicon-196.png\",\"contentUrl\":\"https:\/\/maison4tiers.com\/maisonnette\/wp-content\/uploads\/sites\/77\/2020\/11\/favicon-196.png\",\"width\":196,\"height\":196,\"caption\":\"Maisonnette\"},\"image\":{\"@id\":\"https:\/\/maison4tiers.com\/maisonnette\/#\/schema\/logo\/image\/\"}}]}<\/script>\n<!-- \/ Yoast SEO plugin. -->","yoast_head_json":{"title":"Maisonnette - Emplois","description":"Maisonnette est une compagnie de distribution 100% qu\u00e9b\u00e9coise qui offre du cin\u00e9ma qu\u00e9b\u00e9cois et international de qualit\u00e9.","robots":{"index":"noindex","follow":"follow","max-snippet":"max-snippet:-1","max-image-preview":"max-image-preview:large","max-video-preview":"max-video-preview:-1"},"og_locale":"fr_FR","og_type":"article","og_title":"Emplois","og_description":"Maisonnette est une compagnie de distribution 100% qu\u00e9b\u00e9coise qui offre du cin\u00e9ma qu\u00e9b\u00e9cois et international de qualit\u00e9.","og_url":"https:\/\/maison4tiers.com\/maisonnette\/emplois\/","og_site_name":"Maisonnette","article_modified_time":"2024-04-04T13:37:28+00:00","og_image":[{"width":1080,"height":1080,"url":"https:\/\/maison4tiers.com\/maisonnette\/wp-content\/uploads\/sites\/77\/2023\/04\/VISUEL-CONCOURS-CARRE-1.jpg","type":"image\/jpeg"}],"twitter_card":"summary_large_image","twitter_title":"Emplois","twitter_description":"Maisonnette est une compagnie de distribution 100% qu\u00e9b\u00e9coise qui offre du cin\u00e9ma qu\u00e9b\u00e9cois et international de qualit\u00e9.","twitter_image":"https:\/\/maison4tiers.com\/maisonnette\/wp-content\/uploads\/sites\/77\/2023\/04\/VISUEL-CONCOURS-CARRE-1.jpg","twitter_misc":{"Dur\u00e9e de lecture estim\u00e9e":"1 minute"},"schema":{"@context":"https:\/\/schema.org","@graph":[{"@type":"WebPage","@id":"https:\/\/maison4tiers.com\/maisonnette\/emplois\/","url":"https:\/\/maison4tiers.com\/maisonnette\/emplois\/","name":"Maisonnette - Emplois","isPartOf":{"@id":"https:\/\/maison4tiers.com\/maisonnette\/#website"},"primaryImageOfPage":{"@id":"https:\/\/maison4tiers.com\/maisonnette\/emplois\/#primaryimage"},"image":{"@id":"https:\/\/maison4tiers.com\/maisonnette\/emplois\/#primaryimage"},"thumbnailUrl":"https:\/\/maison4tiers.com\/maisonnette\/wp-content\/uploads\/sites\/77\/2023\/04\/VISUEL-CONCOURS-CARRE-1.jpg","datePublished":"2023-03-23T15:39:52+00:00","dateModified":"2024-04-04T13:37:28+00:00","description":"Maisonnette est une compagnie de distribution 100% qu\u00e9b\u00e9coise qui offre du cin\u00e9ma qu\u00e9b\u00e9cois et international de qualit\u00e9.","breadcrumb":{"@id":"https:\/\/maison4tiers.com\/maisonnette\/emplois\/#breadcrumb"},"inLanguage":"fr-FR","potentialAction":[{"@type":"ReadAction","target":["https:\/\/maison4tiers.com\/maisonnette\/emplois\/"]}]},{"@type":"ImageObject","inLanguage":"fr-FR","@id":"https:\/\/maison4tiers.com\/maisonnette\/emplois\/#primaryimage","url":"https:\/\/maison4tiers.com\/maisonnette\/wp-content\/uploads\/sites\/77\/2023\/04\/VISUEL-CONCOURS-CARRE-1.jpg","contentUrl":"https:\/\/maison4tiers.com\/maisonnette\/wp-content\/uploads\/sites\/77\/2023\/04\/VISUEL-CONCOURS-CARRE-1.jpg","width":1080,"height":1080},{"@type":"BreadcrumbList","@id":"https:\/\/maison4tiers.com\/maisonnette\/emplois\/#breadcrumb","itemListElement":[{"@type":"ListItem","position":1,"name":"Home","item":"https:\/\/maison4tiers.com\/maisonnette\/"},{"@type":"ListItem","position":2,"name":"Emplois"}]},{"@type":"WebSite","@id":"https:\/\/maison4tiers.com\/maisonnette\/#website","url":"https:\/\/maison4tiers.com\/maisonnette\/","name":"Maisonnette","description":"Distribution multiplateforme de films qu\u00e9b\u00e9cois et internationaux","publisher":{"@id":"https:\/\/maison4tiers.com\/maisonnette\/#organization"},"potentialAction":[{"@type":"SearchAction","target":{"@type":"EntryPoint","urlTemplate":"https:\/\/maison4tiers.com\/maisonnette\/?s={search_term_string}"},"query-input":{"@type":"PropertyValueSpecification","valueRequired":true,"valueName":"search_term_string"}}],"inLanguage":"fr-FR"},{"@type":"Organization","@id":"https:\/\/maison4tiers.com\/maisonnette\/#organization","name":"Maisonnette","url":"https:\/\/maison4tiers.com\/maisonnette\/","logo":{"@type":"ImageObject","inLanguage":"fr-FR","@id":"https:\/\/maison4tiers.com\/maisonnette\/#\/schema\/logo\/image\/","url":"https:\/\/maison4tiers.com\/maisonnette\/wp-content\/uploads\/sites\/77\/2020\/11\/favicon-196.png","contentUrl":"https:\/\/maison4tiers.com\/maisonnette\/wp-content\/uploads\/sites\/77\/2020\/11\/favicon-196.png","width":196,"height":196,"caption":"Maisonnette"},"image":{"@id":"https:\/\/maison4tiers.com\/maisonnette\/#\/schema\/logo\/image\/"}}]}},"jetpack_sharing_enabled":true,"_links":{"self":[{"href":"https:\/\/maison4tiers.com\/maisonnette\/wp-json\/wp\/v2\/pages\/13105","targetHints":{"allow":["GET"]}}],"collection":[{"href":"https:\/\/maison4tiers.com\/maisonnette\/wp-json\/wp\/v2\/pages"}],"about":[{"href":"https:\/\/maison4tiers.com\/maisonnette\/wp-json\/wp\/v2\/types\/page"}],"author":[{"embeddable":true,"href":"https:\/\/maison4tiers.com\/maisonnette\/wp-json\/wp\/v2\/users\/11"}],"replies":[{"embeddable":true,"href":"https:\/\/maison4tiers.com\/maisonnette\/wp-json\/wp\/v2\/comments?post=13105"}],"version-history":[{"count":3,"href":"https:\/\/maison4tiers.com\/maisonnette\/wp-json\/wp\/v2\/pages\/13105\/revisions"}],"predecessor-version":[{"id":21614,"href":"https:\/\/maison4tiers.com\/maisonnette\/wp-json\/wp\/v2\/pages\/13105\/revisions\/21614"}],"wp:featuredmedia":[{"embeddable":true,"href":"https:\/\/maison4tiers.com\/maisonnette\/wp-json\/wp\/v2\/media\/13368"}],"wp:attachment":[{"href":"https:\/\/maison4tiers.com\/maisonnette\/wp-json\/wp\/v2\/media?parent=13105"}],"curies":[{"name":"wp","href":"https:\/\/api.w.org\/{rel}","templated":true}]}}