{"id":8273,"date":"2022-08-30T12:18:10","date_gmt":"2022-08-30T16:18:10","guid":{"rendered":"https:\/\/maison4tiers.com\/?post_type=product&#038;p=8273"},"modified":"2023-05-15T15:41:21","modified_gmt":"2023-05-15T19:41:21","slug":"un-autre-monde","status":"publish","type":"product","link":"https:\/\/maison4tiers.com\/ecrans-solidaires\/product\/un-autre-monde\/","title":{"rendered":"Un autre monde"},"excerpt":{"rendered":"<div class=\"page\" title=\"Page 3\">\n<div class=\"layoutArea\">\n<div class=\"column\">\n<h4>ACTUELLEMENT EN VID\u00c9O SUR DEMANDE ET EN DVD !<\/h4>\n<p>Un cadre d&rsquo;entreprise, sa femme, sa famille, au moment ou\u0300 les choix professionnels de l&rsquo;un font basculer la vie de tous.<\/p>\n<\/div>\n<\/div>\n<div class=\"layoutArea\">\n<div class=\"column\">\n<p>Philippe Lemesle et sa femme se se\u0301parent, un amour abime\u0301 par la pression du travail. Cadre performant dans un groupe industriel, Philippe ne sait plus re\u0301pondre aux injonctions incohe\u0301rentes de sa Direction. On le voulait hier dirigeant, on le veut aujourd&rsquo;hui exe\u0301cutant. Il est a\u0300 l&rsquo;instant ou\u0300 il lui faut de\u0301cider du sens de sa vie.<\/p>\n<\/div>\n<\/div>\n<\/div>\n<blockquote><p><em>\u00ab <span style=\"font-weight: 400;\">Difficile de ne pas se laisser submerger en m\u00eame temps que ce manager d\u00e9pass\u00e9 tentant vainement d\u2019enrayer un processus in\u00e9luctable. La force de l\u2019interpr\u00e9tation de Vincent Lindon et l\u2019\u00e9volution de son personnage sont d\u2019une force inou\u00efe.<\/span>\u00bb<br \/>\n<\/em>\u2605\u2605\u2605\u2605\u2605<strong>\u00a0\u2013 <a href=\"https:\/\/www.20minutes.fr\/arts-stars\/cinema\/3234207-20220215-autre-monde-comment-stephane-brize-fait-passer-vincent-lindon-cote-cadres\" target=\"_blank\" rel=\"noopener\">20 MINUTES<\/a><\/strong><\/p>\n<p><em>\u00ab<span style=\"font-weight: 400;\">Un autre monde est des trois volets le plus chor\u00e9graphi\u00e9. Le plus abouti aussi. Son choix de tourner \u00e0 plusieurs cam\u00e9ras, d\u2019alterner des cadres soign\u00e9s avec des s\u00e9quences \u00e0 l\u2019\u00e9paule insuffle du rythme \u00e0 l\u2019\u0153uvre. Briz\u00e9 explore les possibilit\u00e9s du cin\u00e9ma.<\/span>\u00bb<\/em><br \/>\n\u2605\u2605\u2605\u2605\u2605<strong> \u2013 <a href=\"https:\/\/www.humanite.fr\/culture-et-savoirs\/stephane-brize\/brize-travaille-la-taille-patron-738435\" target=\"_blank\" rel=\"noopener\">L&rsquo;HUMANIT\u00c9<\/a><\/strong><\/p><\/blockquote>\n<p><span style=\"text-decoration: underline;\"><strong>Voir les autres films dramatiques<\/strong><\/span><\/p>\n<p>*Disponible au Canada seulement<\/p>\n","protected":false},"featured_media":8309,"template":"","meta":{"_acf_changed":false,"_eb_attr":""},"product_brand":[],"product_cat":[140,105,45,131],"product_tag":[302,305,303,308,276,304,266,306,301,307,299,298,300],"class_list":{"0":"post-8273","1":"product","2":"type-product","3":"status-publish","4":"has-post-thumbnail","6":"product_cat-cinema","7":"product_cat-drame","8":"product_cat-film","9":"product_cat-touslesfilms","10":"product_tag-anthony-bajon","11":"product_tag-avocat","12":"product_tag-corporation","13":"product_tag-divorce","14":"product_tag-drame","15":"product_tag-droit","16":"product_tag-entreprise","17":"product_tag-rupture","18":"product_tag-sandrine-kiberlain","19":"product_tag-separation","20":"product_tag-stephane-brize","21":"product_tag-un-autre-monde","22":"product_tag-vincent-lindon","24":"first","25":"instock","26":"featured","27":"taxable","28":"shipping-taxable","29":"purchasable","30":"product-type-variable","31":"has-default-attributes"},"acf":[],"yoast_head":"<!-- This site is optimized with the Yoast SEO plugin v27.0 - https:\/\/yoast.com\/product\/yoast-seo-wordpress\/ -->\n<title>Un autre monde - \u00c9crans solidaires - Bient\u00f4t en VSD<\/title>\n<meta name=\"description\" content=\"Un cadre d&#039;entreprise, sa femme, sa famille, au moment ou\u0300 les choix professionnels de l&#039;un font basculer la vie de tous.\" \/>\n<meta name=\"robots\" content=\"noindex, follow, max-snippet:-1, max-image-preview:large, max-video-preview:-1\" \/>\n<meta property=\"og:locale\" content=\"fr_FR\" \/>\n<meta property=\"og:type\" content=\"article\" \/>\n<meta property=\"og:title\" content=\"Un autre monde\" \/>\n<meta property=\"og:description\" content=\"Un cadre d&#039;entreprise, sa femme, sa famille, au moment ou\u0300 les choix professionnels de l&#039;un font basculer la vie de tous.\" \/>\n<meta property=\"og:url\" content=\"https:\/\/maison4tiers.com\/ecrans-solidaires\/product\/un-autre-monde\/\" \/>\n<meta property=\"og:site_name\" content=\"\u00c9crans solidaires\" \/>\n<meta property=\"article:modified_time\" content=\"2023-05-15T19:41:21+00:00\" \/>\n<meta property=\"og:image\" content=\"https:\/\/maison4tiers.com\/ecrans-solidaires\/wp-content\/uploads\/sites\/76\/2022\/08\/UnAutreMonde_affiche_WEB-scaled.jpg\" \/>\n\t<meta property=\"og:image:width\" content=\"1772\" \/>\n\t<meta property=\"og:image:height\" content=\"2560\" \/>\n\t<meta property=\"og:image:type\" content=\"image\/jpeg\" \/>\n<meta name=\"twitter:card\" content=\"summary_large_image\" \/>\n<meta name=\"twitter:title\" content=\"Un autre monde\" \/>\n<meta name=\"twitter:description\" content=\"Un cadre d&#039;entreprise, sa femme, sa famille, au moment ou\u0300 les choix professionnels de l&#039;un font basculer la vie de tous.\" \/>\n<meta name=\"twitter:image\" content=\"https:\/\/maison4tiers.com\/ecrans-solidaires\/wp-content\/uploads\/sites\/76\/2022\/08\/UnAutreMonde_affiche_WEB-scaled.jpg\" \/>\n<script type=\"application\/ld+json\" class=\"yoast-schema-graph\">{\"@context\":\"https:\/\/schema.org\",\"@graph\":[{\"@type\":\"WebPage\",\"@id\":\"https:\/\/maison4tiers.com\/ecrans-solidaires\/product\/un-autre-monde\/\",\"url\":\"https:\/\/maison4tiers.com\/ecrans-solidaires\/product\/un-autre-monde\/\",\"name\":\"Un autre monde - \u00c9crans solidaires - Bient\u00f4t en VSD\",\"isPartOf\":{\"@id\":\"https:\/\/maison4tiers.com\/ecrans-solidaires\/#website\"},\"primaryImageOfPage\":{\"@id\":\"https:\/\/maison4tiers.com\/ecrans-solidaires\/product\/un-autre-monde\/#primaryimage\"},\"image\":{\"@id\":\"https:\/\/maison4tiers.com\/ecrans-solidaires\/product\/un-autre-monde\/#primaryimage\"},\"thumbnailUrl\":\"https:\/\/maison4tiers.com\/ecrans-solidaires\/wp-content\/uploads\/sites\/76\/2022\/08\/UnAutreMonde_affiche_WEB-scaled.jpg\",\"datePublished\":\"2022-08-30T16:18:10+00:00\",\"dateModified\":\"2023-05-15T19:41:21+00:00\",\"description\":\"Un cadre d'entreprise, sa femme, sa famille, au moment ou\u0300 les choix professionnels de l'un font basculer la vie de tous.\",\"breadcrumb\":{\"@id\":\"https:\/\/maison4tiers.com\/ecrans-solidaires\/product\/un-autre-monde\/#breadcrumb\"},\"inLanguage\":\"fr-FR\",\"potentialAction\":[{\"@type\":\"ReadAction\",\"target\":[\"https:\/\/maison4tiers.com\/ecrans-solidaires\/product\/un-autre-monde\/\"]}]},{\"@type\":\"ImageObject\",\"inLanguage\":\"fr-FR\",\"@id\":\"https:\/\/maison4tiers.com\/ecrans-solidaires\/product\/un-autre-monde\/#primaryimage\",\"url\":\"https:\/\/maison4tiers.com\/ecrans-solidaires\/wp-content\/uploads\/sites\/76\/2022\/08\/UnAutreMonde_affiche_WEB-scaled.jpg\",\"contentUrl\":\"https:\/\/maison4tiers.com\/ecrans-solidaires\/wp-content\/uploads\/sites\/76\/2022\/08\/UnAutreMonde_affiche_WEB-scaled.jpg\",\"width\":1772,\"height\":2560,\"caption\":\"Un autre monde\"},{\"@type\":\"BreadcrumbList\",\"@id\":\"https:\/\/maison4tiers.com\/ecrans-solidaires\/product\/un-autre-monde\/#breadcrumb\",\"itemListElement\":[{\"@type\":\"ListItem\",\"position\":1,\"name\":\"Home\",\"item\":\"https:\/\/maison4tiers.com\/ecrans-solidaires\/\"},{\"@type\":\"ListItem\",\"position\":2,\"name\":\"Films\",\"item\":\"https:\/\/maison4tiers.com\/ecrans-solidaires\/films\/\"},{\"@type\":\"ListItem\",\"position\":3,\"name\":\"Un autre monde\"}]},{\"@type\":\"WebSite\",\"@id\":\"https:\/\/maison4tiers.com\/ecrans-solidaires\/#website\",\"url\":\"https:\/\/maison4tiers.com\/ecrans-solidaires\/\",\"name\":\"\u00c9crans solidaires\",\"description\":\"Distribution multiplateforme de films qu\u00e9b\u00e9cois et internationaux\",\"publisher\":{\"@id\":\"https:\/\/maison4tiers.com\/ecrans-solidaires\/#organization\"},\"potentialAction\":[{\"@type\":\"SearchAction\",\"target\":{\"@type\":\"EntryPoint\",\"urlTemplate\":\"https:\/\/maison4tiers.com\/ecrans-solidaires\/?s={search_term_string}\"},\"query-input\":{\"@type\":\"PropertyValueSpecification\",\"valueRequired\":true,\"valueName\":\"search_term_string\"}}],\"inLanguage\":\"fr-FR\"},{\"@type\":\"Organization\",\"@id\":\"https:\/\/maison4tiers.com\/ecrans-solidaires\/#organization\",\"name\":\"\u00c9crans solidaires\",\"url\":\"https:\/\/maison4tiers.com\/ecrans-solidaires\/\",\"logo\":{\"@type\":\"ImageObject\",\"inLanguage\":\"fr-FR\",\"@id\":\"https:\/\/maison4tiers.com\/ecrans-solidaires\/#\/schema\/logo\/image\/\",\"url\":\"https:\/\/maison4tiers.com\/ecrans-solidaires\/wp-content\/uploads\/sites\/76\/2020\/11\/favicon-196.png\",\"contentUrl\":\"https:\/\/maison4tiers.com\/ecrans-solidaires\/wp-content\/uploads\/sites\/76\/2020\/11\/favicon-196.png\",\"width\":196,\"height\":196,\"caption\":\"\u00c9crans solidaires\"},\"image\":{\"@id\":\"https:\/\/maison4tiers.com\/ecrans-solidaires\/#\/schema\/logo\/image\/\"}}]}<\/script>\n<!-- \/ Yoast SEO plugin. -->","yoast_head_json":{"title":"Un autre monde - \u00c9crans solidaires - Bient\u00f4t en VSD","description":"Un cadre d'entreprise, sa femme, sa famille, au moment ou\u0300 les choix professionnels de l'un font basculer la vie de tous.","robots":{"index":"noindex","follow":"follow","max-snippet":"max-snippet:-1","max-image-preview":"max-image-preview:large","max-video-preview":"max-video-preview:-1"},"og_locale":"fr_FR","og_type":"article","og_title":"Un autre monde","og_description":"Un cadre d'entreprise, sa femme, sa famille, au moment ou\u0300 les choix professionnels de l'un font basculer la vie de tous.","og_url":"https:\/\/maison4tiers.com\/ecrans-solidaires\/product\/un-autre-monde\/","og_site_name":"\u00c9crans solidaires","article_modified_time":"2023-05-15T19:41:21+00:00","og_image":[{"width":1772,"height":2560,"url":"https:\/\/maison4tiers.com\/ecrans-solidaires\/wp-content\/uploads\/sites\/76\/2022\/08\/UnAutreMonde_affiche_WEB-scaled.jpg","type":"image\/jpeg"}],"twitter_card":"summary_large_image","twitter_title":"Un autre monde","twitter_description":"Un cadre d'entreprise, sa femme, sa famille, au moment ou\u0300 les choix professionnels de l'un font basculer la vie de tous.","twitter_image":"https:\/\/maison4tiers.com\/ecrans-solidaires\/wp-content\/uploads\/sites\/76\/2022\/08\/UnAutreMonde_affiche_WEB-scaled.jpg","schema":{"@context":"https:\/\/schema.org","@graph":[{"@type":"WebPage","@id":"https:\/\/maison4tiers.com\/ecrans-solidaires\/product\/un-autre-monde\/","url":"https:\/\/maison4tiers.com\/ecrans-solidaires\/product\/un-autre-monde\/","name":"Un autre monde - \u00c9crans solidaires - Bient\u00f4t en VSD","isPartOf":{"@id":"https:\/\/maison4tiers.com\/ecrans-solidaires\/#website"},"primaryImageOfPage":{"@id":"https:\/\/maison4tiers.com\/ecrans-solidaires\/product\/un-autre-monde\/#primaryimage"},"image":{"@id":"https:\/\/maison4tiers.com\/ecrans-solidaires\/product\/un-autre-monde\/#primaryimage"},"thumbnailUrl":"https:\/\/maison4tiers.com\/ecrans-solidaires\/wp-content\/uploads\/sites\/76\/2022\/08\/UnAutreMonde_affiche_WEB-scaled.jpg","datePublished":"2022-08-30T16:18:10+00:00","dateModified":"2023-05-15T19:41:21+00:00","description":"Un cadre d'entreprise, sa femme, sa famille, au moment ou\u0300 les choix professionnels de l'un font basculer la vie de tous.","breadcrumb":{"@id":"https:\/\/maison4tiers.com\/ecrans-solidaires\/product\/un-autre-monde\/#breadcrumb"},"inLanguage":"fr-FR","potentialAction":[{"@type":"ReadAction","target":["https:\/\/maison4tiers.com\/ecrans-solidaires\/product\/un-autre-monde\/"]}]},{"@type":"ImageObject","inLanguage":"fr-FR","@id":"https:\/\/maison4tiers.com\/ecrans-solidaires\/product\/un-autre-monde\/#primaryimage","url":"https:\/\/maison4tiers.com\/ecrans-solidaires\/wp-content\/uploads\/sites\/76\/2022\/08\/UnAutreMonde_affiche_WEB-scaled.jpg","contentUrl":"https:\/\/maison4tiers.com\/ecrans-solidaires\/wp-content\/uploads\/sites\/76\/2022\/08\/UnAutreMonde_affiche_WEB-scaled.jpg","width":1772,"height":2560,"caption":"Un autre monde"},{"@type":"BreadcrumbList","@id":"https:\/\/maison4tiers.com\/ecrans-solidaires\/product\/un-autre-monde\/#breadcrumb","itemListElement":[{"@type":"ListItem","position":1,"name":"Home","item":"https:\/\/maison4tiers.com\/ecrans-solidaires\/"},{"@type":"ListItem","position":2,"name":"Films","item":"https:\/\/maison4tiers.com\/ecrans-solidaires\/films\/"},{"@type":"ListItem","position":3,"name":"Un autre monde"}]},{"@type":"WebSite","@id":"https:\/\/maison4tiers.com\/ecrans-solidaires\/#website","url":"https:\/\/maison4tiers.com\/ecrans-solidaires\/","name":"\u00c9crans solidaires","description":"Distribution multiplateforme de films qu\u00e9b\u00e9cois et internationaux","publisher":{"@id":"https:\/\/maison4tiers.com\/ecrans-solidaires\/#organization"},"potentialAction":[{"@type":"SearchAction","target":{"@type":"EntryPoint","urlTemplate":"https:\/\/maison4tiers.com\/ecrans-solidaires\/?s={search_term_string}"},"query-input":{"@type":"PropertyValueSpecification","valueRequired":true,"valueName":"search_term_string"}}],"inLanguage":"fr-FR"},{"@type":"Organization","@id":"https:\/\/maison4tiers.com\/ecrans-solidaires\/#organization","name":"\u00c9crans solidaires","url":"https:\/\/maison4tiers.com\/ecrans-solidaires\/","logo":{"@type":"ImageObject","inLanguage":"fr-FR","@id":"https:\/\/maison4tiers.com\/ecrans-solidaires\/#\/schema\/logo\/image\/","url":"https:\/\/maison4tiers.com\/ecrans-solidaires\/wp-content\/uploads\/sites\/76\/2020\/11\/favicon-196.png","contentUrl":"https:\/\/maison4tiers.com\/ecrans-solidaires\/wp-content\/uploads\/sites\/76\/2020\/11\/favicon-196.png","width":196,"height":196,"caption":"\u00c9crans solidaires"},"image":{"@id":"https:\/\/maison4tiers.com\/ecrans-solidaires\/#\/schema\/logo\/image\/"}}]}},"jetpack_sharing_enabled":true,"_links":{"self":[{"href":"https:\/\/maison4tiers.com\/ecrans-solidaires\/wp-json\/wp\/v2\/product\/8273","targetHints":{"allow":["GET"]}}],"collection":[{"href":"https:\/\/maison4tiers.com\/ecrans-solidaires\/wp-json\/wp\/v2\/product"}],"about":[{"href":"https:\/\/maison4tiers.com\/ecrans-solidaires\/wp-json\/wp\/v2\/types\/product"}],"wp:featuredmedia":[{"embeddable":true,"href":"https:\/\/maison4tiers.com\/ecrans-solidaires\/wp-json\/wp\/v2\/media\/8309"}],"wp:attachment":[{"href":"https:\/\/maison4tiers.com\/ecrans-solidaires\/wp-json\/wp\/v2\/media?parent=8273"}],"wp:term":[{"taxonomy":"product_brand","embeddable":true,"href":"https:\/\/maison4tiers.com\/ecrans-solidaires\/wp-json\/wp\/v2\/product_brand?post=8273"},{"taxonomy":"product_cat","embeddable":true,"href":"https:\/\/maison4tiers.com\/ecrans-solidaires\/wp-json\/wp\/v2\/product_cat?post=8273"},{"taxonomy":"product_tag","embeddable":true,"href":"https:\/\/maison4tiers.com\/ecrans-solidaires\/wp-json\/wp\/v2\/product_tag?post=8273"}],"curies":[{"name":"wp","href":"https:\/\/api.w.org\/{rel}","templated":true}]}}