{"id":7603,"date":"2022-01-28T10:33:19","date_gmt":"2022-01-28T14:33:19","guid":{"rendered":"https:\/\/maison4tiers.com\/?post_type=product&#038;p=7603"},"modified":"2024-07-20T07:26:01","modified_gmt":"2024-07-20T11:26:01","slug":"humus","status":"publish","type":"product","link":"https:\/\/maison4tiers.com\/ecrans-solidaires\/product\/humus\/","title":{"rendered":"Humus"},"excerpt":{"rendered":"<h4>MAINTENANT DISPONIBLE EN DVD ET EN VID\u00c9O SUR DEMANDE !<\/h4>\n<p>Les sols partent en poussi\u00e8re. Selon la FAO, la totalit\u00e9 des terres arables de la plan\u00e8te pourraient avoir disparu d\u2019ici 60 ans.<\/p>\n<p>Avec l\u2019humilit\u00e9 qu\u2019exige d\u00e9sormais le degr\u00e9 de destruction plan\u00e9taire, un couple de mara\u00eechers travaillent \u00e0 mettre en \u0153uvre dans leurs jardins les grands principes de la nature, en qu\u00eate d\u2019une nouvelle alliance avec le vivant. Des savoirs anciens et nouveaux les guident sur ce chemin, des savoirs qui r\u00e9affirment la complexit\u00e9 d\u2019un monde interd\u00e9pendant, fruit de milliards d\u2019ann\u00e9es de co\u00e9volution.<\/p>\n<blockquote><p><span style=\"font-weight: 400;\">\u00ab On en sort avec l\u2019envie de mettre nous aussi la main \u00e0 la terre. \u00bb\u00a0<\/span><strong><a href=\"https:\/\/ici.radio-canada.ca\/ohdio\/premiere\/emissions\/tout-un-matin\/episodes\/629591\/rattrapage-du-lundi-23-mai-2022\/10?fbclid=IwAR1ADK2mEGcejL3kpQzn5k4IyatVudiWug6l-j8QkdTw9z2NKVW9DEhLCm8\" target=\"_blank\" rel=\"noopener\">RADIO-CANADA<\/a><\/strong><\/p>\n<p><span style=\"font-weight: 400;\">\u00ab Un documentaire qui porte vraiment \u00e0 la r\u00e9flexion, \u00e7a fait r\u00e9fl\u00e9chir. \u00bb<\/span><strong><a href=\"https:\/\/www.atuvu.ca\/index.php\/fil-culturel-actualite-culturelle\/actualite-cinema\/humus-repenser-lagriculture-dans-un-rapport-humain-nature?fbclid=IwAR24M0gkjyhe3ZteSNj0d6FXTlT3MppumToGkf4Ck1DiEgvAnoDag6AjQaA\" target=\"_blank\" rel=\"noopener\">ATUVU.CA<\/a><\/strong><\/p>\n<p><span style=\"font-weight: 400;\">\u00ab Un message qui m\u00e9rite d\u2019\u00eatre diffus\u00e9 \u00e0 grande \u00e9chelle. \u00bb\u00a0<\/span><strong><a href=\"https:\/\/www.ledevoir.com\/opinion\/idees\/722973\/point-de-vue-desoles-pour-le-climat-c-etait-pas-rentable?fbclid=IwAR08i32pSMIE5o3wFWwB4t5fl7UxQqW4sGjZLiUl9JmYl9hpUv80MbXehHg\" target=\"_blank\" rel=\"noopener\">LE DEVOIR<\/a><\/strong><\/p>\n<p><span style=\"font-weight: 400;\">\u00ab Un v\u00e9ritable hymne \u00e0 la nature. \u00bb<strong><a href=\"https:\/\/www.ababord.org\/Une-douce-revolte-agricole-3271\" target=\"_blank\" rel=\"noopener\">\u00c0 BABORD<\/a><\/strong><\/span><\/p><\/blockquote>\n<p><span style=\"text-decoration: underline;\"><a href=\"https:\/\/maison4tiers.com\/categorie-produit\/film\/documentaire\/\" target=\"_blank\" rel=\"noopener\"><strong>Voir les autres documentaires\u00a0<\/strong><\/a><\/span><\/p>\n<p>*Disponible au Canada seulement<\/p>\n","protected":false},"featured_media":7909,"template":"","meta":{"_acf_changed":false,"_eb_attr":""},"product_brand":[],"product_cat":[78,118,45,119,122,121,136,131,142],"product_tag":[239,235,233,232,234,185,179,231,236,237,238,189,227],"class_list":{"0":"post-7603","1":"product","2":"type-product","3":"status-publish","4":"has-post-thumbnail","6":"product_cat-documentaire","7":"product_cat-environnement","8":"product_cat-film","9":"product_cat-quebecois","10":"product_cat-reflexion","11":"product_cat-societe","12":"product_cat-dvd","13":"product_cat-touslesfilms","14":"product_cat-numerique","15":"product_tag-activisme","16":"product_tag-activiste","17":"product_tag-agriculture","18":"product_tag-carole-poliquin","19":"product_tag-communautaire","20":"product_tag-ecologie","21":"product_tag-environnement","22":"product_tag-humus","23":"product_tag-intime","24":"product_tag-local","25":"product_tag-permaculture","26":"product_tag-quebec","27":"product_tag-social","29":"first","30":"instock","31":"taxable","32":"shipping-taxable","33":"purchasable","34":"product-type-variable","35":"has-default-attributes"},"acf":[],"yoast_head":"<!-- This site is optimized with the Yoast SEO plugin v27.0 - https:\/\/yoast.com\/product\/yoast-seo-wordpress\/ -->\n<title>Humus - \u00c9crans solidaires - qu\u00e9becois - VOIR MAINTENANT<\/title>\n<meta name=\"description\" content=\"Avec l\u2019humilit\u00e9 qu\u2019exige le degr\u00e9 actuel de destruction plan\u00e9taire, un couple de mara\u00eechers travaille \u00e0 mettre en \u0153uvre dans leurs jardins...\" \/>\n<meta name=\"robots\" content=\"noindex, follow, max-snippet:-1, max-image-preview:large, max-video-preview:-1\" \/>\n<meta property=\"og:locale\" content=\"fr_FR\" \/>\n<meta property=\"og:type\" content=\"article\" \/>\n<meta property=\"og:title\" content=\"Humus\" \/>\n<meta property=\"og:description\" content=\"Avec l\u2019humilit\u00e9 qu\u2019exige le degr\u00e9 actuel de destruction plan\u00e9taire, un couple de mara\u00eechers travaille \u00e0 mettre en \u0153uvre dans leurs jardins...\" \/>\n<meta property=\"og:url\" content=\"https:\/\/maison4tiers.com\/ecrans-solidaires\/product\/humus\/\" \/>\n<meta property=\"og:site_name\" content=\"\u00c9crans solidaires\" \/>\n<meta property=\"article:modified_time\" content=\"2024-07-20T11:26:01+00:00\" \/>\n<meta property=\"og:image\" content=\"https:\/\/maison4tiers.com\/ecrans-solidaires\/wp-content\/uploads\/sites\/76\/2022\/01\/89.jpg\" \/>\n\t<meta property=\"og:image:width\" content=\"800\" \/>\n\t<meta property=\"og:image:height\" content=\"1200\" \/>\n\t<meta property=\"og:image:type\" content=\"image\/jpeg\" \/>\n<meta name=\"twitter:card\" content=\"summary_large_image\" \/>\n<meta name=\"twitter:title\" content=\"Humus\" \/>\n<meta name=\"twitter:description\" content=\"Avec l\u2019humilit\u00e9 qu\u2019exige le degr\u00e9 actuel de destruction plan\u00e9taire, un couple de mara\u00eechers travaille \u00e0 mettre en \u0153uvre dans leurs jardins...\" \/>\n<meta name=\"twitter:image\" content=\"https:\/\/maison4tiers.com\/ecrans-solidaires\/wp-content\/uploads\/sites\/76\/2022\/01\/89.jpg\" \/>\n<script type=\"application\/ld+json\" class=\"yoast-schema-graph\">{\"@context\":\"https:\/\/schema.org\",\"@graph\":[{\"@type\":\"WebPage\",\"@id\":\"https:\/\/maison4tiers.com\/ecrans-solidaires\/product\/humus\/\",\"url\":\"https:\/\/maison4tiers.com\/ecrans-solidaires\/product\/humus\/\",\"name\":\"Humus - \u00c9crans solidaires - qu\u00e9becois - VOIR MAINTENANT\",\"isPartOf\":{\"@id\":\"https:\/\/maison4tiers.com\/ecrans-solidaires\/#website\"},\"primaryImageOfPage\":{\"@id\":\"https:\/\/maison4tiers.com\/ecrans-solidaires\/product\/humus\/#primaryimage\"},\"image\":{\"@id\":\"https:\/\/maison4tiers.com\/ecrans-solidaires\/product\/humus\/#primaryimage\"},\"thumbnailUrl\":\"https:\/\/maison4tiers.com\/ecrans-solidaires\/wp-content\/uploads\/sites\/76\/2022\/01\/HUMUS_affiche_WEB_20mai-scaled.jpg\",\"datePublished\":\"2022-01-28T14:33:19+00:00\",\"dateModified\":\"2024-07-20T11:26:01+00:00\",\"description\":\"Avec l\u2019humilit\u00e9 qu\u2019exige le degr\u00e9 actuel de destruction plan\u00e9taire, un couple de mara\u00eechers travaille \u00e0 mettre en \u0153uvre dans leurs jardins...\",\"breadcrumb\":{\"@id\":\"https:\/\/maison4tiers.com\/ecrans-solidaires\/product\/humus\/#breadcrumb\"},\"inLanguage\":\"fr-FR\",\"potentialAction\":[{\"@type\":\"ReadAction\",\"target\":[\"https:\/\/maison4tiers.com\/ecrans-solidaires\/product\/humus\/\"]}]},{\"@type\":\"ImageObject\",\"inLanguage\":\"fr-FR\",\"@id\":\"https:\/\/maison4tiers.com\/ecrans-solidaires\/product\/humus\/#primaryimage\",\"url\":\"https:\/\/maison4tiers.com\/ecrans-solidaires\/wp-content\/uploads\/sites\/76\/2022\/01\/HUMUS_affiche_WEB_20mai-scaled.jpg\",\"contentUrl\":\"https:\/\/maison4tiers.com\/ecrans-solidaires\/wp-content\/uploads\/sites\/76\/2022\/01\/HUMUS_affiche_WEB_20mai-scaled.jpg\",\"width\":1772,\"height\":2560,\"caption\":\"Humus\"},{\"@type\":\"BreadcrumbList\",\"@id\":\"https:\/\/maison4tiers.com\/ecrans-solidaires\/product\/humus\/#breadcrumb\",\"itemListElement\":[{\"@type\":\"ListItem\",\"position\":1,\"name\":\"Home\",\"item\":\"https:\/\/maison4tiers.com\/ecrans-solidaires\/\"},{\"@type\":\"ListItem\",\"position\":2,\"name\":\"Films\",\"item\":\"https:\/\/maison4tiers.com\/ecrans-solidaires\/films\/\"},{\"@type\":\"ListItem\",\"position\":3,\"name\":\"Humus\"}]},{\"@type\":\"WebSite\",\"@id\":\"https:\/\/maison4tiers.com\/ecrans-solidaires\/#website\",\"url\":\"https:\/\/maison4tiers.com\/ecrans-solidaires\/\",\"name\":\"\u00c9crans solidaires\",\"description\":\"Distribution multiplateforme de films qu\u00e9b\u00e9cois et internationaux\",\"publisher\":{\"@id\":\"https:\/\/maison4tiers.com\/ecrans-solidaires\/#organization\"},\"potentialAction\":[{\"@type\":\"SearchAction\",\"target\":{\"@type\":\"EntryPoint\",\"urlTemplate\":\"https:\/\/maison4tiers.com\/ecrans-solidaires\/?s={search_term_string}\"},\"query-input\":{\"@type\":\"PropertyValueSpecification\",\"valueRequired\":true,\"valueName\":\"search_term_string\"}}],\"inLanguage\":\"fr-FR\"},{\"@type\":\"Organization\",\"@id\":\"https:\/\/maison4tiers.com\/ecrans-solidaires\/#organization\",\"name\":\"\u00c9crans solidaires\",\"url\":\"https:\/\/maison4tiers.com\/ecrans-solidaires\/\",\"logo\":{\"@type\":\"ImageObject\",\"inLanguage\":\"fr-FR\",\"@id\":\"https:\/\/maison4tiers.com\/ecrans-solidaires\/#\/schema\/logo\/image\/\",\"url\":\"https:\/\/maison4tiers.com\/ecrans-solidaires\/wp-content\/uploads\/sites\/76\/2020\/11\/favicon-196.png\",\"contentUrl\":\"https:\/\/maison4tiers.com\/ecrans-solidaires\/wp-content\/uploads\/sites\/76\/2020\/11\/favicon-196.png\",\"width\":196,\"height\":196,\"caption\":\"\u00c9crans solidaires\"},\"image\":{\"@id\":\"https:\/\/maison4tiers.com\/ecrans-solidaires\/#\/schema\/logo\/image\/\"}}]}<\/script>\n<!-- \/ Yoast SEO plugin. -->","yoast_head_json":{"title":"Humus - \u00c9crans solidaires - qu\u00e9becois - VOIR MAINTENANT","description":"Avec l\u2019humilit\u00e9 qu\u2019exige le degr\u00e9 actuel de destruction plan\u00e9taire, un couple de mara\u00eechers travaille \u00e0 mettre en \u0153uvre dans leurs jardins...","robots":{"index":"noindex","follow":"follow","max-snippet":"max-snippet:-1","max-image-preview":"max-image-preview:large","max-video-preview":"max-video-preview:-1"},"og_locale":"fr_FR","og_type":"article","og_title":"Humus","og_description":"Avec l\u2019humilit\u00e9 qu\u2019exige le degr\u00e9 actuel de destruction plan\u00e9taire, un couple de mara\u00eechers travaille \u00e0 mettre en \u0153uvre dans leurs jardins...","og_url":"https:\/\/maison4tiers.com\/ecrans-solidaires\/product\/humus\/","og_site_name":"\u00c9crans solidaires","article_modified_time":"2024-07-20T11:26:01+00:00","og_image":[{"width":800,"height":1200,"url":"https:\/\/maison4tiers.com\/ecrans-solidaires\/wp-content\/uploads\/sites\/76\/2022\/01\/89.jpg","type":"image\/jpeg"}],"twitter_card":"summary_large_image","twitter_title":"Humus","twitter_description":"Avec l\u2019humilit\u00e9 qu\u2019exige le degr\u00e9 actuel de destruction plan\u00e9taire, un couple de mara\u00eechers travaille \u00e0 mettre en \u0153uvre dans leurs jardins...","twitter_image":"https:\/\/maison4tiers.com\/ecrans-solidaires\/wp-content\/uploads\/sites\/76\/2022\/01\/89.jpg","schema":{"@context":"https:\/\/schema.org","@graph":[{"@type":"WebPage","@id":"https:\/\/maison4tiers.com\/ecrans-solidaires\/product\/humus\/","url":"https:\/\/maison4tiers.com\/ecrans-solidaires\/product\/humus\/","name":"Humus - \u00c9crans solidaires - qu\u00e9becois - VOIR MAINTENANT","isPartOf":{"@id":"https:\/\/maison4tiers.com\/ecrans-solidaires\/#website"},"primaryImageOfPage":{"@id":"https:\/\/maison4tiers.com\/ecrans-solidaires\/product\/humus\/#primaryimage"},"image":{"@id":"https:\/\/maison4tiers.com\/ecrans-solidaires\/product\/humus\/#primaryimage"},"thumbnailUrl":"https:\/\/maison4tiers.com\/ecrans-solidaires\/wp-content\/uploads\/sites\/76\/2022\/01\/HUMUS_affiche_WEB_20mai-scaled.jpg","datePublished":"2022-01-28T14:33:19+00:00","dateModified":"2024-07-20T11:26:01+00:00","description":"Avec l\u2019humilit\u00e9 qu\u2019exige le degr\u00e9 actuel de destruction plan\u00e9taire, un couple de mara\u00eechers travaille \u00e0 mettre en \u0153uvre dans leurs jardins...","breadcrumb":{"@id":"https:\/\/maison4tiers.com\/ecrans-solidaires\/product\/humus\/#breadcrumb"},"inLanguage":"fr-FR","potentialAction":[{"@type":"ReadAction","target":["https:\/\/maison4tiers.com\/ecrans-solidaires\/product\/humus\/"]}]},{"@type":"ImageObject","inLanguage":"fr-FR","@id":"https:\/\/maison4tiers.com\/ecrans-solidaires\/product\/humus\/#primaryimage","url":"https:\/\/maison4tiers.com\/ecrans-solidaires\/wp-content\/uploads\/sites\/76\/2022\/01\/HUMUS_affiche_WEB_20mai-scaled.jpg","contentUrl":"https:\/\/maison4tiers.com\/ecrans-solidaires\/wp-content\/uploads\/sites\/76\/2022\/01\/HUMUS_affiche_WEB_20mai-scaled.jpg","width":1772,"height":2560,"caption":"Humus"},{"@type":"BreadcrumbList","@id":"https:\/\/maison4tiers.com\/ecrans-solidaires\/product\/humus\/#breadcrumb","itemListElement":[{"@type":"ListItem","position":1,"name":"Home","item":"https:\/\/maison4tiers.com\/ecrans-solidaires\/"},{"@type":"ListItem","position":2,"name":"Films","item":"https:\/\/maison4tiers.com\/ecrans-solidaires\/films\/"},{"@type":"ListItem","position":3,"name":"Humus"}]},{"@type":"WebSite","@id":"https:\/\/maison4tiers.com\/ecrans-solidaires\/#website","url":"https:\/\/maison4tiers.com\/ecrans-solidaires\/","name":"\u00c9crans solidaires","description":"Distribution multiplateforme de films qu\u00e9b\u00e9cois et internationaux","publisher":{"@id":"https:\/\/maison4tiers.com\/ecrans-solidaires\/#organization"},"potentialAction":[{"@type":"SearchAction","target":{"@type":"EntryPoint","urlTemplate":"https:\/\/maison4tiers.com\/ecrans-solidaires\/?s={search_term_string}"},"query-input":{"@type":"PropertyValueSpecification","valueRequired":true,"valueName":"search_term_string"}}],"inLanguage":"fr-FR"},{"@type":"Organization","@id":"https:\/\/maison4tiers.com\/ecrans-solidaires\/#organization","name":"\u00c9crans solidaires","url":"https:\/\/maison4tiers.com\/ecrans-solidaires\/","logo":{"@type":"ImageObject","inLanguage":"fr-FR","@id":"https:\/\/maison4tiers.com\/ecrans-solidaires\/#\/schema\/logo\/image\/","url":"https:\/\/maison4tiers.com\/ecrans-solidaires\/wp-content\/uploads\/sites\/76\/2020\/11\/favicon-196.png","contentUrl":"https:\/\/maison4tiers.com\/ecrans-solidaires\/wp-content\/uploads\/sites\/76\/2020\/11\/favicon-196.png","width":196,"height":196,"caption":"\u00c9crans solidaires"},"image":{"@id":"https:\/\/maison4tiers.com\/ecrans-solidaires\/#\/schema\/logo\/image\/"}}]}},"jetpack_sharing_enabled":true,"_links":{"self":[{"href":"https:\/\/maison4tiers.com\/ecrans-solidaires\/wp-json\/wp\/v2\/product\/7603","targetHints":{"allow":["GET"]}}],"collection":[{"href":"https:\/\/maison4tiers.com\/ecrans-solidaires\/wp-json\/wp\/v2\/product"}],"about":[{"href":"https:\/\/maison4tiers.com\/ecrans-solidaires\/wp-json\/wp\/v2\/types\/product"}],"wp:featuredmedia":[{"embeddable":true,"href":"https:\/\/maison4tiers.com\/ecrans-solidaires\/wp-json\/wp\/v2\/media\/7909"}],"wp:attachment":[{"href":"https:\/\/maison4tiers.com\/ecrans-solidaires\/wp-json\/wp\/v2\/media?parent=7603"}],"wp:term":[{"taxonomy":"product_brand","embeddable":true,"href":"https:\/\/maison4tiers.com\/ecrans-solidaires\/wp-json\/wp\/v2\/product_brand?post=7603"},{"taxonomy":"product_cat","embeddable":true,"href":"https:\/\/maison4tiers.com\/ecrans-solidaires\/wp-json\/wp\/v2\/product_cat?post=7603"},{"taxonomy":"product_tag","embeddable":true,"href":"https:\/\/maison4tiers.com\/ecrans-solidaires\/wp-json\/wp\/v2\/product_tag?post=7603"}],"curies":[{"name":"wp","href":"https:\/\/api.w.org\/{rel}","templated":true}]}}