{"id":4634,"date":"2016-01-12T00:00:37","date_gmt":"2016-01-12T04:00:37","guid":{"rendered":"https:\/\/maison4tiers.com\/?post_type=product&#038;p=4634"},"modified":"2023-12-05T17:38:49","modified_gmt":"2023-12-05T21:38:49","slug":"les-pepites","status":"publish","type":"product","link":"https:\/\/maison4tiers.com\/ecrans-solidaires\/product\/les-pepites\/","title":{"rendered":"Les p\u00e9pites"},"excerpt":{"rendered":"<p>Aujourd\u2019hui, ils ont 25 ans et finissent leurs e\u0301tudes ou commencent a\u0300 travailler. Tous, lorsqu\u2019ils e\u0301taient enfants, devaient fouiller, pour survivre, dans la de\u0301charge \u00ab a\u0300 ciel ouvert \u00bb de Phnom Penh, au Cambodge. C\u2019est la\u0300 que Christian et Marie-France, un couple de voyageurs franc\u0327ais, les rencontrent, il y a plus de vingt ans. Ils de\u0301cident alors de se battre sans limite pour sortir ces enfants de cet enfer. A\u0300 ce jour, ils ont permis a\u0300 pre\u0300s de 10 000 enfants d\u2019acce\u0301der a\u0300 l\u2019e\u0301ducation pour se construire un avenir.<\/p>\n<blockquote><p><em>\u00ab Film re\u0301solument optimiste et e\u0301logieux (\u2026) Les Pe\u0301pites fera fondre les re\u0301sistances des plus cyniques. \u00bb<br \/>\n<\/em><strong>\u2013\u00a0<a href=\"https:\/\/www.ledevoir.com\/culture\/cinema\/497436\/les-enfants-de-l-avenir\" target=\"_blank\" rel=\"noopener\">LE DEVOIR<\/a><\/strong><\/p><\/blockquote>\n<p><a href=\"https:\/\/maison4tiers.com\/categorie-produit\/film\/documentaire\/\" target=\"_blank\" rel=\"noopener\"><span style=\"text-decoration: underline;\"><strong>Voir les autres documentaires<\/strong><\/span><\/a><\/p>\n<p>&nbsp;<\/p>\n<p><strong>*Disponible au Canada seulement<\/strong><\/p>\n","protected":false},"featured_media":7498,"template":"","meta":{"_acf_changed":false,"_eb_attr":""},"product_brand":[],"product_cat":[78,45,122,121,136,131,142],"product_tag":[],"class_list":{"0":"post-4634","1":"product","2":"type-product","3":"status-publish","4":"has-post-thumbnail","6":"product_cat-documentaire","7":"product_cat-film","8":"product_cat-reflexion","9":"product_cat-societe","10":"product_cat-dvd","11":"product_cat-touslesfilms","12":"product_cat-numerique","13":"product_shipping_class-livraison","15":"first","16":"instock","17":"taxable","18":"shipping-taxable","19":"purchasable","20":"product-type-variable","21":"has-default-attributes"},"acf":[],"yoast_head":"<!-- This site is optimized with the Yoast SEO plugin v27.0 - https:\/\/yoast.com\/product\/yoast-seo-wordpress\/ -->\n<title>Les p\u00e9pites - Documentaire - \u00c9crans solidaires - \u00c9coutez maintenant<\/title>\n<meta name=\"description\" content=\"Les p\u00e9pites. Aujourd\u2019hui, ils ont 25 ans et finissent leurs e\u0301tudes ou commencent a\u0300 travailler. Tous, lorsqu\u2019ils e\u0301taient enfants, devaient fouiller, pour survivre, dans la de\u0301charge \u00ab a\u0300 ciel ouvert \u00bb de Phnom Penh, au Cambodge.\" \/>\n<meta name=\"robots\" content=\"noindex, follow, max-snippet:-1, max-image-preview:large, max-video-preview:-1\" \/>\n<meta property=\"og:locale\" content=\"fr_FR\" \/>\n<meta property=\"og:type\" content=\"article\" \/>\n<meta property=\"og:title\" content=\"Les p\u00e9pites\" \/>\n<meta property=\"og:description\" content=\"Les p\u00e9pites. Aujourd\u2019hui, ils ont 25 ans et finissent leurs e\u0301tudes ou commencent a\u0300 travailler. Tous, lorsqu\u2019ils e\u0301taient enfants, devaient fouiller, pour survivre, dans la de\u0301charge \u00ab a\u0300 ciel ouvert \u00bb de Phnom Penh, au Cambodge.\" \/>\n<meta property=\"og:url\" content=\"https:\/\/maison4tiers.com\/ecrans-solidaires\/product\/les-pepites\/\" \/>\n<meta property=\"og:site_name\" content=\"\u00c9crans solidaires\" \/>\n<meta property=\"article:modified_time\" content=\"2023-12-05T21:38:49+00:00\" \/>\n<meta property=\"og:image\" content=\"https:\/\/maison4tiers.com\/ecrans-solidaires\/wp-content\/uploads\/sites\/76\/2016\/01\/67.jpg\" \/>\n\t<meta property=\"og:image:width\" content=\"800\" \/>\n\t<meta property=\"og:image:height\" content=\"1200\" \/>\n\t<meta property=\"og:image:type\" content=\"image\/jpeg\" \/>\n<meta name=\"twitter:card\" content=\"summary_large_image\" \/>\n<meta name=\"twitter:title\" content=\"Les p\u00e9pites\" \/>\n<meta name=\"twitter:description\" content=\"Les p\u00e9pites. Aujourd\u2019hui, ils ont 25 ans et finissent leurs e\u0301tudes ou commencent a\u0300 travailler. Tous, lorsqu\u2019ils e\u0301taient enfants, devaient fouiller, pour survivre, dans la de\u0301charge \u00ab a\u0300 ciel ouvert \u00bb de Phnom Penh, au Cambodge.\" \/>\n<meta name=\"twitter:image\" content=\"https:\/\/maison4tiers.com\/ecrans-solidaires\/wp-content\/uploads\/sites\/76\/2016\/01\/67.jpg\" \/>\n<script type=\"application\/ld+json\" class=\"yoast-schema-graph\">{\"@context\":\"https:\/\/schema.org\",\"@graph\":[{\"@type\":\"WebPage\",\"@id\":\"https:\/\/maison4tiers.com\/ecrans-solidaires\/product\/les-pepites\/\",\"url\":\"https:\/\/maison4tiers.com\/ecrans-solidaires\/product\/les-pepites\/\",\"name\":\"Les p\u00e9pites - Documentaire - \u00c9crans solidaires - \u00c9coutez maintenant\",\"isPartOf\":{\"@id\":\"https:\/\/maison4tiers.com\/ecrans-solidaires\/#website\"},\"primaryImageOfPage\":{\"@id\":\"https:\/\/maison4tiers.com\/ecrans-solidaires\/product\/les-pepites\/#primaryimage\"},\"image\":{\"@id\":\"https:\/\/maison4tiers.com\/ecrans-solidaires\/product\/les-pepites\/#primaryimage\"},\"thumbnailUrl\":\"https:\/\/maison4tiers.com\/ecrans-solidaires\/wp-content\/uploads\/sites\/76\/2016\/01\/67.jpg\",\"datePublished\":\"2016-01-12T04:00:37+00:00\",\"dateModified\":\"2023-12-05T21:38:49+00:00\",\"description\":\"Les p\u00e9pites. Aujourd\u2019hui, ils ont 25 ans et finissent leurs e\u0301tudes ou commencent a\u0300 travailler. Tous, lorsqu\u2019ils e\u0301taient enfants, devaient fouiller, pour survivre, dans la de\u0301charge \u00ab a\u0300 ciel ouvert \u00bb de Phnom Penh, au Cambodge.\",\"breadcrumb\":{\"@id\":\"https:\/\/maison4tiers.com\/ecrans-solidaires\/product\/les-pepites\/#breadcrumb\"},\"inLanguage\":\"fr-FR\",\"potentialAction\":[{\"@type\":\"ReadAction\",\"target\":[\"https:\/\/maison4tiers.com\/ecrans-solidaires\/product\/les-pepites\/\"]}]},{\"@type\":\"ImageObject\",\"inLanguage\":\"fr-FR\",\"@id\":\"https:\/\/maison4tiers.com\/ecrans-solidaires\/product\/les-pepites\/#primaryimage\",\"url\":\"https:\/\/maison4tiers.com\/ecrans-solidaires\/wp-content\/uploads\/sites\/76\/2016\/01\/67.jpg\",\"contentUrl\":\"https:\/\/maison4tiers.com\/ecrans-solidaires\/wp-content\/uploads\/sites\/76\/2016\/01\/67.jpg\",\"width\":800,\"height\":1200,\"caption\":\"Les p\u00e9pites\"},{\"@type\":\"BreadcrumbList\",\"@id\":\"https:\/\/maison4tiers.com\/ecrans-solidaires\/product\/les-pepites\/#breadcrumb\",\"itemListElement\":[{\"@type\":\"ListItem\",\"position\":1,\"name\":\"Home\",\"item\":\"https:\/\/maison4tiers.com\/ecrans-solidaires\/\"},{\"@type\":\"ListItem\",\"position\":2,\"name\":\"Films\",\"item\":\"https:\/\/maison4tiers.com\/ecrans-solidaires\/films\/\"},{\"@type\":\"ListItem\",\"position\":3,\"name\":\"Les p\u00e9pites\"}]},{\"@type\":\"WebSite\",\"@id\":\"https:\/\/maison4tiers.com\/ecrans-solidaires\/#website\",\"url\":\"https:\/\/maison4tiers.com\/ecrans-solidaires\/\",\"name\":\"\u00c9crans solidaires\",\"description\":\"Distribution multiplateforme de films qu\u00e9b\u00e9cois et internationaux\",\"publisher\":{\"@id\":\"https:\/\/maison4tiers.com\/ecrans-solidaires\/#organization\"},\"potentialAction\":[{\"@type\":\"SearchAction\",\"target\":{\"@type\":\"EntryPoint\",\"urlTemplate\":\"https:\/\/maison4tiers.com\/ecrans-solidaires\/?s={search_term_string}\"},\"query-input\":{\"@type\":\"PropertyValueSpecification\",\"valueRequired\":true,\"valueName\":\"search_term_string\"}}],\"inLanguage\":\"fr-FR\"},{\"@type\":\"Organization\",\"@id\":\"https:\/\/maison4tiers.com\/ecrans-solidaires\/#organization\",\"name\":\"\u00c9crans solidaires\",\"url\":\"https:\/\/maison4tiers.com\/ecrans-solidaires\/\",\"logo\":{\"@type\":\"ImageObject\",\"inLanguage\":\"fr-FR\",\"@id\":\"https:\/\/maison4tiers.com\/ecrans-solidaires\/#\/schema\/logo\/image\/\",\"url\":\"https:\/\/maison4tiers.com\/ecrans-solidaires\/wp-content\/uploads\/sites\/76\/2020\/11\/favicon-196.png\",\"contentUrl\":\"https:\/\/maison4tiers.com\/ecrans-solidaires\/wp-content\/uploads\/sites\/76\/2020\/11\/favicon-196.png\",\"width\":196,\"height\":196,\"caption\":\"\u00c9crans solidaires\"},\"image\":{\"@id\":\"https:\/\/maison4tiers.com\/ecrans-solidaires\/#\/schema\/logo\/image\/\"}}]}<\/script>\n<!-- \/ Yoast SEO plugin. -->","yoast_head_json":{"title":"Les p\u00e9pites - Documentaire - \u00c9crans solidaires - \u00c9coutez maintenant","description":"Les p\u00e9pites. Aujourd\u2019hui, ils ont 25 ans et finissent leurs e\u0301tudes ou commencent a\u0300 travailler. Tous, lorsqu\u2019ils e\u0301taient enfants, devaient fouiller, pour survivre, dans la de\u0301charge \u00ab a\u0300 ciel ouvert \u00bb de Phnom Penh, au Cambodge.","robots":{"index":"noindex","follow":"follow","max-snippet":"max-snippet:-1","max-image-preview":"max-image-preview:large","max-video-preview":"max-video-preview:-1"},"og_locale":"fr_FR","og_type":"article","og_title":"Les p\u00e9pites","og_description":"Les p\u00e9pites. Aujourd\u2019hui, ils ont 25 ans et finissent leurs e\u0301tudes ou commencent a\u0300 travailler. Tous, lorsqu\u2019ils e\u0301taient enfants, devaient fouiller, pour survivre, dans la de\u0301charge \u00ab a\u0300 ciel ouvert \u00bb de Phnom Penh, au Cambodge.","og_url":"https:\/\/maison4tiers.com\/ecrans-solidaires\/product\/les-pepites\/","og_site_name":"\u00c9crans solidaires","article_modified_time":"2023-12-05T21:38:49+00:00","og_image":[{"width":800,"height":1200,"url":"https:\/\/maison4tiers.com\/ecrans-solidaires\/wp-content\/uploads\/sites\/76\/2016\/01\/67.jpg","type":"image\/jpeg"}],"twitter_card":"summary_large_image","twitter_title":"Les p\u00e9pites","twitter_description":"Les p\u00e9pites. Aujourd\u2019hui, ils ont 25 ans et finissent leurs e\u0301tudes ou commencent a\u0300 travailler. Tous, lorsqu\u2019ils e\u0301taient enfants, devaient fouiller, pour survivre, dans la de\u0301charge \u00ab a\u0300 ciel ouvert \u00bb de Phnom Penh, au Cambodge.","twitter_image":"https:\/\/maison4tiers.com\/ecrans-solidaires\/wp-content\/uploads\/sites\/76\/2016\/01\/67.jpg","schema":{"@context":"https:\/\/schema.org","@graph":[{"@type":"WebPage","@id":"https:\/\/maison4tiers.com\/ecrans-solidaires\/product\/les-pepites\/","url":"https:\/\/maison4tiers.com\/ecrans-solidaires\/product\/les-pepites\/","name":"Les p\u00e9pites - Documentaire - \u00c9crans solidaires - \u00c9coutez maintenant","isPartOf":{"@id":"https:\/\/maison4tiers.com\/ecrans-solidaires\/#website"},"primaryImageOfPage":{"@id":"https:\/\/maison4tiers.com\/ecrans-solidaires\/product\/les-pepites\/#primaryimage"},"image":{"@id":"https:\/\/maison4tiers.com\/ecrans-solidaires\/product\/les-pepites\/#primaryimage"},"thumbnailUrl":"https:\/\/maison4tiers.com\/ecrans-solidaires\/wp-content\/uploads\/sites\/76\/2016\/01\/67.jpg","datePublished":"2016-01-12T04:00:37+00:00","dateModified":"2023-12-05T21:38:49+00:00","description":"Les p\u00e9pites. Aujourd\u2019hui, ils ont 25 ans et finissent leurs e\u0301tudes ou commencent a\u0300 travailler. Tous, lorsqu\u2019ils e\u0301taient enfants, devaient fouiller, pour survivre, dans la de\u0301charge \u00ab a\u0300 ciel ouvert \u00bb de Phnom Penh, au Cambodge.","breadcrumb":{"@id":"https:\/\/maison4tiers.com\/ecrans-solidaires\/product\/les-pepites\/#breadcrumb"},"inLanguage":"fr-FR","potentialAction":[{"@type":"ReadAction","target":["https:\/\/maison4tiers.com\/ecrans-solidaires\/product\/les-pepites\/"]}]},{"@type":"ImageObject","inLanguage":"fr-FR","@id":"https:\/\/maison4tiers.com\/ecrans-solidaires\/product\/les-pepites\/#primaryimage","url":"https:\/\/maison4tiers.com\/ecrans-solidaires\/wp-content\/uploads\/sites\/76\/2016\/01\/67.jpg","contentUrl":"https:\/\/maison4tiers.com\/ecrans-solidaires\/wp-content\/uploads\/sites\/76\/2016\/01\/67.jpg","width":800,"height":1200,"caption":"Les p\u00e9pites"},{"@type":"BreadcrumbList","@id":"https:\/\/maison4tiers.com\/ecrans-solidaires\/product\/les-pepites\/#breadcrumb","itemListElement":[{"@type":"ListItem","position":1,"name":"Home","item":"https:\/\/maison4tiers.com\/ecrans-solidaires\/"},{"@type":"ListItem","position":2,"name":"Films","item":"https:\/\/maison4tiers.com\/ecrans-solidaires\/films\/"},{"@type":"ListItem","position":3,"name":"Les p\u00e9pites"}]},{"@type":"WebSite","@id":"https:\/\/maison4tiers.com\/ecrans-solidaires\/#website","url":"https:\/\/maison4tiers.com\/ecrans-solidaires\/","name":"\u00c9crans solidaires","description":"Distribution multiplateforme de films qu\u00e9b\u00e9cois et internationaux","publisher":{"@id":"https:\/\/maison4tiers.com\/ecrans-solidaires\/#organization"},"potentialAction":[{"@type":"SearchAction","target":{"@type":"EntryPoint","urlTemplate":"https:\/\/maison4tiers.com\/ecrans-solidaires\/?s={search_term_string}"},"query-input":{"@type":"PropertyValueSpecification","valueRequired":true,"valueName":"search_term_string"}}],"inLanguage":"fr-FR"},{"@type":"Organization","@id":"https:\/\/maison4tiers.com\/ecrans-solidaires\/#organization","name":"\u00c9crans solidaires","url":"https:\/\/maison4tiers.com\/ecrans-solidaires\/","logo":{"@type":"ImageObject","inLanguage":"fr-FR","@id":"https:\/\/maison4tiers.com\/ecrans-solidaires\/#\/schema\/logo\/image\/","url":"https:\/\/maison4tiers.com\/ecrans-solidaires\/wp-content\/uploads\/sites\/76\/2020\/11\/favicon-196.png","contentUrl":"https:\/\/maison4tiers.com\/ecrans-solidaires\/wp-content\/uploads\/sites\/76\/2020\/11\/favicon-196.png","width":196,"height":196,"caption":"\u00c9crans solidaires"},"image":{"@id":"https:\/\/maison4tiers.com\/ecrans-solidaires\/#\/schema\/logo\/image\/"}}]}},"jetpack_sharing_enabled":true,"_links":{"self":[{"href":"https:\/\/maison4tiers.com\/ecrans-solidaires\/wp-json\/wp\/v2\/product\/4634","targetHints":{"allow":["GET"]}}],"collection":[{"href":"https:\/\/maison4tiers.com\/ecrans-solidaires\/wp-json\/wp\/v2\/product"}],"about":[{"href":"https:\/\/maison4tiers.com\/ecrans-solidaires\/wp-json\/wp\/v2\/types\/product"}],"wp:featuredmedia":[{"embeddable":true,"href":"https:\/\/maison4tiers.com\/ecrans-solidaires\/wp-json\/wp\/v2\/media\/7498"}],"wp:attachment":[{"href":"https:\/\/maison4tiers.com\/ecrans-solidaires\/wp-json\/wp\/v2\/media?parent=4634"}],"wp:term":[{"taxonomy":"product_brand","embeddable":true,"href":"https:\/\/maison4tiers.com\/ecrans-solidaires\/wp-json\/wp\/v2\/product_brand?post=4634"},{"taxonomy":"product_cat","embeddable":true,"href":"https:\/\/maison4tiers.com\/ecrans-solidaires\/wp-json\/wp\/v2\/product_cat?post=4634"},{"taxonomy":"product_tag","embeddable":true,"href":"https:\/\/maison4tiers.com\/ecrans-solidaires\/wp-json\/wp\/v2\/product_tag?post=4634"}],"curies":[{"name":"wp","href":"https:\/\/api.w.org\/{rel}","templated":true}]}}