{"id":4602,"date":"2019-01-12T00:00:09","date_gmt":"2019-01-12T04:00:09","guid":{"rendered":"https:\/\/maison4tiers.com\/?post_type=product&#038;p=4602"},"modified":"2023-10-20T18:58:44","modified_gmt":"2023-10-20T22:58:44","slug":"les-hirondelles-de-kaboul","status":"publish","type":"product","link":"https:\/\/maison4tiers.com\/ecrans-solidaires\/product\/les-hirondelles-de-kaboul\/","title":{"rendered":"Les hirondelles de Kaboul"},"excerpt":{"rendered":"<p>\u00c9t\u00e9 1998, Kaboul en ruines est occup\u00e9e par les talibans. Mohsen et Zunaira sont jeunes, ils s\u2019aiment profond\u00e9ment. En d\u00e9pit de la violence et de la mis\u00e8re quotidienne, ils veulent croire en l\u2019avenir. Un geste insens\u00e9 de Mohsen va faire basculer leurs vies. Adaptation du roman de l\u2019\u00e9crivain \u00e0 succ\u00e8s Yasmina Khadra.<\/p>\n<blockquote><p><em>\u00ab Tout dans ce film appelle \u00e0 la r\u00e9volte, et pourtant, il y a dans la d\u00e9nonciation des r\u00e9alisatrices une finesse d\u2019esprit qui rend ce r\u00e9gime encore plus hideux. \u00bb<\/em><br \/>\n\u2605\u2605\u2605\u2605 <strong>\u2013 <a href=\"https:\/\/www.lapresse.ca\/cinema\/critiques\/2020-01-17\/les-hirondelles-de-kaboul-l-effroyable-passe-des-talibans\" target=\"_blank\" rel=\"noopener\">LA PRESSE<\/a><\/strong><\/p>\n<p>&nbsp;<\/p>\n<p><em>\u00ab Un film douloureux mais tr\u00e8s beau, tant dans sa facture que dans ses id\u00e9aux. \u00bb<\/em><br \/>\n\u2605\u2605\u2605\u2605 <strong>\u2013 <a href=\"https:\/\/www.ledevoir.com\/culture\/cinema\/571039\/les-hirondelles-de-kaboul\" target=\"_blank\" rel=\"noopener\">LE DEVOIR<\/a><\/strong><\/p><\/blockquote>\n<p><a href=\"https:\/\/maison4tiers.com\/categorie-produit\/film\/animation\/\" target=\"_blank\" rel=\"noopener\"><strong><span style=\"text-decoration: underline;\">Voir les autres films d&rsquo;animation<\/span><\/strong><\/a><\/p>\n<p>&nbsp;<\/p>\n<p><strong>*Disponible au Canada seulement<\/strong><\/p>\n","protected":false},"featured_media":7450,"template":"","meta":{"_acf_changed":false,"_eb_attr":""},"product_brand":[],"product_cat":[113,105,120,45,122,121,136,131,142],"product_tag":[],"class_list":{"0":"post-4602","1":"product","2":"type-product","3":"status-publish","4":"has-post-thumbnail","6":"product_cat-animation","7":"product_cat-drame","8":"product_cat-fiction","9":"product_cat-film","10":"product_cat-reflexion","11":"product_cat-societe","12":"product_cat-dvd","13":"product_cat-touslesfilms","14":"product_cat-numerique","15":"product_shipping_class-livraison","17":"first","18":"instock","19":"taxable","20":"shipping-taxable","21":"purchasable","22":"product-type-variable","23":"has-default-attributes"},"acf":[],"yoast_head":"<!-- This site is optimized with the Yoast SEO plugin v27.0 - https:\/\/yoast.com\/product\/yoast-seo-wordpress\/ -->\n<title>Les hirondelles de Kaboul - Film d&#039;animation - \u00c9crans solidaires -<\/title>\n<meta name=\"description\" content=\"\u00c9t\u00e9 1998, Kaboul en ruines est occup\u00e9e par les talibans. Mohsen et Zunaira sont jeunes, ils s\u2019aiment profond\u00e9ment. Ils veulent croire en l\u2019avenir.\" \/>\n<meta name=\"robots\" content=\"noindex, follow, max-snippet:-1, max-image-preview:large, max-video-preview:-1\" \/>\n<meta property=\"og:locale\" content=\"fr_FR\" \/>\n<meta property=\"og:type\" content=\"article\" \/>\n<meta property=\"og:title\" content=\"Les hirondelles de Kaboul\" \/>\n<meta property=\"og:description\" content=\"\u00c9t\u00e9 1998, Kaboul en ruines est occup\u00e9e par les talibans. Mohsen et Zunaira sont jeunes, ils s\u2019aiment profond\u00e9ment. Ils veulent croire en l\u2019avenir.\" \/>\n<meta property=\"og:url\" content=\"https:\/\/maison4tiers.com\/ecrans-solidaires\/product\/les-hirondelles-de-kaboul\/\" \/>\n<meta property=\"og:site_name\" content=\"\u00c9crans solidaires\" \/>\n<meta property=\"article:modified_time\" content=\"2023-10-20T22:58:44+00:00\" \/>\n<meta property=\"og:image\" content=\"https:\/\/maison4tiers.com\/ecrans-solidaires\/wp-content\/uploads\/sites\/76\/2019\/01\/2.jpg\" \/>\n\t<meta property=\"og:image:width\" content=\"800\" \/>\n\t<meta property=\"og:image:height\" content=\"1200\" \/>\n\t<meta property=\"og:image:type\" content=\"image\/jpeg\" \/>\n<meta name=\"twitter:card\" content=\"summary_large_image\" \/>\n<meta name=\"twitter:title\" content=\"Les hirondelles de Kaboul\" \/>\n<meta name=\"twitter:description\" content=\"\u00c9t\u00e9 1998, Kaboul en ruines est occup\u00e9e par les talibans. Mohsen et Zunaira sont jeunes, ils s\u2019aiment profond\u00e9ment. Ils veulent croire en l\u2019avenir.\" \/>\n<meta name=\"twitter:image\" content=\"https:\/\/maison4tiers.com\/ecrans-solidaires\/wp-content\/uploads\/sites\/76\/2019\/01\/2.jpg\" \/>\n<script type=\"application\/ld+json\" class=\"yoast-schema-graph\">{\"@context\":\"https:\/\/schema.org\",\"@graph\":[{\"@type\":\"WebPage\",\"@id\":\"https:\/\/maison4tiers.com\/ecrans-solidaires\/product\/les-hirondelles-de-kaboul\/\",\"url\":\"https:\/\/maison4tiers.com\/ecrans-solidaires\/product\/les-hirondelles-de-kaboul\/\",\"name\":\"Les hirondelles de Kaboul - Film d'animation - \u00c9crans solidaires -\",\"isPartOf\":{\"@id\":\"https:\/\/maison4tiers.com\/ecrans-solidaires\/#website\"},\"primaryImageOfPage\":{\"@id\":\"https:\/\/maison4tiers.com\/ecrans-solidaires\/product\/les-hirondelles-de-kaboul\/#primaryimage\"},\"image\":{\"@id\":\"https:\/\/maison4tiers.com\/ecrans-solidaires\/product\/les-hirondelles-de-kaboul\/#primaryimage\"},\"thumbnailUrl\":\"https:\/\/maison4tiers.com\/ecrans-solidaires\/wp-content\/uploads\/sites\/76\/2019\/01\/2.jpg\",\"datePublished\":\"2019-01-12T04:00:09+00:00\",\"dateModified\":\"2023-10-20T22:58:44+00:00\",\"description\":\"\u00c9t\u00e9 1998, Kaboul en ruines est occup\u00e9e par les talibans. Mohsen et Zunaira sont jeunes, ils s\u2019aiment profond\u00e9ment. Ils veulent croire en l\u2019avenir.\",\"breadcrumb\":{\"@id\":\"https:\/\/maison4tiers.com\/ecrans-solidaires\/product\/les-hirondelles-de-kaboul\/#breadcrumb\"},\"inLanguage\":\"fr-FR\",\"potentialAction\":[{\"@type\":\"ReadAction\",\"target\":[\"https:\/\/maison4tiers.com\/ecrans-solidaires\/product\/les-hirondelles-de-kaboul\/\"]}]},{\"@type\":\"ImageObject\",\"inLanguage\":\"fr-FR\",\"@id\":\"https:\/\/maison4tiers.com\/ecrans-solidaires\/product\/les-hirondelles-de-kaboul\/#primaryimage\",\"url\":\"https:\/\/maison4tiers.com\/ecrans-solidaires\/wp-content\/uploads\/sites\/76\/2019\/01\/2.jpg\",\"contentUrl\":\"https:\/\/maison4tiers.com\/ecrans-solidaires\/wp-content\/uploads\/sites\/76\/2019\/01\/2.jpg\",\"width\":800,\"height\":1200,\"caption\":\"Les hirondelles de Kaboul\"},{\"@type\":\"BreadcrumbList\",\"@id\":\"https:\/\/maison4tiers.com\/ecrans-solidaires\/product\/les-hirondelles-de-kaboul\/#breadcrumb\",\"itemListElement\":[{\"@type\":\"ListItem\",\"position\":1,\"name\":\"Home\",\"item\":\"https:\/\/maison4tiers.com\/ecrans-solidaires\/\"},{\"@type\":\"ListItem\",\"position\":2,\"name\":\"Films\",\"item\":\"https:\/\/maison4tiers.com\/ecrans-solidaires\/films\/\"},{\"@type\":\"ListItem\",\"position\":3,\"name\":\"Les hirondelles de Kaboul\"}]},{\"@type\":\"WebSite\",\"@id\":\"https:\/\/maison4tiers.com\/ecrans-solidaires\/#website\",\"url\":\"https:\/\/maison4tiers.com\/ecrans-solidaires\/\",\"name\":\"\u00c9crans solidaires\",\"description\":\"Distribution multiplateforme de films qu\u00e9b\u00e9cois et internationaux\",\"publisher\":{\"@id\":\"https:\/\/maison4tiers.com\/ecrans-solidaires\/#organization\"},\"potentialAction\":[{\"@type\":\"SearchAction\",\"target\":{\"@type\":\"EntryPoint\",\"urlTemplate\":\"https:\/\/maison4tiers.com\/ecrans-solidaires\/?s={search_term_string}\"},\"query-input\":{\"@type\":\"PropertyValueSpecification\",\"valueRequired\":true,\"valueName\":\"search_term_string\"}}],\"inLanguage\":\"fr-FR\"},{\"@type\":\"Organization\",\"@id\":\"https:\/\/maison4tiers.com\/ecrans-solidaires\/#organization\",\"name\":\"\u00c9crans solidaires\",\"url\":\"https:\/\/maison4tiers.com\/ecrans-solidaires\/\",\"logo\":{\"@type\":\"ImageObject\",\"inLanguage\":\"fr-FR\",\"@id\":\"https:\/\/maison4tiers.com\/ecrans-solidaires\/#\/schema\/logo\/image\/\",\"url\":\"https:\/\/maison4tiers.com\/ecrans-solidaires\/wp-content\/uploads\/sites\/76\/2020\/11\/favicon-196.png\",\"contentUrl\":\"https:\/\/maison4tiers.com\/ecrans-solidaires\/wp-content\/uploads\/sites\/76\/2020\/11\/favicon-196.png\",\"width\":196,\"height\":196,\"caption\":\"\u00c9crans solidaires\"},\"image\":{\"@id\":\"https:\/\/maison4tiers.com\/ecrans-solidaires\/#\/schema\/logo\/image\/\"}}]}<\/script>\n<!-- \/ Yoast SEO plugin. -->","yoast_head_json":{"title":"Les hirondelles de Kaboul - Film d'animation - \u00c9crans solidaires -","description":"\u00c9t\u00e9 1998, Kaboul en ruines est occup\u00e9e par les talibans. Mohsen et Zunaira sont jeunes, ils s\u2019aiment profond\u00e9ment. Ils veulent croire en l\u2019avenir.","robots":{"index":"noindex","follow":"follow","max-snippet":"max-snippet:-1","max-image-preview":"max-image-preview:large","max-video-preview":"max-video-preview:-1"},"og_locale":"fr_FR","og_type":"article","og_title":"Les hirondelles de Kaboul","og_description":"\u00c9t\u00e9 1998, Kaboul en ruines est occup\u00e9e par les talibans. Mohsen et Zunaira sont jeunes, ils s\u2019aiment profond\u00e9ment. Ils veulent croire en l\u2019avenir.","og_url":"https:\/\/maison4tiers.com\/ecrans-solidaires\/product\/les-hirondelles-de-kaboul\/","og_site_name":"\u00c9crans solidaires","article_modified_time":"2023-10-20T22:58:44+00:00","og_image":[{"width":800,"height":1200,"url":"https:\/\/maison4tiers.com\/ecrans-solidaires\/wp-content\/uploads\/sites\/76\/2019\/01\/2.jpg","type":"image\/jpeg"}],"twitter_card":"summary_large_image","twitter_title":"Les hirondelles de Kaboul","twitter_description":"\u00c9t\u00e9 1998, Kaboul en ruines est occup\u00e9e par les talibans. Mohsen et Zunaira sont jeunes, ils s\u2019aiment profond\u00e9ment. Ils veulent croire en l\u2019avenir.","twitter_image":"https:\/\/maison4tiers.com\/ecrans-solidaires\/wp-content\/uploads\/sites\/76\/2019\/01\/2.jpg","schema":{"@context":"https:\/\/schema.org","@graph":[{"@type":"WebPage","@id":"https:\/\/maison4tiers.com\/ecrans-solidaires\/product\/les-hirondelles-de-kaboul\/","url":"https:\/\/maison4tiers.com\/ecrans-solidaires\/product\/les-hirondelles-de-kaboul\/","name":"Les hirondelles de Kaboul - Film d'animation - \u00c9crans solidaires -","isPartOf":{"@id":"https:\/\/maison4tiers.com\/ecrans-solidaires\/#website"},"primaryImageOfPage":{"@id":"https:\/\/maison4tiers.com\/ecrans-solidaires\/product\/les-hirondelles-de-kaboul\/#primaryimage"},"image":{"@id":"https:\/\/maison4tiers.com\/ecrans-solidaires\/product\/les-hirondelles-de-kaboul\/#primaryimage"},"thumbnailUrl":"https:\/\/maison4tiers.com\/ecrans-solidaires\/wp-content\/uploads\/sites\/76\/2019\/01\/2.jpg","datePublished":"2019-01-12T04:00:09+00:00","dateModified":"2023-10-20T22:58:44+00:00","description":"\u00c9t\u00e9 1998, Kaboul en ruines est occup\u00e9e par les talibans. Mohsen et Zunaira sont jeunes, ils s\u2019aiment profond\u00e9ment. Ils veulent croire en l\u2019avenir.","breadcrumb":{"@id":"https:\/\/maison4tiers.com\/ecrans-solidaires\/product\/les-hirondelles-de-kaboul\/#breadcrumb"},"inLanguage":"fr-FR","potentialAction":[{"@type":"ReadAction","target":["https:\/\/maison4tiers.com\/ecrans-solidaires\/product\/les-hirondelles-de-kaboul\/"]}]},{"@type":"ImageObject","inLanguage":"fr-FR","@id":"https:\/\/maison4tiers.com\/ecrans-solidaires\/product\/les-hirondelles-de-kaboul\/#primaryimage","url":"https:\/\/maison4tiers.com\/ecrans-solidaires\/wp-content\/uploads\/sites\/76\/2019\/01\/2.jpg","contentUrl":"https:\/\/maison4tiers.com\/ecrans-solidaires\/wp-content\/uploads\/sites\/76\/2019\/01\/2.jpg","width":800,"height":1200,"caption":"Les hirondelles de Kaboul"},{"@type":"BreadcrumbList","@id":"https:\/\/maison4tiers.com\/ecrans-solidaires\/product\/les-hirondelles-de-kaboul\/#breadcrumb","itemListElement":[{"@type":"ListItem","position":1,"name":"Home","item":"https:\/\/maison4tiers.com\/ecrans-solidaires\/"},{"@type":"ListItem","position":2,"name":"Films","item":"https:\/\/maison4tiers.com\/ecrans-solidaires\/films\/"},{"@type":"ListItem","position":3,"name":"Les hirondelles de Kaboul"}]},{"@type":"WebSite","@id":"https:\/\/maison4tiers.com\/ecrans-solidaires\/#website","url":"https:\/\/maison4tiers.com\/ecrans-solidaires\/","name":"\u00c9crans solidaires","description":"Distribution multiplateforme de films qu\u00e9b\u00e9cois et internationaux","publisher":{"@id":"https:\/\/maison4tiers.com\/ecrans-solidaires\/#organization"},"potentialAction":[{"@type":"SearchAction","target":{"@type":"EntryPoint","urlTemplate":"https:\/\/maison4tiers.com\/ecrans-solidaires\/?s={search_term_string}"},"query-input":{"@type":"PropertyValueSpecification","valueRequired":true,"valueName":"search_term_string"}}],"inLanguage":"fr-FR"},{"@type":"Organization","@id":"https:\/\/maison4tiers.com\/ecrans-solidaires\/#organization","name":"\u00c9crans solidaires","url":"https:\/\/maison4tiers.com\/ecrans-solidaires\/","logo":{"@type":"ImageObject","inLanguage":"fr-FR","@id":"https:\/\/maison4tiers.com\/ecrans-solidaires\/#\/schema\/logo\/image\/","url":"https:\/\/maison4tiers.com\/ecrans-solidaires\/wp-content\/uploads\/sites\/76\/2020\/11\/favicon-196.png","contentUrl":"https:\/\/maison4tiers.com\/ecrans-solidaires\/wp-content\/uploads\/sites\/76\/2020\/11\/favicon-196.png","width":196,"height":196,"caption":"\u00c9crans solidaires"},"image":{"@id":"https:\/\/maison4tiers.com\/ecrans-solidaires\/#\/schema\/logo\/image\/"}}]}},"jetpack_sharing_enabled":true,"_links":{"self":[{"href":"https:\/\/maison4tiers.com\/ecrans-solidaires\/wp-json\/wp\/v2\/product\/4602","targetHints":{"allow":["GET"]}}],"collection":[{"href":"https:\/\/maison4tiers.com\/ecrans-solidaires\/wp-json\/wp\/v2\/product"}],"about":[{"href":"https:\/\/maison4tiers.com\/ecrans-solidaires\/wp-json\/wp\/v2\/types\/product"}],"wp:featuredmedia":[{"embeddable":true,"href":"https:\/\/maison4tiers.com\/ecrans-solidaires\/wp-json\/wp\/v2\/media\/7450"}],"wp:attachment":[{"href":"https:\/\/maison4tiers.com\/ecrans-solidaires\/wp-json\/wp\/v2\/media?parent=4602"}],"wp:term":[{"taxonomy":"product_brand","embeddable":true,"href":"https:\/\/maison4tiers.com\/ecrans-solidaires\/wp-json\/wp\/v2\/product_brand?post=4602"},{"taxonomy":"product_cat","embeddable":true,"href":"https:\/\/maison4tiers.com\/ecrans-solidaires\/wp-json\/wp\/v2\/product_cat?post=4602"},{"taxonomy":"product_tag","embeddable":true,"href":"https:\/\/maison4tiers.com\/ecrans-solidaires\/wp-json\/wp\/v2\/product_tag?post=4602"}],"curies":[{"name":"wp","href":"https:\/\/api.w.org\/{rel}","templated":true}]}}