{"id":21286,"date":"2024-03-21T09:59:25","date_gmt":"2024-03-21T13:59:25","guid":{"rendered":"https:\/\/maison4tiers.com\/?post_type=product&#038;p=21286"},"modified":"2024-07-03T16:53:36","modified_gmt":"2024-07-03T20:53:36","slug":"festin-boreal","status":"publish","type":"product","link":"https:\/\/maison4tiers.com\/ecrans-solidaires\/product\/festin-boreal\/","title":{"rendered":"FESTIN BOR\u00c9AL"},"excerpt":{"rendered":"<h4><strong>MAINTENANT DISPONIBLE EN VID\u00c9O SUR DEMANDE!<\/strong><\/h4>\n<p><span style=\"text-decoration: underline;\"><strong><a href=\"https:\/\/festinboreal-lefilm.com\/\" target=\"_blank\" rel=\"noopener\">Site officiel du film<\/a><\/strong><\/span><\/p>\n<p>Atteint d\u2019une fl\u00e8che, un orignal \u00e9chappe \u00e0 ses poursuivants pour aller mourir loin en for\u00eat et s\u2019offrir en festin \u00e0 ses cong\u00e9n\u00e8res. Gu\u00eapes, mouches et col\u00e9opt\u00e8res d\u2019abord, puis corneilles, pygargues, vautours, et enfin tous les mammif\u00e8res carnivores de la for\u00eat bor\u00e9ale se font convives. Le banquet est l\u2019occasion de jeux, de rituels et de conflits entre esp\u00e8ces et entre rivaux de m\u00eames familles. Au printemps, il ne restera plus rien du g\u00e9ant hormis la silhouette de son corps imprim\u00e9 \u00e0 m\u00eame la nature.<\/p>\n<p>Atteint d\u2019une fl\u00e8che, un orignal \u00e9chappe \u00e0 ses poursuivants pour aller mourir loin en for\u00eat et s\u2019offrir en festin \u00e0 ses cong\u00e9n\u00e8res. Gu\u00eapes, mouches et col\u00e9opt\u00e8res d\u2019abord, puis corneilles, pygargues, vautours, et enfin tous les mammif\u00e8res carnivores de la for\u00eat bor\u00e9ale se font convives. Le banquet est l\u2019occasion de jeux, de rituels et de conflits entre esp\u00e8ces et entre rivaux de m\u00eames familles. Au printemps, il ne restera plus rien du g\u00e9ant hormis la silhouette de son corps imprim\u00e9 \u00e0 m\u00eame la nature.<\/p>\n<p>&nbsp;<\/p>\n<p><a href=\"https:\/\/maison4tiers.com\/categorie-produit\/film\/film-essai\/\" target=\"_blank\" rel=\"noopener\"><span style=\"text-decoration: underline;\">Voir les autres films d&rsquo;essai<\/span><\/a><\/p>\n<p><a href=\"https:\/\/maison4tiers.com\/categorie-produit\/film\/documentaire\/\" target=\"_blank\" rel=\"noopener\"><span style=\"text-decoration: underline;\">Voir les autres films documentaires<\/span><\/a><\/p>\n<p>*Disponible au Canada seulement<\/p>\n","protected":false},"featured_media":20953,"template":"","meta":{"_acf_changed":false,"_eb_attr":""},"product_brand":[],"product_cat":[115,78,118,120,45,111,119,131,142],"product_tag":[1094,1083,1097,1096,1095,1089,1090,1092,583,329,1088,212,1082,1081,1091,867,1084,1087,600,550,1085,1086,1093],"class_list":{"0":"post-21286","1":"product","2":"type-product","3":"status-publish","4":"has-post-thumbnail","6":"product_cat-docufiction","7":"product_cat-documentaire","8":"product_cat-environnement","9":"product_cat-fiction","10":"product_cat-film","11":"product_cat-film-essai","12":"product_cat-quebecois","13":"product_cat-touslesfilms","14":"product_cat-numerique","15":"product_tag-animaux","16":"product_tag-boreal","17":"product_tag-cadavre","18":"product_tag-charognards","19":"product_tag-charogne","20":"product_tag-chasse","21":"product_tag-chasseur","22":"product_tag-decomposition","23":"product_tag-docufiction","24":"product_tag-documentaire","25":"product_tag-drame-animalier","26":"product_tag-experimental","27":"product_tag-festin","28":"product_tag-festin-boreal","29":"product_tag-fleche","30":"product_tag-foret","31":"product_tag-le-festin-boreal","32":"product_tag-morin","33":"product_tag-mort","34":"product_tag-nature","35":"product_tag-orignal","36":"product_tag-robert-morin","37":"product_tag-science","39":"first","40":"instock","41":"taxable","42":"shipping-taxable","43":"purchasable","44":"product-type-variable","45":"has-default-attributes"},"acf":[],"yoast_head":"<!-- This site is optimized with the Yoast SEO plugin v27.0 - https:\/\/yoast.com\/product\/yoast-seo-wordpress\/ -->\n<title>FESTIN BOR\u00c9AL - \u00c9crans solidaires - Film qu\u00e9b\u00e9cois - Au cin\u00e9ma le 5 avril !<\/title>\n<meta name=\"description\" content=\"Festin Bor\u00e9al - Atteint d\u2019une fl\u00e8che, un orignal \u00e9chappe \u00e0 ses poursuivants pour aller mourir loin en for\u00eat et s\u2019offrir en festin \u00e0 ses cong\u00e9n\u00e8res.\" \/>\n<meta name=\"robots\" content=\"noindex, follow, max-snippet:-1, max-image-preview:large, max-video-preview:-1\" \/>\n<meta property=\"og:locale\" content=\"fr_FR\" \/>\n<meta property=\"og:type\" content=\"article\" \/>\n<meta property=\"og:title\" content=\"Festin Bor\u00e9al\" \/>\n<meta property=\"og:description\" content=\"Atteint d\u2019une fl\u00e8che, un orignal \u00e9chappe \u00e0 ses poursuivants pour aller mourir loin en for\u00eat et s\u2019offrir en festin \u00e0 ses cong\u00e9n\u00e8res. Gu\u00eapes, mouches et col\u00e9opt\u00e8res d\u2019abord, puis corneilles, pygargues, vautours, et enfin tous les mammif\u00e8res carnivores de la for\u00eat bor\u00e9ale se font convives. Le banquet est l\u2019occasion de jeux, de rituels et de conflits entre esp\u00e8ces et entre rivaux de m\u00eames familles. Au printemps, il ne restera plus rien du g\u00e9ant hormis la silhouette de son corps imprim\u00e9 \u00e0 m\u00eame la nature.\" \/>\n<meta property=\"og:url\" content=\"https:\/\/maison4tiers.com\/ecrans-solidaires\/product\/festin-boreal\/\" \/>\n<meta property=\"og:site_name\" content=\"\u00c9crans solidaires\" \/>\n<meta property=\"article:modified_time\" content=\"2024-07-03T20:53:36+00:00\" \/>\n<meta property=\"og:image\" content=\"https:\/\/maison4tiers.com\/ecrans-solidaires\/wp-content\/uploads\/sites\/76\/2024\/03\/FestinBoreal_WEB_1080x1080_HR-scaled.jpg\" \/>\n\t<meta property=\"og:image:width\" content=\"2560\" \/>\n\t<meta property=\"og:image:height\" content=\"2560\" \/>\n\t<meta property=\"og:image:type\" content=\"image\/jpeg\" \/>\n<meta name=\"twitter:card\" content=\"summary_large_image\" \/>\n<meta name=\"twitter:title\" content=\"Festin Bor\u00e9al\" \/>\n<meta name=\"twitter:description\" content=\"Atteint d\u2019une fl\u00e8che, un orignal \u00e9chappe \u00e0 ses poursuivants pour aller mourir loin en for\u00eat et s\u2019offrir en festin \u00e0 ses cong\u00e9n\u00e8res. Gu\u00eapes, mouches et col\u00e9opt\u00e8res d\u2019abord, puis corneilles, pygargues, vautours, et enfin tous les mammif\u00e8res carnivores de la for\u00eat bor\u00e9ale se font convives. Le banquet est l\u2019occasion de jeux, de rituels et de conflits entre esp\u00e8ces et entre rivaux de m\u00eames familles. Au printemps, il ne restera plus rien du g\u00e9ant hormis la silhouette de son corps imprim\u00e9 \u00e0 m\u00eame la nature.\" \/>\n<meta name=\"twitter:image\" content=\"https:\/\/maison4tiers.com\/ecrans-solidaires\/wp-content\/uploads\/sites\/76\/2024\/03\/FestinBoreal_WEB_1080x1080_HR-scaled.jpg\" \/>\n<meta name=\"twitter:label1\" content=\"Dur\u00e9e de lecture estim\u00e9e\" \/>\n\t<meta name=\"twitter:data1\" content=\"1 minute\" \/>\n<script type=\"application\/ld+json\" class=\"yoast-schema-graph\">{\"@context\":\"https:\/\/schema.org\",\"@graph\":[{\"@type\":\"WebPage\",\"@id\":\"https:\/\/maison4tiers.com\/ecrans-solidaires\/product\/festin-boreal\/\",\"url\":\"https:\/\/maison4tiers.com\/ecrans-solidaires\/product\/festin-boreal\/\",\"name\":\"FESTIN BOR\u00c9AL - \u00c9crans solidaires - Film qu\u00e9b\u00e9cois - Au cin\u00e9ma le 5 avril !\",\"isPartOf\":{\"@id\":\"https:\/\/maison4tiers.com\/ecrans-solidaires\/#website\"},\"primaryImageOfPage\":{\"@id\":\"https:\/\/maison4tiers.com\/ecrans-solidaires\/product\/festin-boreal\/#primaryimage\"},\"image\":{\"@id\":\"https:\/\/maison4tiers.com\/ecrans-solidaires\/product\/festin-boreal\/#primaryimage\"},\"thumbnailUrl\":\"https:\/\/maison4tiers.com\/ecrans-solidaires\/wp-content\/uploads\/sites\/76\/2024\/02\/FestinBoreal_affiche_WEB_5avril_LR-scaled.jpg\",\"datePublished\":\"2024-03-21T13:59:25+00:00\",\"dateModified\":\"2024-07-03T20:53:36+00:00\",\"description\":\"Festin Bor\u00e9al - Atteint d\u2019une fl\u00e8che, un orignal \u00e9chappe \u00e0 ses poursuivants pour aller mourir loin en for\u00eat et s\u2019offrir en festin \u00e0 ses cong\u00e9n\u00e8res.\",\"breadcrumb\":{\"@id\":\"https:\/\/maison4tiers.com\/ecrans-solidaires\/product\/festin-boreal\/#breadcrumb\"},\"inLanguage\":\"fr-FR\",\"potentialAction\":[{\"@type\":\"ReadAction\",\"target\":[\"https:\/\/maison4tiers.com\/ecrans-solidaires\/product\/festin-boreal\/\"]}]},{\"@type\":\"ImageObject\",\"inLanguage\":\"fr-FR\",\"@id\":\"https:\/\/maison4tiers.com\/ecrans-solidaires\/product\/festin-boreal\/#primaryimage\",\"url\":\"https:\/\/maison4tiers.com\/ecrans-solidaires\/wp-content\/uploads\/sites\/76\/2024\/02\/FestinBoreal_affiche_WEB_5avril_LR-scaled.jpg\",\"contentUrl\":\"https:\/\/maison4tiers.com\/ecrans-solidaires\/wp-content\/uploads\/sites\/76\/2024\/02\/FestinBoreal_affiche_WEB_5avril_LR-scaled.jpg\",\"width\":1772,\"height\":2560},{\"@type\":\"BreadcrumbList\",\"@id\":\"https:\/\/maison4tiers.com\/ecrans-solidaires\/product\/festin-boreal\/#breadcrumb\",\"itemListElement\":[{\"@type\":\"ListItem\",\"position\":1,\"name\":\"Home\",\"item\":\"https:\/\/maison4tiers.com\/ecrans-solidaires\/\"},{\"@type\":\"ListItem\",\"position\":2,\"name\":\"Films\",\"item\":\"https:\/\/maison4tiers.com\/ecrans-solidaires\/films\/\"},{\"@type\":\"ListItem\",\"position\":3,\"name\":\"FESTIN BOR\u00c9AL\"}]},{\"@type\":\"WebSite\",\"@id\":\"https:\/\/maison4tiers.com\/ecrans-solidaires\/#website\",\"url\":\"https:\/\/maison4tiers.com\/ecrans-solidaires\/\",\"name\":\"\u00c9crans solidaires\",\"description\":\"Distribution multiplateforme de films qu\u00e9b\u00e9cois et internationaux\",\"publisher\":{\"@id\":\"https:\/\/maison4tiers.com\/ecrans-solidaires\/#organization\"},\"potentialAction\":[{\"@type\":\"SearchAction\",\"target\":{\"@type\":\"EntryPoint\",\"urlTemplate\":\"https:\/\/maison4tiers.com\/ecrans-solidaires\/?s={search_term_string}\"},\"query-input\":{\"@type\":\"PropertyValueSpecification\",\"valueRequired\":true,\"valueName\":\"search_term_string\"}}],\"inLanguage\":\"fr-FR\"},{\"@type\":\"Organization\",\"@id\":\"https:\/\/maison4tiers.com\/ecrans-solidaires\/#organization\",\"name\":\"\u00c9crans solidaires\",\"url\":\"https:\/\/maison4tiers.com\/ecrans-solidaires\/\",\"logo\":{\"@type\":\"ImageObject\",\"inLanguage\":\"fr-FR\",\"@id\":\"https:\/\/maison4tiers.com\/ecrans-solidaires\/#\/schema\/logo\/image\/\",\"url\":\"https:\/\/maison4tiers.com\/ecrans-solidaires\/wp-content\/uploads\/sites\/76\/2020\/11\/favicon-196.png\",\"contentUrl\":\"https:\/\/maison4tiers.com\/ecrans-solidaires\/wp-content\/uploads\/sites\/76\/2020\/11\/favicon-196.png\",\"width\":196,\"height\":196,\"caption\":\"\u00c9crans solidaires\"},\"image\":{\"@id\":\"https:\/\/maison4tiers.com\/ecrans-solidaires\/#\/schema\/logo\/image\/\"}}]}<\/script>\n<!-- \/ Yoast SEO plugin. -->","yoast_head_json":{"title":"FESTIN BOR\u00c9AL - \u00c9crans solidaires - Film qu\u00e9b\u00e9cois - Au cin\u00e9ma le 5 avril !","description":"Festin Bor\u00e9al - Atteint d\u2019une fl\u00e8che, un orignal \u00e9chappe \u00e0 ses poursuivants pour aller mourir loin en for\u00eat et s\u2019offrir en festin \u00e0 ses cong\u00e9n\u00e8res.","robots":{"index":"noindex","follow":"follow","max-snippet":"max-snippet:-1","max-image-preview":"max-image-preview:large","max-video-preview":"max-video-preview:-1"},"og_locale":"fr_FR","og_type":"article","og_title":"Festin Bor\u00e9al","og_description":"Atteint d\u2019une fl\u00e8che, un orignal \u00e9chappe \u00e0 ses poursuivants pour aller mourir loin en for\u00eat et s\u2019offrir en festin \u00e0 ses cong\u00e9n\u00e8res. Gu\u00eapes, mouches et col\u00e9opt\u00e8res d\u2019abord, puis corneilles, pygargues, vautours, et enfin tous les mammif\u00e8res carnivores de la for\u00eat bor\u00e9ale se font convives. Le banquet est l\u2019occasion de jeux, de rituels et de conflits entre esp\u00e8ces et entre rivaux de m\u00eames familles. Au printemps, il ne restera plus rien du g\u00e9ant hormis la silhouette de son corps imprim\u00e9 \u00e0 m\u00eame la nature.","og_url":"https:\/\/maison4tiers.com\/ecrans-solidaires\/product\/festin-boreal\/","og_site_name":"\u00c9crans solidaires","article_modified_time":"2024-07-03T20:53:36+00:00","og_image":[{"width":2560,"height":2560,"url":"https:\/\/maison4tiers.com\/ecrans-solidaires\/wp-content\/uploads\/sites\/76\/2024\/03\/FestinBoreal_WEB_1080x1080_HR-scaled.jpg","type":"image\/jpeg"}],"twitter_card":"summary_large_image","twitter_title":"Festin Bor\u00e9al","twitter_description":"Atteint d\u2019une fl\u00e8che, un orignal \u00e9chappe \u00e0 ses poursuivants pour aller mourir loin en for\u00eat et s\u2019offrir en festin \u00e0 ses cong\u00e9n\u00e8res. Gu\u00eapes, mouches et col\u00e9opt\u00e8res d\u2019abord, puis corneilles, pygargues, vautours, et enfin tous les mammif\u00e8res carnivores de la for\u00eat bor\u00e9ale se font convives. Le banquet est l\u2019occasion de jeux, de rituels et de conflits entre esp\u00e8ces et entre rivaux de m\u00eames familles. Au printemps, il ne restera plus rien du g\u00e9ant hormis la silhouette de son corps imprim\u00e9 \u00e0 m\u00eame la nature.","twitter_image":"https:\/\/maison4tiers.com\/ecrans-solidaires\/wp-content\/uploads\/sites\/76\/2024\/03\/FestinBoreal_WEB_1080x1080_HR-scaled.jpg","twitter_misc":{"Dur\u00e9e de lecture estim\u00e9e":"1 minute"},"schema":{"@context":"https:\/\/schema.org","@graph":[{"@type":"WebPage","@id":"https:\/\/maison4tiers.com\/ecrans-solidaires\/product\/festin-boreal\/","url":"https:\/\/maison4tiers.com\/ecrans-solidaires\/product\/festin-boreal\/","name":"FESTIN BOR\u00c9AL - \u00c9crans solidaires - Film qu\u00e9b\u00e9cois - Au cin\u00e9ma le 5 avril !","isPartOf":{"@id":"https:\/\/maison4tiers.com\/ecrans-solidaires\/#website"},"primaryImageOfPage":{"@id":"https:\/\/maison4tiers.com\/ecrans-solidaires\/product\/festin-boreal\/#primaryimage"},"image":{"@id":"https:\/\/maison4tiers.com\/ecrans-solidaires\/product\/festin-boreal\/#primaryimage"},"thumbnailUrl":"https:\/\/maison4tiers.com\/ecrans-solidaires\/wp-content\/uploads\/sites\/76\/2024\/02\/FestinBoreal_affiche_WEB_5avril_LR-scaled.jpg","datePublished":"2024-03-21T13:59:25+00:00","dateModified":"2024-07-03T20:53:36+00:00","description":"Festin Bor\u00e9al - Atteint d\u2019une fl\u00e8che, un orignal \u00e9chappe \u00e0 ses poursuivants pour aller mourir loin en for\u00eat et s\u2019offrir en festin \u00e0 ses cong\u00e9n\u00e8res.","breadcrumb":{"@id":"https:\/\/maison4tiers.com\/ecrans-solidaires\/product\/festin-boreal\/#breadcrumb"},"inLanguage":"fr-FR","potentialAction":[{"@type":"ReadAction","target":["https:\/\/maison4tiers.com\/ecrans-solidaires\/product\/festin-boreal\/"]}]},{"@type":"ImageObject","inLanguage":"fr-FR","@id":"https:\/\/maison4tiers.com\/ecrans-solidaires\/product\/festin-boreal\/#primaryimage","url":"https:\/\/maison4tiers.com\/ecrans-solidaires\/wp-content\/uploads\/sites\/76\/2024\/02\/FestinBoreal_affiche_WEB_5avril_LR-scaled.jpg","contentUrl":"https:\/\/maison4tiers.com\/ecrans-solidaires\/wp-content\/uploads\/sites\/76\/2024\/02\/FestinBoreal_affiche_WEB_5avril_LR-scaled.jpg","width":1772,"height":2560},{"@type":"BreadcrumbList","@id":"https:\/\/maison4tiers.com\/ecrans-solidaires\/product\/festin-boreal\/#breadcrumb","itemListElement":[{"@type":"ListItem","position":1,"name":"Home","item":"https:\/\/maison4tiers.com\/ecrans-solidaires\/"},{"@type":"ListItem","position":2,"name":"Films","item":"https:\/\/maison4tiers.com\/ecrans-solidaires\/films\/"},{"@type":"ListItem","position":3,"name":"FESTIN BOR\u00c9AL"}]},{"@type":"WebSite","@id":"https:\/\/maison4tiers.com\/ecrans-solidaires\/#website","url":"https:\/\/maison4tiers.com\/ecrans-solidaires\/","name":"\u00c9crans solidaires","description":"Distribution multiplateforme de films qu\u00e9b\u00e9cois et internationaux","publisher":{"@id":"https:\/\/maison4tiers.com\/ecrans-solidaires\/#organization"},"potentialAction":[{"@type":"SearchAction","target":{"@type":"EntryPoint","urlTemplate":"https:\/\/maison4tiers.com\/ecrans-solidaires\/?s={search_term_string}"},"query-input":{"@type":"PropertyValueSpecification","valueRequired":true,"valueName":"search_term_string"}}],"inLanguage":"fr-FR"},{"@type":"Organization","@id":"https:\/\/maison4tiers.com\/ecrans-solidaires\/#organization","name":"\u00c9crans solidaires","url":"https:\/\/maison4tiers.com\/ecrans-solidaires\/","logo":{"@type":"ImageObject","inLanguage":"fr-FR","@id":"https:\/\/maison4tiers.com\/ecrans-solidaires\/#\/schema\/logo\/image\/","url":"https:\/\/maison4tiers.com\/ecrans-solidaires\/wp-content\/uploads\/sites\/76\/2020\/11\/favicon-196.png","contentUrl":"https:\/\/maison4tiers.com\/ecrans-solidaires\/wp-content\/uploads\/sites\/76\/2020\/11\/favicon-196.png","width":196,"height":196,"caption":"\u00c9crans solidaires"},"image":{"@id":"https:\/\/maison4tiers.com\/ecrans-solidaires\/#\/schema\/logo\/image\/"}}]}},"jetpack_sharing_enabled":true,"_links":{"self":[{"href":"https:\/\/maison4tiers.com\/ecrans-solidaires\/wp-json\/wp\/v2\/product\/21286","targetHints":{"allow":["GET"]}}],"collection":[{"href":"https:\/\/maison4tiers.com\/ecrans-solidaires\/wp-json\/wp\/v2\/product"}],"about":[{"href":"https:\/\/maison4tiers.com\/ecrans-solidaires\/wp-json\/wp\/v2\/types\/product"}],"wp:featuredmedia":[{"embeddable":true,"href":"https:\/\/maison4tiers.com\/ecrans-solidaires\/wp-json\/wp\/v2\/media\/20953"}],"wp:attachment":[{"href":"https:\/\/maison4tiers.com\/ecrans-solidaires\/wp-json\/wp\/v2\/media?parent=21286"}],"wp:term":[{"taxonomy":"product_brand","embeddable":true,"href":"https:\/\/maison4tiers.com\/ecrans-solidaires\/wp-json\/wp\/v2\/product_brand?post=21286"},{"taxonomy":"product_cat","embeddable":true,"href":"https:\/\/maison4tiers.com\/ecrans-solidaires\/wp-json\/wp\/v2\/product_cat?post=21286"},{"taxonomy":"product_tag","embeddable":true,"href":"https:\/\/maison4tiers.com\/ecrans-solidaires\/wp-json\/wp\/v2\/product_tag?post=21286"}],"curies":[{"name":"wp","href":"https:\/\/api.w.org\/{rel}","templated":true}]}}