{"id":19832,"date":"2023-12-11T17:00:28","date_gmt":"2023-12-11T21:00:28","guid":{"rendered":"https:\/\/maison4tiers.com\/?post_type=product&#038;p=19832"},"modified":"2024-07-16T13:19:43","modified_gmt":"2024-07-16T17:19:43","slug":"locean-vu-du-coeur","status":"publish","type":"product","link":"https:\/\/maison4tiers.com\/ecrans-solidaires\/product\/locean-vu-du-coeur\/","title":{"rendered":"L&rsquo;Oc\u00e9an Vu du Coeur"},"excerpt":{"rendered":"<h4><strong>MAINTENANT DISPONIBLE SUR DVD ET VID\u00c9O SUR DEMANDE!<\/strong><\/h4>\n<p>Longtemps, l\u2019Oc\u00e9an nous a paru inalt\u00e9rable et in\u00e9puisable, mais l\u2019impact de nos actions sur sa biodiversit\u00e9 et sa temp\u00e9rature est alarmant. Dans L\u2019Oc\u00e9an vu du c\u0153ur, suite de La Terre vue du c\u0153ur, Hubert Reeves, entour\u00e9 de scientifiques et d\u2019explorateurs passionn\u00e9s, nous propose de red\u00e9couvrir ce qui menace l&rsquo;oc\u00e9an, et surtout d&rsquo;explorer sa capacit\u00e9 de r\u00e9g\u00e9n\u00e9ration ph\u00e9nom\u00e9nale. Un hymne au Vivant, dans ce qu\u2019il a de plus riche, de plus pr\u00e9cieux et n\u00e9cessaire \u00e0 pr\u00e9server si l\u2019on veut survivre, parmi d\u2019autres esp\u00e8ces, sur notre plan\u00e8te bleue.<\/p>\n<blockquote><p><em>\u00ab <\/em><span style=\"font-weight: 400;\">Un tr\u00e8s beau documentaire qui d\u00e9joue les attentes. S\u2019il \u00e9voque une urgence \u00e9cologique, le film refuse la forme du cri d\u2019appel. Il n\u2019en est que plus convaincant<\/span><em>. \u00bb<br \/>\n<\/em><a href=\"https:\/\/www.avoir-alire.com\/l-ocean-vu-du-coeur-iolande-cadrin-rossignol-marie-dominique-michaud-critique\" target=\"_blank\" rel=\"noopener\">\u2605\u2605\u2605\u2605<strong> \u2013 \u00c0 VOIR \u00c0 LIRE<\/strong><\/a><\/p>\n<p><em>\u00ab<span style=\"font-weight: 400;\">Ce beau film, passionn\u00e9 et passionnant, \u00e9veille les consciences, mais il n\u2019est jamais moralisateur. C\u2019est une invitation \u00e0 r\u00e9fl\u00e9chir, \u00e0 former et \u00e0 informer pour agir<\/span> \u00bb<\/em><br \/>\n<a href=\"https:\/\/www.humanite.fr\/culture-et-savoir\/cinema\/locean-vu-du-coeur-un-documentaire-aux-sources-du-vivant\" target=\"_blank\" rel=\"noopener\"><strong>\u2013 HUMANIT\u00c9<\/strong><\/a><\/p>\n<p><em>\u00ab Porteur d&rsquo;un message d&rsquo;espoir \u00bb<\/em><br \/>\n<strong>\u00a0\u2013 ALLO CIN\u00c9<\/strong><\/p><\/blockquote>\n<p>&nbsp;<\/p>\n<p><a href=\"https:\/\/maison4tiers.com\/categorie-produit\/film\/documentaire\/?_ga=2.62960111.1713405302.1702330560-2119137250.1661195295\" target=\"_blank\" rel=\"noopener\"><span style=\"text-decoration: underline;\">Voir les autres DOCUMENTAIRES<\/span><\/a><\/p>\n<p>*Disponible au Canada seulement<\/p>\n","protected":false},"featured_media":19839,"template":"","meta":{"_acf_changed":false,"_eb_attr":""},"product_brand":[],"product_cat":[78,118,45,119,122,136,131,142],"product_tag":[1022,329,185,179,1021,1019,1018,389,1020,390,813,286],"class_list":{"0":"post-19832","1":"product","2":"type-product","3":"status-publish","4":"has-post-thumbnail","6":"product_cat-documentaire","7":"product_cat-environnement","8":"product_cat-film","9":"product_cat-quebecois","10":"product_cat-reflexion","11":"product_cat-dvd","12":"product_cat-touslesfilms","13":"product_cat-numerique","14":"product_tag-conservation","15":"product_tag-documentaire","16":"product_tag-ecologie","17":"product_tag-environnement","18":"product_tag-espece","19":"product_tag-hubert-reeves","20":"product_tag-locean-vu-du-coeur","21":"product_tag-mer","22":"product_tag-militant","23":"product_tag-ocean","24":"product_tag-poisson","25":"product_tag-survie","27":"first","28":"instock","29":"taxable","30":"shipping-taxable","31":"purchasable","32":"product-type-variable","33":"has-default-attributes"},"acf":[],"yoast_head":"<!-- This site is optimized with the Yoast SEO plugin v27.0 - https:\/\/yoast.com\/product\/yoast-seo-wordpress\/ -->\n<title>L&#039;Oc\u00e9an Vu du Coeur - \u00c9crans solidaires - Film qu\u00e9b\u00e9cois - Voir le film d\u00e8s maintenant!<\/title>\n<meta name=\"description\" content=\"L&#039;Oc\u00e9an Vu du Coeur - Hubert Reeves nous propose de red\u00e9couvrir ce qui menace l&#039;oc\u00e9an, et surtout d&#039;explorer sa capacit\u00e9 de r\u00e9g\u00e9n\u00e9ration ph\u00e9nom\u00e9nale.\" \/>\n<meta name=\"robots\" content=\"noindex, follow, max-snippet:-1, max-image-preview:large, max-video-preview:-1\" \/>\n<meta property=\"og:locale\" content=\"fr_FR\" \/>\n<meta property=\"og:type\" content=\"article\" \/>\n<meta property=\"og:title\" content=\"L&#039;Oc\u00e9an Vu du coeur\" \/>\n<meta property=\"og:description\" content=\"Longtemps, l\u2019Oc\u00e9an nous a paru inalt\u00e9rable et in\u00e9puisable, mais l\u2019impact de nos actions sur sa biodiversit\u00e9 et sa temp\u00e9rature est alarmant. Dans L\u2019Oc\u00e9an vu du c\u0153ur, suite de La Terre vue du c\u0153ur, Hubert Reeves, entour\u00e9 de scientifiques et d\u2019explorateurs passionn\u00e9s, nous propose de red\u00e9couvrir ce qui menace l&#039;oc\u00e9an, et surtout d&#039;explorer sa capacit\u00e9 de r\u00e9g\u00e9n\u00e9ration ph\u00e9nom\u00e9nale. Un hymne au Vivant, dans ce qu\u2019il a de plus riche, de plus pr\u00e9cieux et n\u00e9cessaire \u00e0 pr\u00e9server si l\u2019on veut survivre, parmi d\u2019autres esp\u00e8ces, sur notre plan\u00e8te bleue.\" \/>\n<meta property=\"og:url\" content=\"https:\/\/maison4tiers.com\/ecrans-solidaires\/product\/locean-vu-du-coeur\/\" \/>\n<meta property=\"og:site_name\" content=\"\u00c9crans solidaires\" \/>\n<meta property=\"article:modified_time\" content=\"2024-07-16T17:19:43+00:00\" \/>\n<meta property=\"og:image\" content=\"https:\/\/maison4tiers.com\/ecrans-solidaires\/wp-content\/uploads\/sites\/76\/2023\/12\/LOVDC_affiche_WEB_LR-scaled.jpg\" \/>\n\t<meta property=\"og:image:width\" content=\"1772\" \/>\n\t<meta property=\"og:image:height\" content=\"2560\" \/>\n\t<meta property=\"og:image:type\" content=\"image\/jpeg\" \/>\n<meta name=\"twitter:card\" content=\"summary_large_image\" \/>\n<meta name=\"twitter:title\" content=\"L&#039;Oc\u00e9an Vu du Coeur\" \/>\n<meta name=\"twitter:description\" content=\"Longtemps, l\u2019Oc\u00e9an nous a paru inalt\u00e9rable et in\u00e9puisable, mais l\u2019impact de nos actions sur sa biodiversit\u00e9 et sa temp\u00e9rature est alarmant. Dans L\u2019Oc\u00e9an vu du c\u0153ur, suite de La Terre vue du c\u0153ur, Hubert Reeves, entour\u00e9 de scientifiques et d\u2019explorateurs passionn\u00e9s, nous propose de red\u00e9couvrir ce qui menace l&#039;oc\u00e9an, et surtout d&#039;explorer sa capacit\u00e9 de r\u00e9g\u00e9n\u00e9ration ph\u00e9nom\u00e9nale. Un hymne au Vivant, dans ce qu\u2019il a de plus riche, de plus pr\u00e9cieux et n\u00e9cessaire \u00e0 pr\u00e9server si l\u2019on veut survivre, parmi d\u2019autres esp\u00e8ces, sur notre plan\u00e8te bleue.\" \/>\n<meta name=\"twitter:image\" content=\"https:\/\/maison4tiers.com\/ecrans-solidaires\/wp-content\/uploads\/sites\/76\/2023\/12\/LOVDC_affiche_WEB_LR-scaled.jpg\" \/>\n<meta name=\"twitter:label1\" content=\"Dur\u00e9e de lecture estim\u00e9e\" \/>\n\t<meta name=\"twitter:data1\" content=\"1 minute\" \/>\n<script type=\"application\/ld+json\" class=\"yoast-schema-graph\">{\"@context\":\"https:\/\/schema.org\",\"@graph\":[{\"@type\":\"WebPage\",\"@id\":\"https:\/\/maison4tiers.com\/ecrans-solidaires\/product\/locean-vu-du-coeur\/\",\"url\":\"https:\/\/maison4tiers.com\/ecrans-solidaires\/product\/locean-vu-du-coeur\/\",\"name\":\"L'Oc\u00e9an Vu du Coeur - \u00c9crans solidaires - Film qu\u00e9b\u00e9cois - Voir le film d\u00e8s maintenant!\",\"isPartOf\":{\"@id\":\"https:\/\/maison4tiers.com\/ecrans-solidaires\/#website\"},\"primaryImageOfPage\":{\"@id\":\"https:\/\/maison4tiers.com\/ecrans-solidaires\/product\/locean-vu-du-coeur\/#primaryimage\"},\"image\":{\"@id\":\"https:\/\/maison4tiers.com\/ecrans-solidaires\/product\/locean-vu-du-coeur\/#primaryimage\"},\"thumbnailUrl\":\"https:\/\/maison4tiers.com\/ecrans-solidaires\/wp-content\/uploads\/sites\/76\/2023\/12\/LOVDC_affiche_WEB_LR-scaled.jpg\",\"datePublished\":\"2023-12-11T21:00:28+00:00\",\"dateModified\":\"2024-07-16T17:19:43+00:00\",\"description\":\"L'Oc\u00e9an Vu du Coeur - Hubert Reeves nous propose de red\u00e9couvrir ce qui menace l'oc\u00e9an, et surtout d'explorer sa capacit\u00e9 de r\u00e9g\u00e9n\u00e9ration ph\u00e9nom\u00e9nale.\",\"breadcrumb\":{\"@id\":\"https:\/\/maison4tiers.com\/ecrans-solidaires\/product\/locean-vu-du-coeur\/#breadcrumb\"},\"inLanguage\":\"fr-FR\",\"potentialAction\":[{\"@type\":\"ReadAction\",\"target\":[\"https:\/\/maison4tiers.com\/ecrans-solidaires\/product\/locean-vu-du-coeur\/\"]}]},{\"@type\":\"ImageObject\",\"inLanguage\":\"fr-FR\",\"@id\":\"https:\/\/maison4tiers.com\/ecrans-solidaires\/product\/locean-vu-du-coeur\/#primaryimage\",\"url\":\"https:\/\/maison4tiers.com\/ecrans-solidaires\/wp-content\/uploads\/sites\/76\/2023\/12\/LOVDC_affiche_WEB_LR-scaled.jpg\",\"contentUrl\":\"https:\/\/maison4tiers.com\/ecrans-solidaires\/wp-content\/uploads\/sites\/76\/2023\/12\/LOVDC_affiche_WEB_LR-scaled.jpg\",\"width\":1772,\"height\":2560},{\"@type\":\"BreadcrumbList\",\"@id\":\"https:\/\/maison4tiers.com\/ecrans-solidaires\/product\/locean-vu-du-coeur\/#breadcrumb\",\"itemListElement\":[{\"@type\":\"ListItem\",\"position\":1,\"name\":\"Home\",\"item\":\"https:\/\/maison4tiers.com\/ecrans-solidaires\/\"},{\"@type\":\"ListItem\",\"position\":2,\"name\":\"Films\",\"item\":\"https:\/\/maison4tiers.com\/ecrans-solidaires\/films\/\"},{\"@type\":\"ListItem\",\"position\":3,\"name\":\"L&#8217;Oc\u00e9an Vu du Coeur\"}]},{\"@type\":\"WebSite\",\"@id\":\"https:\/\/maison4tiers.com\/ecrans-solidaires\/#website\",\"url\":\"https:\/\/maison4tiers.com\/ecrans-solidaires\/\",\"name\":\"\u00c9crans solidaires\",\"description\":\"Distribution multiplateforme de films qu\u00e9b\u00e9cois et internationaux\",\"publisher\":{\"@id\":\"https:\/\/maison4tiers.com\/ecrans-solidaires\/#organization\"},\"potentialAction\":[{\"@type\":\"SearchAction\",\"target\":{\"@type\":\"EntryPoint\",\"urlTemplate\":\"https:\/\/maison4tiers.com\/ecrans-solidaires\/?s={search_term_string}\"},\"query-input\":{\"@type\":\"PropertyValueSpecification\",\"valueRequired\":true,\"valueName\":\"search_term_string\"}}],\"inLanguage\":\"fr-FR\"},{\"@type\":\"Organization\",\"@id\":\"https:\/\/maison4tiers.com\/ecrans-solidaires\/#organization\",\"name\":\"\u00c9crans solidaires\",\"url\":\"https:\/\/maison4tiers.com\/ecrans-solidaires\/\",\"logo\":{\"@type\":\"ImageObject\",\"inLanguage\":\"fr-FR\",\"@id\":\"https:\/\/maison4tiers.com\/ecrans-solidaires\/#\/schema\/logo\/image\/\",\"url\":\"https:\/\/maison4tiers.com\/ecrans-solidaires\/wp-content\/uploads\/sites\/76\/2020\/11\/favicon-196.png\",\"contentUrl\":\"https:\/\/maison4tiers.com\/ecrans-solidaires\/wp-content\/uploads\/sites\/76\/2020\/11\/favicon-196.png\",\"width\":196,\"height\":196,\"caption\":\"\u00c9crans solidaires\"},\"image\":{\"@id\":\"https:\/\/maison4tiers.com\/ecrans-solidaires\/#\/schema\/logo\/image\/\"}}]}<\/script>\n<!-- \/ Yoast SEO plugin. -->","yoast_head_json":{"title":"L'Oc\u00e9an Vu du Coeur - \u00c9crans solidaires - Film qu\u00e9b\u00e9cois - Voir le film d\u00e8s maintenant!","description":"L'Oc\u00e9an Vu du Coeur - Hubert Reeves nous propose de red\u00e9couvrir ce qui menace l'oc\u00e9an, et surtout d'explorer sa capacit\u00e9 de r\u00e9g\u00e9n\u00e9ration ph\u00e9nom\u00e9nale.","robots":{"index":"noindex","follow":"follow","max-snippet":"max-snippet:-1","max-image-preview":"max-image-preview:large","max-video-preview":"max-video-preview:-1"},"og_locale":"fr_FR","og_type":"article","og_title":"L'Oc\u00e9an Vu du coeur","og_description":"Longtemps, l\u2019Oc\u00e9an nous a paru inalt\u00e9rable et in\u00e9puisable, mais l\u2019impact de nos actions sur sa biodiversit\u00e9 et sa temp\u00e9rature est alarmant. Dans L\u2019Oc\u00e9an vu du c\u0153ur, suite de La Terre vue du c\u0153ur, Hubert Reeves, entour\u00e9 de scientifiques et d\u2019explorateurs passionn\u00e9s, nous propose de red\u00e9couvrir ce qui menace l'oc\u00e9an, et surtout d'explorer sa capacit\u00e9 de r\u00e9g\u00e9n\u00e9ration ph\u00e9nom\u00e9nale. Un hymne au Vivant, dans ce qu\u2019il a de plus riche, de plus pr\u00e9cieux et n\u00e9cessaire \u00e0 pr\u00e9server si l\u2019on veut survivre, parmi d\u2019autres esp\u00e8ces, sur notre plan\u00e8te bleue.","og_url":"https:\/\/maison4tiers.com\/ecrans-solidaires\/product\/locean-vu-du-coeur\/","og_site_name":"\u00c9crans solidaires","article_modified_time":"2024-07-16T17:19:43+00:00","og_image":[{"width":1772,"height":2560,"url":"https:\/\/maison4tiers.com\/ecrans-solidaires\/wp-content\/uploads\/sites\/76\/2023\/12\/LOVDC_affiche_WEB_LR-scaled.jpg","type":"image\/jpeg"}],"twitter_card":"summary_large_image","twitter_title":"L'Oc\u00e9an Vu du Coeur","twitter_description":"Longtemps, l\u2019Oc\u00e9an nous a paru inalt\u00e9rable et in\u00e9puisable, mais l\u2019impact de nos actions sur sa biodiversit\u00e9 et sa temp\u00e9rature est alarmant. Dans L\u2019Oc\u00e9an vu du c\u0153ur, suite de La Terre vue du c\u0153ur, Hubert Reeves, entour\u00e9 de scientifiques et d\u2019explorateurs passionn\u00e9s, nous propose de red\u00e9couvrir ce qui menace l'oc\u00e9an, et surtout d'explorer sa capacit\u00e9 de r\u00e9g\u00e9n\u00e9ration ph\u00e9nom\u00e9nale. Un hymne au Vivant, dans ce qu\u2019il a de plus riche, de plus pr\u00e9cieux et n\u00e9cessaire \u00e0 pr\u00e9server si l\u2019on veut survivre, parmi d\u2019autres esp\u00e8ces, sur notre plan\u00e8te bleue.","twitter_image":"https:\/\/maison4tiers.com\/ecrans-solidaires\/wp-content\/uploads\/sites\/76\/2023\/12\/LOVDC_affiche_WEB_LR-scaled.jpg","twitter_misc":{"Dur\u00e9e de lecture estim\u00e9e":"1 minute"},"schema":{"@context":"https:\/\/schema.org","@graph":[{"@type":"WebPage","@id":"https:\/\/maison4tiers.com\/ecrans-solidaires\/product\/locean-vu-du-coeur\/","url":"https:\/\/maison4tiers.com\/ecrans-solidaires\/product\/locean-vu-du-coeur\/","name":"L'Oc\u00e9an Vu du Coeur - \u00c9crans solidaires - Film qu\u00e9b\u00e9cois - Voir le film d\u00e8s maintenant!","isPartOf":{"@id":"https:\/\/maison4tiers.com\/ecrans-solidaires\/#website"},"primaryImageOfPage":{"@id":"https:\/\/maison4tiers.com\/ecrans-solidaires\/product\/locean-vu-du-coeur\/#primaryimage"},"image":{"@id":"https:\/\/maison4tiers.com\/ecrans-solidaires\/product\/locean-vu-du-coeur\/#primaryimage"},"thumbnailUrl":"https:\/\/maison4tiers.com\/ecrans-solidaires\/wp-content\/uploads\/sites\/76\/2023\/12\/LOVDC_affiche_WEB_LR-scaled.jpg","datePublished":"2023-12-11T21:00:28+00:00","dateModified":"2024-07-16T17:19:43+00:00","description":"L'Oc\u00e9an Vu du Coeur - Hubert Reeves nous propose de red\u00e9couvrir ce qui menace l'oc\u00e9an, et surtout d'explorer sa capacit\u00e9 de r\u00e9g\u00e9n\u00e9ration ph\u00e9nom\u00e9nale.","breadcrumb":{"@id":"https:\/\/maison4tiers.com\/ecrans-solidaires\/product\/locean-vu-du-coeur\/#breadcrumb"},"inLanguage":"fr-FR","potentialAction":[{"@type":"ReadAction","target":["https:\/\/maison4tiers.com\/ecrans-solidaires\/product\/locean-vu-du-coeur\/"]}]},{"@type":"ImageObject","inLanguage":"fr-FR","@id":"https:\/\/maison4tiers.com\/ecrans-solidaires\/product\/locean-vu-du-coeur\/#primaryimage","url":"https:\/\/maison4tiers.com\/ecrans-solidaires\/wp-content\/uploads\/sites\/76\/2023\/12\/LOVDC_affiche_WEB_LR-scaled.jpg","contentUrl":"https:\/\/maison4tiers.com\/ecrans-solidaires\/wp-content\/uploads\/sites\/76\/2023\/12\/LOVDC_affiche_WEB_LR-scaled.jpg","width":1772,"height":2560},{"@type":"BreadcrumbList","@id":"https:\/\/maison4tiers.com\/ecrans-solidaires\/product\/locean-vu-du-coeur\/#breadcrumb","itemListElement":[{"@type":"ListItem","position":1,"name":"Home","item":"https:\/\/maison4tiers.com\/ecrans-solidaires\/"},{"@type":"ListItem","position":2,"name":"Films","item":"https:\/\/maison4tiers.com\/ecrans-solidaires\/films\/"},{"@type":"ListItem","position":3,"name":"L&#8217;Oc\u00e9an Vu du Coeur"}]},{"@type":"WebSite","@id":"https:\/\/maison4tiers.com\/ecrans-solidaires\/#website","url":"https:\/\/maison4tiers.com\/ecrans-solidaires\/","name":"\u00c9crans solidaires","description":"Distribution multiplateforme de films qu\u00e9b\u00e9cois et internationaux","publisher":{"@id":"https:\/\/maison4tiers.com\/ecrans-solidaires\/#organization"},"potentialAction":[{"@type":"SearchAction","target":{"@type":"EntryPoint","urlTemplate":"https:\/\/maison4tiers.com\/ecrans-solidaires\/?s={search_term_string}"},"query-input":{"@type":"PropertyValueSpecification","valueRequired":true,"valueName":"search_term_string"}}],"inLanguage":"fr-FR"},{"@type":"Organization","@id":"https:\/\/maison4tiers.com\/ecrans-solidaires\/#organization","name":"\u00c9crans solidaires","url":"https:\/\/maison4tiers.com\/ecrans-solidaires\/","logo":{"@type":"ImageObject","inLanguage":"fr-FR","@id":"https:\/\/maison4tiers.com\/ecrans-solidaires\/#\/schema\/logo\/image\/","url":"https:\/\/maison4tiers.com\/ecrans-solidaires\/wp-content\/uploads\/sites\/76\/2020\/11\/favicon-196.png","contentUrl":"https:\/\/maison4tiers.com\/ecrans-solidaires\/wp-content\/uploads\/sites\/76\/2020\/11\/favicon-196.png","width":196,"height":196,"caption":"\u00c9crans solidaires"},"image":{"@id":"https:\/\/maison4tiers.com\/ecrans-solidaires\/#\/schema\/logo\/image\/"}}]}},"jetpack_sharing_enabled":true,"_links":{"self":[{"href":"https:\/\/maison4tiers.com\/ecrans-solidaires\/wp-json\/wp\/v2\/product\/19832","targetHints":{"allow":["GET"]}}],"collection":[{"href":"https:\/\/maison4tiers.com\/ecrans-solidaires\/wp-json\/wp\/v2\/product"}],"about":[{"href":"https:\/\/maison4tiers.com\/ecrans-solidaires\/wp-json\/wp\/v2\/types\/product"}],"wp:featuredmedia":[{"embeddable":true,"href":"https:\/\/maison4tiers.com\/ecrans-solidaires\/wp-json\/wp\/v2\/media\/19839"}],"wp:attachment":[{"href":"https:\/\/maison4tiers.com\/ecrans-solidaires\/wp-json\/wp\/v2\/media?parent=19832"}],"wp:term":[{"taxonomy":"product_brand","embeddable":true,"href":"https:\/\/maison4tiers.com\/ecrans-solidaires\/wp-json\/wp\/v2\/product_brand?post=19832"},{"taxonomy":"product_cat","embeddable":true,"href":"https:\/\/maison4tiers.com\/ecrans-solidaires\/wp-json\/wp\/v2\/product_cat?post=19832"},{"taxonomy":"product_tag","embeddable":true,"href":"https:\/\/maison4tiers.com\/ecrans-solidaires\/wp-json\/wp\/v2\/product_tag?post=19832"}],"curies":[{"name":"wp","href":"https:\/\/api.w.org\/{rel}","templated":true}]}}