{"id":17075,"date":"2023-08-02T16:27:05","date_gmt":"2023-08-02T20:27:05","guid":{"rendered":"https:\/\/maison4tiers.com\/?post_type=product&#038;p=17075"},"modified":"2024-05-06T16:14:36","modified_gmt":"2024-05-06T20:14:36","slug":"phi-1-618","status":"publish","type":"product","link":"https:\/\/maison4tiers.com\/ecrans-solidaires\/product\/phi-1-618\/","title":{"rendered":"PHI 1.618"},"excerpt":{"rendered":"<h4>MAINTENANT DISPONIBLE EN VID\u00c9O SUR DEMANDE!<\/h4>\n<p>Dans un futur dystopique, le sexe f\u00e9minin et la procr\u00e9ation sont devenus obsol\u00e8tes. La science a cr\u00e9\u00e9 une nation de bio-titans, une race d\u2019hommes asexu\u00e9s et immortels. Alors que la Terre devient toxique, les bio-titans s\u2019empressent de coloniser le cosmos \u00e0 bord d\u2019un colossal vaisseau spatial, n\u2019emportant avec eux qu\u2019un seul corps de femme maintenu \u00e0 peine en vie.<\/p>\n<blockquote><p><em>\u00ab Theodore Ushev [&#8230;] signe ici son premier long m\u00e9trage en prises de vue r\u00e9elles. Le r\u00e9sultat, entre science-fiction, \u201cheroic fantasy\u201d, \u201cspace opera\u201d et conte pour enfants, est un OVNI dot\u00e9 d\u2019une richesse visuelle et sonore sans cesse surprenante..\u00bb<br \/>\n<\/em><a href=\"https:\/\/mediafilm.ca\/2021\/phi-1-618\" target=\"_blank\" rel=\"noopener\">\u2605\u2605\u2605\u2605<strong> \u2013 MEDIAFILM<\/strong><\/a><\/p>\n<p><em>\u00ab <span style=\"font-weight: 400;\">Theodore Ushev s\u2019amuse comme un fou dans\u00a0Phi 1.618, un premier long m\u00e9trage qui pourfend le totalitarisme en place<\/span>. \u00bb<\/em><br \/>\n<a href=\"https:\/\/www.lapresse.ca\/cinema\/entrevues\/2023-04-28\/phi-1-618\/le-plaisir-de-jouer-de-theodore-ushev.php\" target=\"_blank\" rel=\"noopener\">\u2605\u2605\u2605\u2605<strong> \u2013 LA PRESSE<\/strong><\/a><\/p><\/blockquote>\n<p>&nbsp;<\/p>\n<p><a href=\"https:\/\/maison4tiers.com\/films\/\" target=\"_blank\" rel=\"noopener\"><span style=\"text-decoration: underline;\">Voir les autres films<\/span><\/a><\/p>\n<p>*Disponible au Canada seulement<\/p>\n<p>&nbsp;<\/p>\n","protected":false},"featured_media":17082,"template":"","meta":{"_acf_changed":false,"_eb_attr":""},"product_brand":[],"product_cat":[120,45,111,122,131,142],"product_tag":[842,276,841,848,843,839,157,845,844,837,847,846,840,838],"class_list":{"0":"post-17075","1":"product","2":"type-product","3":"status-publish","4":"has-post-thumbnail","6":"product_cat-fiction","7":"product_cat-film","8":"product_cat-film-essai","9":"product_cat-reflexion","10":"product_cat-touslesfilms","11":"product_cat-numerique","12":"product_tag-bulgarie","13":"product_tag-drame","14":"product_tag-dystopie","15":"product_tag-dystopique","16":"product_tag-espace","17":"product_tag-etienne-hansez","18":"product_tag-femme","19":"product_tag-futur","20":"product_tag-homme","21":"product_tag-phi-1-618","22":"product_tag-post-apocalyptique","23":"product_tag-punk","24":"product_tag-science-fiction","25":"product_tag-theodore-ushev","27":"first","28":"instock","29":"taxable","30":"shipping-taxable","31":"purchasable","32":"product-type-variable","33":"has-default-attributes"},"acf":[],"yoast_head":"<!-- This site is optimized with the Yoast SEO plugin v27.0 - https:\/\/yoast.com\/product\/yoast-seo-wordpress\/ -->\n<title>PHI 1.618 - \u00c9crans solidaires - Visionnez le film de Theodore Ushev d\u00e8s maintenant ! -<\/title>\n<meta name=\"description\" content=\"PHI 1.618 - Dans un futur dystopique, le sexe f\u00e9minin est devenu obsol\u00e8te. Alors que la Terre devient toxique, les bio-titans partent coloniser le cosmos.\" \/>\n<meta name=\"robots\" content=\"noindex, follow, max-snippet:-1, max-image-preview:large, max-video-preview:-1\" \/>\n<meta property=\"og:locale\" content=\"fr_FR\" \/>\n<meta property=\"og:type\" content=\"article\" \/>\n<meta property=\"og:title\" content=\"PHI 1.618\" \/>\n<meta property=\"og:description\" content=\"Dans un futur dystopique, le sexe f\u00e9minin et la procr\u00e9ation sont devenus obsol\u00e8tes. La science a cr\u00e9\u00e9 une nation de bio-titans, une race d\u2019hommes asexu\u00e9s et immortels. Alors que la Terre devient toxique, les bio-titans s\u2019empressent de coloniser le cosmos \u00e0 bord d\u2019un colossal vaisseau spatial, n\u2019emportant avec eux qu\u2019un seul corps de femme maintenu \u00e0 peine en vie.\" \/>\n<meta property=\"og:url\" content=\"https:\/\/maison4tiers.com\/ecrans-solidaires\/product\/phi-1-618\/\" \/>\n<meta property=\"og:site_name\" content=\"\u00c9crans solidaires\" \/>\n<meta property=\"article:modified_time\" content=\"2024-05-06T20:14:36+00:00\" \/>\n<meta property=\"og:image\" content=\"https:\/\/maison4tiers.com\/ecrans-solidaires\/wp-content\/uploads\/sites\/76\/2023\/08\/Phi_affiche_WEB_5mai_HR-scaled.jpg\" \/>\n\t<meta property=\"og:image:width\" content=\"1772\" \/>\n\t<meta property=\"og:image:height\" content=\"2560\" \/>\n\t<meta property=\"og:image:type\" content=\"image\/jpeg\" \/>\n<meta name=\"twitter:card\" content=\"summary_large_image\" \/>\n<meta name=\"twitter:title\" content=\"PHI 1.618\" \/>\n<meta name=\"twitter:description\" content=\"Dans un futur dystopique, le sexe f\u00e9minin et la procr\u00e9ation sont devenus obsol\u00e8tes. La science a cr\u00e9\u00e9 une nation de bio-titans, une race d\u2019hommes asexu\u00e9s et immortels. Alors que la Terre devient toxique, les bio-titans s\u2019empressent de coloniser le cosmos \u00e0 bord d\u2019un colossal vaisseau spatial, n\u2019emportant avec eux qu\u2019un seul corps de femme maintenu \u00e0 peine en vie.\" \/>\n<meta name=\"twitter:image\" content=\"https:\/\/maison4tiers.com\/ecrans-solidaires\/wp-content\/uploads\/sites\/76\/2023\/08\/Phi_affiche_WEB_5mai_HR-scaled.jpg\" \/>\n<script type=\"application\/ld+json\" class=\"yoast-schema-graph\">{\"@context\":\"https:\/\/schema.org\",\"@graph\":[{\"@type\":\"WebPage\",\"@id\":\"https:\/\/maison4tiers.com\/ecrans-solidaires\/product\/phi-1-618\/\",\"url\":\"https:\/\/maison4tiers.com\/ecrans-solidaires\/product\/phi-1-618\/\",\"name\":\"PHI 1.618 - \u00c9crans solidaires - Visionnez le film de Theodore Ushev d\u00e8s maintenant ! -\",\"isPartOf\":{\"@id\":\"https:\/\/maison4tiers.com\/ecrans-solidaires\/#website\"},\"primaryImageOfPage\":{\"@id\":\"https:\/\/maison4tiers.com\/ecrans-solidaires\/product\/phi-1-618\/#primaryimage\"},\"image\":{\"@id\":\"https:\/\/maison4tiers.com\/ecrans-solidaires\/product\/phi-1-618\/#primaryimage\"},\"thumbnailUrl\":\"https:\/\/maison4tiers.com\/ecrans-solidaires\/wp-content\/uploads\/sites\/76\/2023\/08\/Phi_affiche_WEB_5mai_HR-scaled.jpg\",\"datePublished\":\"2023-08-02T20:27:05+00:00\",\"dateModified\":\"2024-05-06T20:14:36+00:00\",\"description\":\"PHI 1.618 - Dans un futur dystopique, le sexe f\u00e9minin est devenu obsol\u00e8te. Alors que la Terre devient toxique, les bio-titans partent coloniser le cosmos.\",\"breadcrumb\":{\"@id\":\"https:\/\/maison4tiers.com\/ecrans-solidaires\/product\/phi-1-618\/#breadcrumb\"},\"inLanguage\":\"fr-FR\",\"potentialAction\":[{\"@type\":\"ReadAction\",\"target\":[\"https:\/\/maison4tiers.com\/ecrans-solidaires\/product\/phi-1-618\/\"]}]},{\"@type\":\"ImageObject\",\"inLanguage\":\"fr-FR\",\"@id\":\"https:\/\/maison4tiers.com\/ecrans-solidaires\/product\/phi-1-618\/#primaryimage\",\"url\":\"https:\/\/maison4tiers.com\/ecrans-solidaires\/wp-content\/uploads\/sites\/76\/2023\/08\/Phi_affiche_WEB_5mai_HR-scaled.jpg\",\"contentUrl\":\"https:\/\/maison4tiers.com\/ecrans-solidaires\/wp-content\/uploads\/sites\/76\/2023\/08\/Phi_affiche_WEB_5mai_HR-scaled.jpg\",\"width\":1772,\"height\":2560},{\"@type\":\"BreadcrumbList\",\"@id\":\"https:\/\/maison4tiers.com\/ecrans-solidaires\/product\/phi-1-618\/#breadcrumb\",\"itemListElement\":[{\"@type\":\"ListItem\",\"position\":1,\"name\":\"Home\",\"item\":\"https:\/\/maison4tiers.com\/ecrans-solidaires\/\"},{\"@type\":\"ListItem\",\"position\":2,\"name\":\"Films\",\"item\":\"https:\/\/maison4tiers.com\/ecrans-solidaires\/films\/\"},{\"@type\":\"ListItem\",\"position\":3,\"name\":\"PHI 1.618\"}]},{\"@type\":\"WebSite\",\"@id\":\"https:\/\/maison4tiers.com\/ecrans-solidaires\/#website\",\"url\":\"https:\/\/maison4tiers.com\/ecrans-solidaires\/\",\"name\":\"\u00c9crans solidaires\",\"description\":\"Distribution multiplateforme de films qu\u00e9b\u00e9cois et internationaux\",\"publisher\":{\"@id\":\"https:\/\/maison4tiers.com\/ecrans-solidaires\/#organization\"},\"potentialAction\":[{\"@type\":\"SearchAction\",\"target\":{\"@type\":\"EntryPoint\",\"urlTemplate\":\"https:\/\/maison4tiers.com\/ecrans-solidaires\/?s={search_term_string}\"},\"query-input\":{\"@type\":\"PropertyValueSpecification\",\"valueRequired\":true,\"valueName\":\"search_term_string\"}}],\"inLanguage\":\"fr-FR\"},{\"@type\":\"Organization\",\"@id\":\"https:\/\/maison4tiers.com\/ecrans-solidaires\/#organization\",\"name\":\"\u00c9crans solidaires\",\"url\":\"https:\/\/maison4tiers.com\/ecrans-solidaires\/\",\"logo\":{\"@type\":\"ImageObject\",\"inLanguage\":\"fr-FR\",\"@id\":\"https:\/\/maison4tiers.com\/ecrans-solidaires\/#\/schema\/logo\/image\/\",\"url\":\"https:\/\/maison4tiers.com\/ecrans-solidaires\/wp-content\/uploads\/sites\/76\/2020\/11\/favicon-196.png\",\"contentUrl\":\"https:\/\/maison4tiers.com\/ecrans-solidaires\/wp-content\/uploads\/sites\/76\/2020\/11\/favicon-196.png\",\"width\":196,\"height\":196,\"caption\":\"\u00c9crans solidaires\"},\"image\":{\"@id\":\"https:\/\/maison4tiers.com\/ecrans-solidaires\/#\/schema\/logo\/image\/\"}}]}<\/script>\n<!-- \/ Yoast SEO plugin. -->","yoast_head_json":{"title":"PHI 1.618 - \u00c9crans solidaires - Visionnez le film de Theodore Ushev d\u00e8s maintenant ! -","description":"PHI 1.618 - Dans un futur dystopique, le sexe f\u00e9minin est devenu obsol\u00e8te. Alors que la Terre devient toxique, les bio-titans partent coloniser le cosmos.","robots":{"index":"noindex","follow":"follow","max-snippet":"max-snippet:-1","max-image-preview":"max-image-preview:large","max-video-preview":"max-video-preview:-1"},"og_locale":"fr_FR","og_type":"article","og_title":"PHI 1.618","og_description":"Dans un futur dystopique, le sexe f\u00e9minin et la procr\u00e9ation sont devenus obsol\u00e8tes. La science a cr\u00e9\u00e9 une nation de bio-titans, une race d\u2019hommes asexu\u00e9s et immortels. Alors que la Terre devient toxique, les bio-titans s\u2019empressent de coloniser le cosmos \u00e0 bord d\u2019un colossal vaisseau spatial, n\u2019emportant avec eux qu\u2019un seul corps de femme maintenu \u00e0 peine en vie.","og_url":"https:\/\/maison4tiers.com\/ecrans-solidaires\/product\/phi-1-618\/","og_site_name":"\u00c9crans solidaires","article_modified_time":"2024-05-06T20:14:36+00:00","og_image":[{"width":1772,"height":2560,"url":"https:\/\/maison4tiers.com\/ecrans-solidaires\/wp-content\/uploads\/sites\/76\/2023\/08\/Phi_affiche_WEB_5mai_HR-scaled.jpg","type":"image\/jpeg"}],"twitter_card":"summary_large_image","twitter_title":"PHI 1.618","twitter_description":"Dans un futur dystopique, le sexe f\u00e9minin et la procr\u00e9ation sont devenus obsol\u00e8tes. La science a cr\u00e9\u00e9 une nation de bio-titans, une race d\u2019hommes asexu\u00e9s et immortels. Alors que la Terre devient toxique, les bio-titans s\u2019empressent de coloniser le cosmos \u00e0 bord d\u2019un colossal vaisseau spatial, n\u2019emportant avec eux qu\u2019un seul corps de femme maintenu \u00e0 peine en vie.","twitter_image":"https:\/\/maison4tiers.com\/ecrans-solidaires\/wp-content\/uploads\/sites\/76\/2023\/08\/Phi_affiche_WEB_5mai_HR-scaled.jpg","schema":{"@context":"https:\/\/schema.org","@graph":[{"@type":"WebPage","@id":"https:\/\/maison4tiers.com\/ecrans-solidaires\/product\/phi-1-618\/","url":"https:\/\/maison4tiers.com\/ecrans-solidaires\/product\/phi-1-618\/","name":"PHI 1.618 - \u00c9crans solidaires - Visionnez le film de Theodore Ushev d\u00e8s maintenant ! -","isPartOf":{"@id":"https:\/\/maison4tiers.com\/ecrans-solidaires\/#website"},"primaryImageOfPage":{"@id":"https:\/\/maison4tiers.com\/ecrans-solidaires\/product\/phi-1-618\/#primaryimage"},"image":{"@id":"https:\/\/maison4tiers.com\/ecrans-solidaires\/product\/phi-1-618\/#primaryimage"},"thumbnailUrl":"https:\/\/maison4tiers.com\/ecrans-solidaires\/wp-content\/uploads\/sites\/76\/2023\/08\/Phi_affiche_WEB_5mai_HR-scaled.jpg","datePublished":"2023-08-02T20:27:05+00:00","dateModified":"2024-05-06T20:14:36+00:00","description":"PHI 1.618 - Dans un futur dystopique, le sexe f\u00e9minin est devenu obsol\u00e8te. Alors que la Terre devient toxique, les bio-titans partent coloniser le cosmos.","breadcrumb":{"@id":"https:\/\/maison4tiers.com\/ecrans-solidaires\/product\/phi-1-618\/#breadcrumb"},"inLanguage":"fr-FR","potentialAction":[{"@type":"ReadAction","target":["https:\/\/maison4tiers.com\/ecrans-solidaires\/product\/phi-1-618\/"]}]},{"@type":"ImageObject","inLanguage":"fr-FR","@id":"https:\/\/maison4tiers.com\/ecrans-solidaires\/product\/phi-1-618\/#primaryimage","url":"https:\/\/maison4tiers.com\/ecrans-solidaires\/wp-content\/uploads\/sites\/76\/2023\/08\/Phi_affiche_WEB_5mai_HR-scaled.jpg","contentUrl":"https:\/\/maison4tiers.com\/ecrans-solidaires\/wp-content\/uploads\/sites\/76\/2023\/08\/Phi_affiche_WEB_5mai_HR-scaled.jpg","width":1772,"height":2560},{"@type":"BreadcrumbList","@id":"https:\/\/maison4tiers.com\/ecrans-solidaires\/product\/phi-1-618\/#breadcrumb","itemListElement":[{"@type":"ListItem","position":1,"name":"Home","item":"https:\/\/maison4tiers.com\/ecrans-solidaires\/"},{"@type":"ListItem","position":2,"name":"Films","item":"https:\/\/maison4tiers.com\/ecrans-solidaires\/films\/"},{"@type":"ListItem","position":3,"name":"PHI 1.618"}]},{"@type":"WebSite","@id":"https:\/\/maison4tiers.com\/ecrans-solidaires\/#website","url":"https:\/\/maison4tiers.com\/ecrans-solidaires\/","name":"\u00c9crans solidaires","description":"Distribution multiplateforme de films qu\u00e9b\u00e9cois et internationaux","publisher":{"@id":"https:\/\/maison4tiers.com\/ecrans-solidaires\/#organization"},"potentialAction":[{"@type":"SearchAction","target":{"@type":"EntryPoint","urlTemplate":"https:\/\/maison4tiers.com\/ecrans-solidaires\/?s={search_term_string}"},"query-input":{"@type":"PropertyValueSpecification","valueRequired":true,"valueName":"search_term_string"}}],"inLanguage":"fr-FR"},{"@type":"Organization","@id":"https:\/\/maison4tiers.com\/ecrans-solidaires\/#organization","name":"\u00c9crans solidaires","url":"https:\/\/maison4tiers.com\/ecrans-solidaires\/","logo":{"@type":"ImageObject","inLanguage":"fr-FR","@id":"https:\/\/maison4tiers.com\/ecrans-solidaires\/#\/schema\/logo\/image\/","url":"https:\/\/maison4tiers.com\/ecrans-solidaires\/wp-content\/uploads\/sites\/76\/2020\/11\/favicon-196.png","contentUrl":"https:\/\/maison4tiers.com\/ecrans-solidaires\/wp-content\/uploads\/sites\/76\/2020\/11\/favicon-196.png","width":196,"height":196,"caption":"\u00c9crans solidaires"},"image":{"@id":"https:\/\/maison4tiers.com\/ecrans-solidaires\/#\/schema\/logo\/image\/"}}]}},"jetpack_sharing_enabled":true,"_links":{"self":[{"href":"https:\/\/maison4tiers.com\/ecrans-solidaires\/wp-json\/wp\/v2\/product\/17075","targetHints":{"allow":["GET"]}}],"collection":[{"href":"https:\/\/maison4tiers.com\/ecrans-solidaires\/wp-json\/wp\/v2\/product"}],"about":[{"href":"https:\/\/maison4tiers.com\/ecrans-solidaires\/wp-json\/wp\/v2\/types\/product"}],"wp:featuredmedia":[{"embeddable":true,"href":"https:\/\/maison4tiers.com\/ecrans-solidaires\/wp-json\/wp\/v2\/media\/17082"}],"wp:attachment":[{"href":"https:\/\/maison4tiers.com\/ecrans-solidaires\/wp-json\/wp\/v2\/media?parent=17075"}],"wp:term":[{"taxonomy":"product_brand","embeddable":true,"href":"https:\/\/maison4tiers.com\/ecrans-solidaires\/wp-json\/wp\/v2\/product_brand?post=17075"},{"taxonomy":"product_cat","embeddable":true,"href":"https:\/\/maison4tiers.com\/ecrans-solidaires\/wp-json\/wp\/v2\/product_cat?post=17075"},{"taxonomy":"product_tag","embeddable":true,"href":"https:\/\/maison4tiers.com\/ecrans-solidaires\/wp-json\/wp\/v2\/product_tag?post=17075"}],"curies":[{"name":"wp","href":"https:\/\/api.w.org\/{rel}","templated":true}]}}