{"id":5526,"date":"2021-03-01T16:05:00","date_gmt":"2021-03-01T20:05:00","guid":{"rendered":"https:\/\/maison4tiers.com\/?page_id=5526"},"modified":"2024-01-10T10:38:14","modified_gmt":"2024-01-10T14:38:14","slug":"institutions-publiques-projection","status":"publish","type":"page","link":"https:\/\/maison4tiers.com\/ecrans-solidaires\/institutions-publiques-projection\/","title":{"rendered":"Institutions"},"content":{"rendered":"\t\t<div data-elementor-type=\"wp-page\" data-elementor-id=\"5526\" class=\"elementor elementor-5526\" data-elementor-post-type=\"page\">\n\t\t\t\t\t\t<section data-particle_enable=\"false\" data-particle-mobile-disabled=\"false\" class=\"elementor-section elementor-top-section elementor-element elementor-element-8ccc0e9 elementor-section-boxed elementor-section-height-default elementor-section-height-default qodef-elementor-content-no\" data-id=\"8ccc0e9\" data-element_type=\"section\" data-e-type=\"section\">\n\t\t\t\t\t\t<div class=\"elementor-container elementor-column-gap-default\">\n\t\t\t\t\t<div class=\"elementor-column elementor-col-100 elementor-top-column elementor-element elementor-element-508931a\" data-id=\"508931a\" data-element_type=\"column\" data-e-type=\"column\">\n\t\t\t<div class=\"elementor-widget-wrap elementor-element-populated\">\n\t\t\t\t\t\t<div class=\"elementor-element elementor-element-bad7943 elementor-widget elementor-widget-pelicula_core_section_title\" data-id=\"bad7943\" data-element_type=\"widget\" data-e-type=\"widget\" data-widget_type=\"pelicula_core_section_title.default\">\n\t\t\t\t<div class=\"elementor-widget-container\">\n\t\t\t\t\t<div class=\"qodef-shortcode qodef-m qodef-section-title qodef-alignment--left\" data-holder-options=\"{&quot;line-breaks&quot;:&quot;&quot;}\">\n\t\t<h6 class=\"qodef-m-tagline\" >\n\t\tVOUS SOUHAITEZ ORGANISER UNE \t<\/h6>\n\t    \t<h2 class=\"qodef-m-title\" >\n\t\t\tPROJECTION D\u2019UN DE NOS FILMS ? \t<\/h2>\n    \t<\/div>\t\t\t\t<\/div>\n\t\t\t\t<\/div>\n\t\t\t\t<section data-particle_enable=\"false\" data-particle-mobile-disabled=\"false\" class=\"elementor-section elementor-inner-section elementor-element elementor-element-7c16586 elementor-section-boxed elementor-section-height-default elementor-section-height-default qodef-elementor-content-no\" data-id=\"7c16586\" data-element_type=\"section\" data-e-type=\"section\">\n\t\t\t\t\t\t<div class=\"elementor-container elementor-column-gap-default\">\n\t\t\t\t\t<div class=\"elementor-column elementor-col-50 elementor-inner-column elementor-element elementor-element-0a2737a\" data-id=\"0a2737a\" data-element_type=\"column\" data-e-type=\"column\">\n\t\t\t<div class=\"elementor-widget-wrap elementor-element-populated\">\n\t\t\t\t\t\t<div class=\"elementor-element elementor-element-191f99e elementor-widget elementor-widget-text-editor\" data-id=\"191f99e\" data-element_type=\"widget\" data-e-type=\"widget\" data-widget_type=\"text-editor.default\">\n\t\t\t\t<div class=\"elementor-widget-container\">\n\t\t\t\t\t\t\t\t\t<p>\u00c9crans Solidaires offre la possibilit\u00e9 \u00e0 toutes les<b> institutions publiques (organisme communautaire, festival, \u00e9cole, biblioth\u00e8que, etc.) <\/b>d&rsquo;organiser une <b>projection de film<\/b>. Vous pouvez ainsi offrir \u00e0 vos membres <strong>un moment de partage et de discussion<\/strong><strong> autour d&rsquo;un film.<\/strong><\/p><p>Les films sont de <strong>formidables outils p\u00e9dagogiques <\/strong>pour \u00e9veiller la conscience des spectateur.rice.s! En ce sens, nos documentaires et fictions \u00e9voquent diff\u00e9rents enjeux contemporains (environnement, droit des femmes, inclusion, etc) et portent \u00e0 r\u00e9fl\u00e9chir.<\/p><p>Nous vous offrons la possibilit\u00e9 de faire l\u2019acquisition des <b>droits de diffusion<\/b> d\u2019un ou de plusieurs films et d\u2019organiser une <strong>projection en virtuel ou pr\u00e9sentiel.\u00a0<\/strong>Cette projection peut \u00eatre suivie d\u2019une <strong>table ronde avec l\u2019\u00e9quipe du film (r\u00e9alisateur.rice, producteur.rice, acteur.rice.s) <\/strong>ou avec des <strong>intervenant.e.s ext\u00e9rieur.e.s. <\/strong><\/p><p><strong>Des guides de discussion<\/strong> sont \u00e9galement disponibles avec certains films. Vous y trouverez du contenu et des questions pour initier une discussion post-projection.<\/p><p><b>E<\/b><strong>nseignant.e.s : nous avons aussi des guides p\u00e9dagogiques<\/strong> pour vous aider \u00e0 construire vos cours autour des films.<\/p><p>Si cela vous int\u00e9resse ou si vous voulez avoir plus d&rsquo;informations, merci de nous contacter <strong>par courriel:\u00a0<\/strong><b>cecile@maison4tiers.com<\/b><\/p>\t\t\t\t\t\t\t\t<\/div>\n\t\t\t\t<\/div>\n\t\t\t\t<div class=\"elementor-element elementor-element-11af83b elementor-widget elementor-widget-pelicula_core_button\" data-id=\"11af83b\" data-element_type=\"widget\" data-e-type=\"widget\" data-widget_type=\"pelicula_core_button.default\">\n\t\t\t\t<div class=\"elementor-widget-container\">\n\t\t\t\t\t<a class=\"qodef-shortcode qodef-m qodef-button qodef-layout--filled qodef-html--link\" href=\"https:\/\/maison4tiers.com\/wp-content\/uploads\/sites\/75\/2024\/01\/M4.3_Catalogue_Janvier_2024.pdf\" target=\"_blank\"  >\n\t<span class=\"qodef-m-text\">Acc\u00e9dez \u00e0 l\u2019ensemble de notre catalogue<\/span>\n<\/a>\t\t\t\t<\/div>\n\t\t\t\t<\/div>\n\t\t\t\t\t<\/div>\n\t\t<\/div>\n\t\t\t\t<div class=\"elementor-column elementor-col-50 elementor-inner-column elementor-element elementor-element-557ac44\" data-id=\"557ac44\" data-element_type=\"column\" data-e-type=\"column\">\n\t\t\t<div class=\"elementor-widget-wrap elementor-element-populated\">\n\t\t\t\t\t\t<div class=\"elementor-element elementor-element-c11355f elementor-widget elementor-widget-pelicula_core_image_with_text\" data-id=\"c11355f\" data-element_type=\"widget\" data-e-type=\"widget\" data-widget_type=\"pelicula_core_image_with_text.default\">\n\t\t\t\t<div class=\"elementor-widget-container\">\n\t\t\t\t\t<div class=\"qodef-shortcode qodef-m qodef-image-with-text qodef-layout--text-below\">\n\t<div class=\"qodef-m-image\">\n\t\t\t<img fetchpriority=\"high\" decoding=\"async\" width=\"785\" height=\"835\" src=\"https:\/\/maison4tiers.com\/ecrans-solidaires\/wp-content\/uploads\/sites\/76\/2021\/02\/m4tier-catalogues-fr_3.png\" class=\"attachment-full size-full\" alt=\"Catalogue Institutions Projections\" srcset=\"https:\/\/maison4tiers.com\/ecrans-solidaires\/wp-content\/uploads\/sites\/76\/2021\/02\/m4tier-catalogues-fr_3.png 785w, https:\/\/maison4tiers.com\/ecrans-solidaires\/wp-content\/uploads\/sites\/76\/2021\/02\/m4tier-catalogues-fr_3-600x638.png 600w, https:\/\/maison4tiers.com\/ecrans-solidaires\/wp-content\/uploads\/sites\/76\/2021\/02\/m4tier-catalogues-fr_3-282x300.png 282w, https:\/\/maison4tiers.com\/ecrans-solidaires\/wp-content\/uploads\/sites\/76\/2021\/02\/m4tier-catalogues-fr_3-768x817.png 768w\" sizes=\"(max-width: 785px) 100vw, 785px\" \/>\t<\/div>\t<div class=\"qodef-m-content\">\n\t\t\t\t\t<\/div>\n<\/div>\t\t\t\t<\/div>\n\t\t\t\t<\/div>\n\t\t\t\t\t<\/div>\n\t\t<\/div>\n\t\t\t\t\t<\/div>\n\t\t<\/section>\n\t\t\t\t\t<\/div>\n\t\t<\/div>\n\t\t\t\t\t<\/div>\n\t\t<\/section>\n\t\t\t\t<section data-particle_enable=\"false\" data-particle-mobile-disabled=\"false\" class=\"elementor-section elementor-top-section elementor-element elementor-element-4fc81b1 elementor-section-boxed elementor-section-height-default elementor-section-height-default qodef-elementor-content-no\" data-id=\"4fc81b1\" data-element_type=\"section\" data-e-type=\"section\">\n\t\t\t\t\t\t<div class=\"elementor-container elementor-column-gap-default\">\n\t\t\t\t\t<div class=\"elementor-column elementor-col-100 elementor-top-column elementor-element elementor-element-f16e323\" data-id=\"f16e323\" data-element_type=\"column\" data-e-type=\"column\">\n\t\t\t<div class=\"elementor-widget-wrap elementor-element-populated\">\n\t\t\t\t\t\t<div class=\"elementor-element elementor-element-dcecb6c elementor-widget elementor-widget-pelicula_core_section_title\" data-id=\"dcecb6c\" data-element_type=\"widget\" data-e-type=\"widget\" data-widget_type=\"pelicula_core_section_title.default\">\n\t\t\t\t<div class=\"elementor-widget-container\">\n\t\t\t\t\t<div class=\"qodef-shortcode qodef-m qodef-section-title qodef-alignment--left\" data-holder-options=\"{&quot;line-breaks&quot;:&quot;&quot;}\">\n\t\t<h6 class=\"qodef-m-tagline\" >\n\t\tPOUR QUI ET POUR QUOI ? \t<\/h6>\n\t    \t<h2 class=\"qodef-m-title\" >\n\t\t\tLES DROITS DE PROJECTION\t<\/h2>\n    \t<\/div>\t\t\t\t<\/div>\n\t\t\t\t<\/div>\n\t\t\t\t<div class=\"elementor-element elementor-element-0a397e4 elementor-widget elementor-widget-text-editor\" data-id=\"0a397e4\" data-element_type=\"widget\" data-e-type=\"widget\" data-widget_type=\"text-editor.default\">\n\t\t\t\t<div class=\"elementor-widget-container\">\n\t\t\t\t\t\t\t\t\t<p>Vous souhaitez organiser une projection ou le partage num\u00e9rique de l\u2019un de nos films pour un public? Il vous faut payer obligatoirement une licence de diffusion.<\/p><p>En effet, la <a href=\"https:\/\/cb-cda.gc.ca\/fr\/information-sur-le-droit-dauteur\/lois-et-reglements\/loi-sur-le-droit-dauteur\" target=\"_blank\" rel=\"noopener\">Loi canadienne sur le droit d\u2019auteur<\/a> en vigueur au Canada stipule que toute projection de films dans un lieu public est assujettie \u00e0 l\u2019obtention d\u2019une Licence de Droit de Projection Publique<strong>.<\/strong><\/p><p><strong>Y a-t-il des exceptions ? Oui, deux !<\/strong><\/p><ol><li>Les biblioth\u00e8ques qui acqui\u00e8rent un film uniquement pour le pr\u00eat aux usagers<\/li><li>Les professeurs d\u2019\u00e9tablissements publics qui projettent le film en classe \u00e0 des fins strictement \u00e9ducatives (et non de divertissement) ex : le film \u00ab Antigone \u00bb \u00e9tudi\u00e9 dans le cadre du cours de litt\u00e9rature<\/li><\/ol><p>Dans ces deux cas seulement, le DVD peut s\u2019acheter directement sur <strong><a href=\"\/films\/\" target=\"_blank\" rel=\"noopener\">notre site<\/a>\u00a0<\/strong>ou en librairie. Vous N&rsquo;avez pas besoin de passer par l\u2019acquisition de la licence. Dans tous les autres cas, une licence est requise pour une projection publique.<\/p><p>Une projection publique se d\u00e9finit par \u201ctoute pr\u00e9sentation de film se produisant en dehors d\u2019une habitation priv\u00e9e ou pour un auditoire autre que famille et amis\u201d.<\/p><p>Les pr\u00e9sentations prenant place dans des associations priv\u00e9es, des biblioth\u00e8ques, des amphith\u00e9\u00e2tres, des clubs priv\u00e9s ou des entreprises priv\u00e9es sont \u00e9galement consid\u00e9r\u00e9es comme des pr\u00e9sentations publiques.<\/p><p>Si vous avez un doute ou voulez en discuter, vous pouvez <strong>nous contacter par courriel:\u00a0<\/strong><b>cecile@maison4tiers.com<\/b><\/p>\t\t\t\t\t\t\t\t<\/div>\n\t\t\t\t<\/div>\n\t\t\t\t\t<\/div>\n\t\t<\/div>\n\t\t\t\t\t<\/div>\n\t\t<\/section>\n\t\t\t\t<section data-particle_enable=\"false\" data-particle-mobile-disabled=\"false\" class=\"elementor-section elementor-top-section elementor-element elementor-element-4fe7722 elementor-section-boxed elementor-section-height-default elementor-section-height-default qodef-elementor-content-no\" data-id=\"4fe7722\" data-element_type=\"section\" data-e-type=\"section\" data-settings=\"{&quot;background_background&quot;:&quot;classic&quot;}\">\n\t\t\t\t\t\t<div class=\"elementor-container elementor-column-gap-default\">\n\t\t\t\t\t<div class=\"elementor-column elementor-col-100 elementor-top-column elementor-element elementor-element-a9f6e90\" data-id=\"a9f6e90\" data-element_type=\"column\" data-e-type=\"column\">\n\t\t\t<div class=\"elementor-widget-wrap elementor-element-populated\">\n\t\t\t\t\t\t<div class=\"elementor-element elementor-element-4c4a835 elementor-widget elementor-widget-pelicula_core_section_title\" data-id=\"4c4a835\" data-element_type=\"widget\" data-e-type=\"widget\" data-widget_type=\"pelicula_core_section_title.default\">\n\t\t\t\t<div class=\"elementor-widget-container\">\n\t\t\t\t\t<div class=\"qodef-shortcode qodef-m qodef-section-title qodef-alignment--left\" data-holder-options=\"{&quot;line-breaks&quot;:&quot;&quot;}\">\n\t\t<h6 class=\"qodef-m-tagline\" >\n\t\tS\u00e9lection de films d\u00e9di\u00e9s\t<\/h6>\n\t    \t<h2 class=\"qodef-m-title\" >\n\t\t\tEspace UQAM\t<\/h2>\n    \t<\/div>\t\t\t\t<\/div>\n\t\t\t\t<\/div>\n\t\t\t\t<div class=\"elementor-element elementor-element-35b793a elementor-widget elementor-widget-text-editor\" data-id=\"35b793a\" data-element_type=\"widget\" data-e-type=\"widget\" data-widget_type=\"text-editor.default\">\n\t\t\t\t<div class=\"elementor-widget-container\">\n\t\t\t\t\t\t\t\t\t<p>\u00c9tudiant.e.s et personnel de l\u2019UQAM, acc\u00e9dez \u00e0 une s\u00e9lection de films et documentaires pour votre usage priv\u00e9 ou dans le cadre de vos cours. Pour le mot de passe, veuillez vous r\u00e9f\u00e9rer \u00e0 votre institution.<\/p>\t\t\t\t\t\t\t\t<\/div>\n\t\t\t\t<\/div>\n\t\t\t\t<div class=\"elementor-element elementor-element-9e5dffc elementor-widget elementor-widget-pelicula_core_button\" data-id=\"9e5dffc\" data-element_type=\"widget\" data-e-type=\"widget\" data-widget_type=\"pelicula_core_button.default\">\n\t\t\t\t<div class=\"elementor-widget-container\">\n\t\t\t\t\t<a class=\"qodef-shortcode qodef-m qodef-button qodef-layout--filled qodef-html--link\" href=\"\/uqam\" target=\"_blank\"  >\n\t<span class=\"qodef-m-text\">Acc\u00e9dez \u00e0 l\u2019espace UQAM<\/span>\n<\/a>\t\t\t\t<\/div>\n\t\t\t\t<\/div>\n\t\t\t\t\t<\/div>\n\t\t<\/div>\n\t\t\t\t\t<\/div>\n\t\t<\/section>\n\t\t\t\t<\/div>\n\t\t","protected":false},"excerpt":{"rendered":"<p>VOUS SOUHAITEZ ORGANISER UNE PROJECTION D\u2019UN DE NOS FILMS ? \u00c9crans Solidaires offre la possibilit\u00e9 \u00e0 toutes les institutions publiques (organisme communautaire, festival, \u00e9cole, biblioth\u00e8que, etc.) d&rsquo;organiser une projection de film. Vous pouvez ainsi offrir \u00e0 vos membres un moment de partage et de discussion autour d&rsquo;un film. Les films sont de formidables outils p\u00e9dagogiques [&hellip;]<\/p>\n","protected":false},"author":11,"featured_media":0,"parent":0,"menu_order":0,"comment_status":"closed","ping_status":"closed","template":"","meta":{"_acf_changed":false,"_eb_attr":"","footnotes":""},"class_list":["post-5526","page","type-page","status-publish","hentry"],"acf":[],"yoast_head":"<!-- This site is optimized with the Yoast SEO plugin v27.0 - https:\/\/yoast.com\/product\/yoast-seo-wordpress\/ -->\n<title>Projection d&#039;un film - Institutions publiques - \u00c9crans solidaires<\/title>\n<meta name=\"description\" content=\"Vous souhaitez organiser la projection d&#039;un film de notre catalogue pour une institution? Voici toutes les informations \u00e0 avoir.\" \/>\n<meta name=\"robots\" content=\"noindex, follow, max-snippet:-1, max-image-preview:large, max-video-preview:-1\" \/>\n<meta property=\"og:locale\" content=\"fr_FR\" \/>\n<meta property=\"og:type\" content=\"article\" \/>\n<meta property=\"og:title\" content=\"Projection d&#039;un film - Institutions publiques - \u00c9crans solidaires\" \/>\n<meta property=\"og:description\" content=\"Vous souhaitez organiser la projection d&#039;un film de notre catalogue pour une institution? Voici toutes les informations \u00e0 avoir.\" \/>\n<meta property=\"og:url\" content=\"https:\/\/maison4tiers.com\/ecrans-solidaires\/institutions-publiques-projection\/\" \/>\n<meta property=\"og:site_name\" content=\"\u00c9crans solidaires\" \/>\n<meta property=\"article:modified_time\" content=\"2024-01-10T14:38:14+00:00\" \/>\n<meta property=\"og:image\" content=\"https:\/\/maison4tiers.com\/wp-content\/uploads\/sites\/75\/2021\/02\/m4tier-catalogues-fr_3.png\" \/>\n<meta name=\"twitter:card\" content=\"summary_large_image\" \/>\n<meta name=\"twitter:label1\" content=\"Dur\u00e9e de lecture estim\u00e9e\" \/>\n\t<meta name=\"twitter:data1\" content=\"3 minutes\" \/>\n<script type=\"application\/ld+json\" class=\"yoast-schema-graph\">{\"@context\":\"https:\/\/schema.org\",\"@graph\":[{\"@type\":\"WebPage\",\"@id\":\"https:\/\/maison4tiers.com\/ecrans-solidaires\/institutions-publiques-projection\/\",\"url\":\"https:\/\/maison4tiers.com\/ecrans-solidaires\/institutions-publiques-projection\/\",\"name\":\"Projection d'un film - Institutions publiques - \u00c9crans solidaires\",\"isPartOf\":{\"@id\":\"https:\/\/maison4tiers.com\/ecrans-solidaires\/#website\"},\"primaryImageOfPage\":{\"@id\":\"https:\/\/maison4tiers.com\/ecrans-solidaires\/institutions-publiques-projection\/#primaryimage\"},\"image\":{\"@id\":\"https:\/\/maison4tiers.com\/ecrans-solidaires\/institutions-publiques-projection\/#primaryimage\"},\"thumbnailUrl\":\"https:\/\/maison4tiers.com\/wp-content\/uploads\/sites\/75\/2021\/02\/m4tier-catalogues-fr_3.png\",\"datePublished\":\"2021-03-01T20:05:00+00:00\",\"dateModified\":\"2024-01-10T14:38:14+00:00\",\"description\":\"Vous souhaitez organiser la projection d'un film de notre catalogue pour une institution? Voici toutes les informations \u00e0 avoir.\",\"breadcrumb\":{\"@id\":\"https:\/\/maison4tiers.com\/ecrans-solidaires\/institutions-publiques-projection\/#breadcrumb\"},\"inLanguage\":\"fr-FR\",\"potentialAction\":[{\"@type\":\"ReadAction\",\"target\":[\"https:\/\/maison4tiers.com\/ecrans-solidaires\/institutions-publiques-projection\/\"]}]},{\"@type\":\"ImageObject\",\"inLanguage\":\"fr-FR\",\"@id\":\"https:\/\/maison4tiers.com\/ecrans-solidaires\/institutions-publiques-projection\/#primaryimage\",\"url\":\"https:\/\/maison4tiers.com\/wp-content\/uploads\/sites\/75\/2021\/02\/m4tier-catalogues-fr_3.png\",\"contentUrl\":\"https:\/\/maison4tiers.com\/wp-content\/uploads\/sites\/75\/2021\/02\/m4tier-catalogues-fr_3.png\"},{\"@type\":\"BreadcrumbList\",\"@id\":\"https:\/\/maison4tiers.com\/ecrans-solidaires\/institutions-publiques-projection\/#breadcrumb\",\"itemListElement\":[{\"@type\":\"ListItem\",\"position\":1,\"name\":\"Home\",\"item\":\"https:\/\/maison4tiers.com\/ecrans-solidaires\/\"},{\"@type\":\"ListItem\",\"position\":2,\"name\":\"Institutions\"}]},{\"@type\":\"WebSite\",\"@id\":\"https:\/\/maison4tiers.com\/ecrans-solidaires\/#website\",\"url\":\"https:\/\/maison4tiers.com\/ecrans-solidaires\/\",\"name\":\"\u00c9crans solidaires\",\"description\":\"Distribution multiplateforme de films qu\u00e9b\u00e9cois et internationaux\",\"publisher\":{\"@id\":\"https:\/\/maison4tiers.com\/ecrans-solidaires\/#organization\"},\"potentialAction\":[{\"@type\":\"SearchAction\",\"target\":{\"@type\":\"EntryPoint\",\"urlTemplate\":\"https:\/\/maison4tiers.com\/ecrans-solidaires\/?s={search_term_string}\"},\"query-input\":{\"@type\":\"PropertyValueSpecification\",\"valueRequired\":true,\"valueName\":\"search_term_string\"}}],\"inLanguage\":\"fr-FR\"},{\"@type\":\"Organization\",\"@id\":\"https:\/\/maison4tiers.com\/ecrans-solidaires\/#organization\",\"name\":\"\u00c9crans solidaires\",\"url\":\"https:\/\/maison4tiers.com\/ecrans-solidaires\/\",\"logo\":{\"@type\":\"ImageObject\",\"inLanguage\":\"fr-FR\",\"@id\":\"https:\/\/maison4tiers.com\/ecrans-solidaires\/#\/schema\/logo\/image\/\",\"url\":\"https:\/\/maison4tiers.com\/ecrans-solidaires\/wp-content\/uploads\/sites\/76\/2020\/11\/favicon-196.png\",\"contentUrl\":\"https:\/\/maison4tiers.com\/ecrans-solidaires\/wp-content\/uploads\/sites\/76\/2020\/11\/favicon-196.png\",\"width\":196,\"height\":196,\"caption\":\"\u00c9crans solidaires\"},\"image\":{\"@id\":\"https:\/\/maison4tiers.com\/ecrans-solidaires\/#\/schema\/logo\/image\/\"}}]}<\/script>\n<!-- \/ Yoast SEO plugin. -->","yoast_head_json":{"title":"Projection d'un film - Institutions publiques - \u00c9crans solidaires","description":"Vous souhaitez organiser la projection d'un film de notre catalogue pour une institution? Voici toutes les informations \u00e0 avoir.","robots":{"index":"noindex","follow":"follow","max-snippet":"max-snippet:-1","max-image-preview":"max-image-preview:large","max-video-preview":"max-video-preview:-1"},"og_locale":"fr_FR","og_type":"article","og_title":"Projection d'un film - Institutions publiques - \u00c9crans solidaires","og_description":"Vous souhaitez organiser la projection d'un film de notre catalogue pour une institution? Voici toutes les informations \u00e0 avoir.","og_url":"https:\/\/maison4tiers.com\/ecrans-solidaires\/institutions-publiques-projection\/","og_site_name":"\u00c9crans solidaires","article_modified_time":"2024-01-10T14:38:14+00:00","og_image":[{"url":"https:\/\/maison4tiers.com\/wp-content\/uploads\/sites\/75\/2021\/02\/m4tier-catalogues-fr_3.png","type":"","width":"","height":""}],"twitter_card":"summary_large_image","twitter_misc":{"Dur\u00e9e de lecture estim\u00e9e":"3 minutes"},"schema":{"@context":"https:\/\/schema.org","@graph":[{"@type":"WebPage","@id":"https:\/\/maison4tiers.com\/ecrans-solidaires\/institutions-publiques-projection\/","url":"https:\/\/maison4tiers.com\/ecrans-solidaires\/institutions-publiques-projection\/","name":"Projection d'un film - Institutions publiques - \u00c9crans solidaires","isPartOf":{"@id":"https:\/\/maison4tiers.com\/ecrans-solidaires\/#website"},"primaryImageOfPage":{"@id":"https:\/\/maison4tiers.com\/ecrans-solidaires\/institutions-publiques-projection\/#primaryimage"},"image":{"@id":"https:\/\/maison4tiers.com\/ecrans-solidaires\/institutions-publiques-projection\/#primaryimage"},"thumbnailUrl":"https:\/\/maison4tiers.com\/wp-content\/uploads\/sites\/75\/2021\/02\/m4tier-catalogues-fr_3.png","datePublished":"2021-03-01T20:05:00+00:00","dateModified":"2024-01-10T14:38:14+00:00","description":"Vous souhaitez organiser la projection d'un film de notre catalogue pour une institution? Voici toutes les informations \u00e0 avoir.","breadcrumb":{"@id":"https:\/\/maison4tiers.com\/ecrans-solidaires\/institutions-publiques-projection\/#breadcrumb"},"inLanguage":"fr-FR","potentialAction":[{"@type":"ReadAction","target":["https:\/\/maison4tiers.com\/ecrans-solidaires\/institutions-publiques-projection\/"]}]},{"@type":"ImageObject","inLanguage":"fr-FR","@id":"https:\/\/maison4tiers.com\/ecrans-solidaires\/institutions-publiques-projection\/#primaryimage","url":"https:\/\/maison4tiers.com\/wp-content\/uploads\/sites\/75\/2021\/02\/m4tier-catalogues-fr_3.png","contentUrl":"https:\/\/maison4tiers.com\/wp-content\/uploads\/sites\/75\/2021\/02\/m4tier-catalogues-fr_3.png"},{"@type":"BreadcrumbList","@id":"https:\/\/maison4tiers.com\/ecrans-solidaires\/institutions-publiques-projection\/#breadcrumb","itemListElement":[{"@type":"ListItem","position":1,"name":"Home","item":"https:\/\/maison4tiers.com\/ecrans-solidaires\/"},{"@type":"ListItem","position":2,"name":"Institutions"}]},{"@type":"WebSite","@id":"https:\/\/maison4tiers.com\/ecrans-solidaires\/#website","url":"https:\/\/maison4tiers.com\/ecrans-solidaires\/","name":"\u00c9crans solidaires","description":"Distribution multiplateforme de films qu\u00e9b\u00e9cois et internationaux","publisher":{"@id":"https:\/\/maison4tiers.com\/ecrans-solidaires\/#organization"},"potentialAction":[{"@type":"SearchAction","target":{"@type":"EntryPoint","urlTemplate":"https:\/\/maison4tiers.com\/ecrans-solidaires\/?s={search_term_string}"},"query-input":{"@type":"PropertyValueSpecification","valueRequired":true,"valueName":"search_term_string"}}],"inLanguage":"fr-FR"},{"@type":"Organization","@id":"https:\/\/maison4tiers.com\/ecrans-solidaires\/#organization","name":"\u00c9crans solidaires","url":"https:\/\/maison4tiers.com\/ecrans-solidaires\/","logo":{"@type":"ImageObject","inLanguage":"fr-FR","@id":"https:\/\/maison4tiers.com\/ecrans-solidaires\/#\/schema\/logo\/image\/","url":"https:\/\/maison4tiers.com\/ecrans-solidaires\/wp-content\/uploads\/sites\/76\/2020\/11\/favicon-196.png","contentUrl":"https:\/\/maison4tiers.com\/ecrans-solidaires\/wp-content\/uploads\/sites\/76\/2020\/11\/favicon-196.png","width":196,"height":196,"caption":"\u00c9crans solidaires"},"image":{"@id":"https:\/\/maison4tiers.com\/ecrans-solidaires\/#\/schema\/logo\/image\/"}}]}},"jetpack_sharing_enabled":true,"_links":{"self":[{"href":"https:\/\/maison4tiers.com\/ecrans-solidaires\/wp-json\/wp\/v2\/pages\/5526","targetHints":{"allow":["GET"]}}],"collection":[{"href":"https:\/\/maison4tiers.com\/ecrans-solidaires\/wp-json\/wp\/v2\/pages"}],"about":[{"href":"https:\/\/maison4tiers.com\/ecrans-solidaires\/wp-json\/wp\/v2\/types\/page"}],"author":[{"embeddable":true,"href":"https:\/\/maison4tiers.com\/ecrans-solidaires\/wp-json\/wp\/v2\/users\/11"}],"replies":[{"embeddable":true,"href":"https:\/\/maison4tiers.com\/ecrans-solidaires\/wp-json\/wp\/v2\/comments?post=5526"}],"version-history":[{"count":0,"href":"https:\/\/maison4tiers.com\/ecrans-solidaires\/wp-json\/wp\/v2\/pages\/5526\/revisions"}],"wp:attachment":[{"href":"https:\/\/maison4tiers.com\/ecrans-solidaires\/wp-json\/wp\/v2\/media?parent=5526"}],"curies":[{"name":"wp","href":"https:\/\/api.w.org\/{rel}","templated":true}]}}